This is the mail archive of the gcc-testresults@gcc.gnu.org mailing list for the GCC project.
Index Nav: | [Date Index] [Subject Index] [Author Index] [Thread Index] | |
---|---|---|
Message Nav: | [Date Prev] [Date Next] | [Thread Prev] [Thread Next] |
Other format: | [Raw text] |
LAST_UPDATED: Sun Apr 17 08:17:43 UTC 2005 Native configuration is ia64-hp-hpux11.23 === g++ tests === Running target unix/-milp32 FAIL: g++.dg/opt/longbranch1.C (test for excess errors) XPASS: g++.dg/other/packed1.C execution test FAIL: g++.dg/warn/weak1.C (test for excess errors) WARNING: g++.dg/warn/weak1.C compilation failed to produce executable FAIL: g++.old-deja/g++.eh/badalloc1.C execution test FAIL: g++.old-deja/g++.law/profile1.C execution test === g++ Summary for unix/-milp32 === # of expected passes 10398 # of unexpected failures 4 # of unexpected successes 1 # of expected failures 74 # of unsupported tests 100 Running target unix/-mlp64 FAIL: g++.dg/opt/longbranch1.C (test for excess errors) XPASS: g++.dg/other/packed1.C execution test FAIL: g++.dg/warn/weak1.C (test for excess errors) WARNING: g++.dg/warn/weak1.C compilation failed to produce executable FAIL: g++.old-deja/g++.eh/badalloc1.C execution test FAIL: g++.old-deja/g++.law/profile1.C execution test === g++ Summary for unix/-mlp64 === # of expected passes 10366 # of unexpected failures 4 # of unexpected successes 1 # of expected failures 74 # of unsupported tests 102 === g++ Summary === # of expected passes 20764 # of unexpected failures 8 # of unexpected successes 2 # of expected failures 148 # of unsupported tests 202 /scratch/gcc/nightly-2005-04-17-4.0/ia64-hp-hpux11.23/build_gcc/build/gcc/testsuite/../g++ version 4.0.0 20050417 (prerelease) === gcc tests === Running target unix/-milp32 FAIL: gcc.dg/20020219-1.c execution test FAIL: gcc.dg/20021014-1.c execution test FAIL: gcc.dg/builtin-apply4.c execution test FAIL: gcc.dg/cleanup-5.c (test for excess errors) WARNING: gcc.dg/cleanup-5.c compilation failed to produce executable FAIL: gcc.dg/ia64-fptr-1.c (test for excess errors) WARNING: gcc.dg/ia64-fptr-1.c compilation failed to produce executable FAIL: gcc.dg/nest.c execution test FAIL: gcc.dg/transparent-union-1.c (test for excess errors) FAIL: gcc.dg/transparent-union-2.c (test for excess errors) FAIL: largefile.c -O0 -g (test for excess errors) FAIL: largefile.c -O0 (test for excess errors) FAIL: largefile.c -O1 (test for excess errors) FAIL: largefile.c -O2 (test for excess errors) FAIL: largefile.c -O3 -fomit-frame-pointer (test for excess errors) FAIL: largefile.c -O3 -g (test for excess errors) FAIL: largefile.c -Os (test for excess errors) XPASS: gcc.dg/vect/vect-22.c scan-tree-dump-times vectorized 3 loops 1 XPASS: gcc.dg/vect/vect-44.c scan-tree-dump-times Alignment of access forced using peeling 1 XPASS: gcc.dg/vect/vect-50.c scan-tree-dump-times Alignment of access forced using peeling 1 XPASS: gcc.dg/vect/vect-54.c scan-tree-dump-times Alignment of access forced using peeling 1 XPASS: gcc.dg/vect/vect-58.c scan-tree-dump-times Alignment of access forced using peeling 1 FAIL: gcc.dg/vect/vect-76.c execution test === gcc Summary for unix/-milp32 === # of expected passes 32805 # of unexpected failures 16 # of unexpected successes 5 # of expected failures 133 # of untested testcases 35 # of unsupported tests 485 Running target unix/-mlp64 FAIL: gcc.dg/20021014-1.c execution test FAIL: gcc.dg/builtin-apply4.c execution test FAIL: gcc.dg/cleanup-5.c (test for excess errors) WARNING: gcc.dg/cleanup-5.c compilation failed to produce executable FAIL: gcc.dg/ia64-fptr-1.c (test for excess errors) WARNING: gcc.dg/ia64-fptr-1.c compilation failed to produce executable WARNING: program timed out. FAIL: gcc.dg/nest.c execution test FAIL: gcc.dg/transparent-union-1.c (test for excess errors) FAIL: gcc.dg/transparent-union-2.c (test for excess errors) FAIL: largefile.c -O0 -g (test for excess errors) FAIL: largefile.c -O0 (test for excess errors) FAIL: largefile.c -O1 (test for excess errors) FAIL: largefile.c -O2 (test for excess errors) FAIL: largefile.c -O3 -fomit-frame-pointer (test for excess errors) FAIL: largefile.c -O3 -g (test for excess errors) FAIL: largefile.c -Os (test for excess errors) XPASS: gcc.dg/vect/vect-22.c scan-tree-dump-times vectorized 3 loops 1 XPASS: gcc.dg/vect/vect-44.c scan-tree-dump-times Alignment of access forced using peeling 1 XPASS: gcc.dg/vect/vect-50.c scan-tree-dump-times Alignment of access forced using peeling 1 XPASS: gcc.dg/vect/vect-54.c scan-tree-dump-times Alignment of access forced using peeling 1 XPASS: gcc.dg/vect/vect-58.c scan-tree-dump-times Alignment of access forced using peeling 1 FAIL: gcc.dg/vect/vect-76.c execution test === gcc Summary for unix/-mlp64 === # of expected passes 32805 # of unexpected failures 15 # of unexpected successes 5 # of expected failures 133 # of untested testcases 35 # of unsupported tests 486 === gcc Summary === # of expected passes 65610 # of unexpected failures 31 # of unexpected successes 10 # of expected failures 266 # of untested testcases 70 # of unsupported tests 971 /scratch/gcc/nightly-2005-04-17-4.0/ia64-hp-hpux11.23/build_gcc/build/gcc/xgcc version 4.0.0 20050417 (prerelease) === libstdc++ tests === Running target unix/-milp32 === libstdc++ Summary for unix/-milp32 === # of expected passes 2531 # of expected failures 11 # of unsupported tests 10 Running target unix/-mlp64 === libstdc++ Summary for unix/-mlp64 === # of expected passes 2531 # of expected failures 11 # of unsupported tests 10 === libstdc++ Summary === # of expected passes 5062 # of expected failures 22 # of unsupported tests 20 Compiler version: 4.0.0 20050417 (prerelease) Platform: ia64-hp-hpux11.23 configure flags: --prefix=/scratch/gcc/nightly-2005-04-17-4.0/ia64-hp-hpux11.23/build_gcc/install --enable-threads --disable-libmudflap --with-gnu-as --with-as=/usr/local/tools/gcc-3.3.1/bin/as --enable-languages=c,c++
Index Nav: | [Date Index] [Subject Index] [Author Index] [Thread Index] | |
---|---|---|
Message Nav: | [Date Prev] [Date Next] | [Thread Prev] [Thread Next] |