This is the mail archive of the gcc-testresults@gcc.gnu.org mailing list for the GCC project.
Index Nav: | [Date Index] [Subject Index] [Author Index] [Thread Index] | |
---|---|---|
Message Nav: | [Date Prev] [Date Next] | [Thread Prev] [Thread Next] |
Other format: | [Raw text] |
LAST_UPDATED: Thu Apr 14 22:45:48 UTC 2005 Native configuration is ia64-unknown-linux-gnu === gcc tests === Running target unix FAIL: gcc.dg/20021014-1.c (test for excess errors) FAIL: gcc.dg/builtin-apply4.c execution test FAIL: gcc.dg/nest.c (test for excess errors) FAIL: gcc.dg/uninit-1.c uninitialized variable warning (test for bogus messages, line 16) FAIL: gcc.dg/torture/asm-subreg-1.c (test for excess errors) FAIL: gcc.dg/torture/asm-subreg-1.c (test for excess errors) FAIL: gcc.dg/torture/asm-subreg-1.c (test for excess errors) FAIL: gcc.dg/torture/asm-subreg-1.c (test for excess errors) XPASS: gcc.dg/tree-ssa/loop-1.c scan-assembler-times foo 5 FAIL: gcc.dg/tree-ssa/loop-4.c scan-tree-dump-times iter 0 XPASS: gcc.dg/vect/vect-22.c scan-tree-dump-times vectorized 3 loops 1 XPASS: gcc.dg/vect/vect-30.c scan-tree-dump-times vectorized 1 loops 2 XPASS: gcc.dg/vect/vect-67.c scan-tree-dump-times vectorized 1 loops 1 XPASS: gcc.dg/vect/vect-8.c scan-tree-dump-times vectorized 1 loops 1 FAIL: gcc.dg/vect/vect-92.c execution test XPASS: gcc.dg/vect/vect-dv-2.c scan-tree-dump-times vectorized 2 loops 1 XPASS: gcc.dg/vect/vect-ifcvt-1.c scan-tree-dump-times vectorized 2 loops 1 FAIL: gcc.dg/vect/vect-none.c (test for excess errors) === gcc Summary === # of expected passes 33454 # of unexpected failures 11 # of unexpected successes 7 # of expected failures 132 # of untested testcases 28 # of unsupported tests 482 /export/build/gnu/gcc/build-ia64-linux/gcc/xgcc version 4.1.0 20050414 (experimental) === gfortran tests === Running target unix XPASS: gfortran.dg/ret_pointer_1.f90 execution test XPASS: gfortran.dg/ret_pointer_1.f90 execution test XPASS: gfortran.dg/ret_pointer_1.f90 execution test XPASS: gfortran.dg/ret_pointer_1.f90 execution test XPASS: gfortran.dg/ret_pointer_1.f90 execution test XPASS: gfortran.dg/ret_pointer_1.f90 execution test XPASS: gfortran.dg/ret_pointer_1.f90 execution test XPASS: gfortran.dg/ret_pointer_1.f90 execution test FAIL: gfortran.fortran-torture/execute/forall_3.f90 execution, -O0 FAIL: gfortran.fortran-torture/execute/forall_3.f90 execution, -O1 FAIL: gfortran.fortran-torture/execute/forall_3.f90 execution, -O2 FAIL: gfortran.fortran-torture/execute/forall_3.f90 execution, -O3 -fomit-frame-pointer FAIL: gfortran.fortran-torture/execute/forall_3.f90 execution, -O3 -fomit-frame-pointer -funroll-loops FAIL: gfortran.fortran-torture/execute/forall_3.f90 execution, -O3 -fomit-frame-pointer -funroll-all-loops -finline-functions FAIL: gfortran.fortran-torture/execute/forall_3.f90 execution, -O3 -g FAIL: gfortran.fortran-torture/execute/forall_3.f90 execution, -Os === gfortran Summary === # of expected passes 6000 # of unexpected failures 8 # of unexpected successes 8 # of expected failures 30 # of unsupported tests 16 /export/build/gnu/gcc/build-ia64-linux/gcc/testsuite/../gfortran version 4.1.0 20050414 (experimental) === g++ tests === Running target unix WARNING: program timed out. FAIL: g++.dg/opt/longbranch1.C (test for excess errors) FAIL: g++.dg/other/stdarg3.C (test for excess errors) FAIL: g++.old-deja/g++.law/profile1.C (test for excess errors) === g++ Summary === # of expected passes 10514 # of unexpected failures 3 # of expected failures 66 # of unsupported tests 95 /export/build/gnu/gcc/build-ia64-linux/gcc/testsuite/../g++ version 4.1.0 20050414 (experimental) === objc tests === Running target unix === objc Summary === # of expected passes 1532 # of unsupported tests 12 /export/build/gnu/gcc/build-ia64-linux/gcc/xgcc version 4.1.0 20050414 (experimental) === libffi tests === Running target unix === libffi Summary === # of expected passes 219 # of unsupported tests 2 === libjava tests === Running target unix FAIL: PR9577 run FAIL: longfield run FAIL: shortfield run FAIL: simple run FAIL: /net/gnu/export/gnu/src/gcc/gcc/libjava/testsuite/libjava.jar/simple.jar execution - gij test FAIL: PR15133 run FAIL: PR18116 run FAIL: bytebuffer run FAIL: calls run FAIL: cxxtest run FAIL: directbuffer run FAIL: field run FAIL: final_method run FAIL: findclass run FAIL: iface run FAIL: invoke run FAIL: jniutf run FAIL: martin run FAIL: noclass run FAIL: overload run FAIL: pr11951 run FAIL: register run FAIL: simple_int run FAIL: throwit run FAIL: virtual run FAIL: PR16923 run FAIL: ArrayStore execution - source compiled test FAIL: ArrayStore execution - gij test FAIL: ArrayStore execution - bytecode->native test FAIL: ArrayStore -O3 execution - source compiled test FAIL: ArrayStore execution - gij test FAIL: ArrayStore -O3 execution - bytecode->native test FAIL: ArrayStore2 execution - source compiled test FAIL: ArrayStore2 execution - gij test FAIL: ArrayStore2 execution - bytecode->native test FAIL: ArrayStore2 -O3 execution - source compiled test FAIL: ArrayStore2 execution - gij test FAIL: ArrayStore2 -O3 execution - bytecode->native test FAIL: Array_1 execution - source compiled test FAIL: Array_1 execution - gij test FAIL: Array_1 execution - bytecode->native test FAIL: Array_1 -O3 execution - source compiled test FAIL: Array_1 execution - gij test FAIL: Array_1 -O3 execution - bytecode->native test FAIL: Array_2 execution - source compiled test FAIL: Array_2 execution - gij test FAIL: Array_2 execution - bytecode->native test FAIL: Array_2 -O3 execution - source compiled test FAIL: Array_2 execution - gij test FAIL: Array_2 -O3 execution - bytecode->native test FAIL: Array_3 execution - source compiled test FAIL: Array_3 execution - gij test FAIL: Array_3 execution - bytecode->native test FAIL: Array_3 -O3 execution - source compiled test FAIL: Array_3 execution - gij test FAIL: Array_3 -O3 execution - bytecode->native test FAIL: Class_1 execution - source compiled test FAIL: Class_1 execution - gij test FAIL: Class_1 execution - bytecode->native test FAIL: Class_1 -O3 execution - source compiled test FAIL: Class_1 execution - gij test FAIL: Class_1 -O3 execution - bytecode->native test FAIL: CompareNaN execution - source compiled test FAIL: CompareNaN execution - gij test FAIL: CompareNaN execution - bytecode->native test FAIL: CompareNaN -O3 execution - source compiled test FAIL: CompareNaN execution - gij test FAIL: CompareNaN -O3 execution - bytecode->native test FAIL: Divide_1 execution - source compiled test FAIL: Divide_1 execution - gij test FAIL: Divide_1 execution - bytecode->native test FAIL: Divide_1 -O3 execution - source compiled test FAIL: Divide_1 execution - gij test FAIL: Divide_1 -O3 execution - bytecode->native test FAIL: EvaluationOrder execution - source compiled test FAIL: EvaluationOrder execution - gij test FAIL: EvaluationOrder execution - bytecode->native test FAIL: EvaluationOrder -O3 execution - source compiled test FAIL: EvaluationOrder execution - gij test FAIL: EvaluationOrder -O3 execution - bytecode->native test FAIL: FileHandleGcTest execution - source compiled test FAIL: FileHandleGcTest execution - gij test FAIL: FileHandleGcTest execution - bytecode->native test FAIL: FileHandleGcTest -O3 execution - source compiled test FAIL: FileHandleGcTest execution - gij test FAIL: FileHandleGcTest -O3 execution - bytecode->native test FAIL: Final execution - source compiled test FAIL: Final execution - gij test FAIL: Final execution - bytecode->native test FAIL: Final -O3 execution - source compiled test FAIL: Final execution - gij test FAIL: Final -O3 execution - bytecode->native test FAIL: Float_1 execution - source compiled test FAIL: Float_1 execution - gij test FAIL: Float_1 execution - bytecode->native test FAIL: Float_1 -O3 execution - source compiled test FAIL: Float_1 execution - gij test FAIL: Float_1 -O3 execution - bytecode->native test FAIL: G19990301_01 execution - source compiled test FAIL: G19990301_01 execution - gij test FAIL: G19990301_01 execution - bytecode->native test FAIL: G19990301_01 -O3 execution - source compiled test FAIL: G19990301_01 execution - gij test FAIL: G19990301_01 -O3 execution - bytecode->native test FAIL: G19990302_02 execution - source compiled test FAIL: G19990302_02 execution - gij test FAIL: G19990302_02 execution - bytecode->native test FAIL: G19990302_02 -O3 execution - source compiled test FAIL: G19990302_02 execution - gij test FAIL: G19990302_02 -O3 execution - bytecode->native test FAIL: G19990303_01 execution - source compiled test FAIL: G19990303_01 execution - gij test FAIL: G19990303_01 execution - bytecode->native test FAIL: G19990303_01 -O3 execution - source compiled test FAIL: G19990303_01 execution - gij test FAIL: G19990303_01 -O3 execution - bytecode->native test FAIL: G19990303_02 execution - source compiled test FAIL: G19990303_02 execution - gij test FAIL: G19990303_02 execution - bytecode->native test FAIL: G19990303_02 -O3 execution - source compiled test FAIL: G19990303_02 execution - gij test FAIL: G19990303_02 -O3 execution - bytecode->native test FAIL: G19990304_01 execution - source compiled test FAIL: G19990304_01 execution - gij test FAIL: G19990304_01 execution - bytecode->native test FAIL: G19990304_01 -O3 execution - source compiled test FAIL: G19990304_01 execution - gij test FAIL: G19990304_01 -O3 execution - bytecode->native test FAIL: G19990310_01 execution - source compiled test FAIL: G19990310_01 execution - gij test FAIL: G19990310_01 execution - bytecode->native test FAIL: G19990310_01 -O3 execution - source compiled test FAIL: G19990310_01 execution - gij test FAIL: G19990310_01 -O3 execution - bytecode->native test FAIL: II execution - source compiled test FAIL: II execution - gij test FAIL: II execution - bytecode->native test FAIL: II -O3 execution - source compiled test FAIL: II execution - gij test FAIL: II -O3 execution - bytecode->native test FAIL: InterfaceDispatch execution - source compiled test FAIL: InterfaceDispatch execution - gij test FAIL: InterfaceDispatch execution - bytecode->native test FAIL: InterfaceDispatch -O3 execution - source compiled test FAIL: InterfaceDispatch execution - gij test FAIL: InterfaceDispatch -O3 execution - bytecode->native test FAIL: InvokeInterface execution - source compiled test FAIL: InvokeInterface execution - gij test FAIL: InvokeInterface execution - bytecode->native test FAIL: InvokeInterface -O3 execution - source compiled test FAIL: InvokeInterface execution - gij test FAIL: InvokeInterface -O3 execution - bytecode->native test FAIL: InvokeReturn execution - source compiled test FAIL: InvokeReturn execution - gij test FAIL: InvokeReturn execution - bytecode->native test FAIL: InvokeReturn -O3 execution - source compiled test FAIL: InvokeReturn execution - gij test FAIL: InvokeReturn -O3 execution - bytecode->native test FAIL: Invoke_1 execution - source compiled test FAIL: Invoke_1 execution - gij test FAIL: Invoke_1 execution - bytecode->native test FAIL: Invoke_1 -O3 execution - source compiled test FAIL: Invoke_1 execution - gij test FAIL: Invoke_1 -O3 execution - bytecode->native test FAIL: Invoke_2 execution - source compiled test FAIL: Invoke_2 execution - gij test FAIL: Invoke_2 execution - bytecode->native test FAIL: Invoke_2 -O3 execution - source compiled test FAIL: Invoke_2 execution - gij test FAIL: Invoke_2 -O3 execution - bytecode->native test FAIL: KeepInline execution - source compiled test FAIL: KeepInline execution - gij test FAIL: KeepInline execution - bytecode->native test FAIL: KeepInline -O3 execution - source compiled test FAIL: KeepInline execution - gij test FAIL: KeepInline -O3 execution - bytecode->native test FAIL: LargeFile execution - source compiled test FAIL: LargeFile execution - gij test FAIL: LargeFile execution - bytecode->native test FAIL: LargeFile -O3 execution - source compiled test FAIL: LargeFile execution - gij test FAIL: LargeFile -O3 execution - bytecode->native test FAIL: MathBuiltin execution - source compiled test FAIL: MathBuiltin execution - gij test FAIL: MathBuiltin execution - bytecode->native test FAIL: MathBuiltin -O3 execution - source compiled test FAIL: MathBuiltin execution - gij test FAIL: MathBuiltin -O3 execution - bytecode->native test FAIL: Matrix4f execution - source compiled test FAIL: Matrix4f execution - gij test FAIL: Matrix4f execution - bytecode->native test FAIL: Matrix4f -O3 execution - source compiled test FAIL: Matrix4f execution - gij test FAIL: Matrix4f -O3 execution - bytecode->native test FAIL: N19990310_02 execution - source compiled test FAIL: N19990310_02 execution - gij test FAIL: N19990310_02 execution - bytecode->native test FAIL: N19990310_02 -O3 execution - source compiled test FAIL: N19990310_02 execution - gij test FAIL: N19990310_02 -O3 execution - bytecode->native test FAIL: N19990310_3 execution - source compiled test FAIL: N19990310_3 execution - gij test FAIL: N19990310_3 execution - bytecode->native test FAIL: N19990310_3 -O3 execution - source compiled test FAIL: N19990310_3 execution - gij test FAIL: N19990310_3 -O3 execution - bytecode->native test FAIL: N19990310_4 execution - source compiled test FAIL: N19990310_4 execution - gij test FAIL: N19990310_4 execution - bytecode->native test FAIL: N19990310_4 -O3 execution - source compiled test FAIL: N19990310_4 execution - gij test FAIL: N19990310_4 -O3 execution - bytecode->native test FAIL: N19990310_5 execution - source compiled test FAIL: N19990310_5 execution - gij test FAIL: N19990310_5 execution - bytecode->native test FAIL: N19990310_5 -O3 execution - source compiled test FAIL: N19990310_5 execution - gij test FAIL: N19990310_5 -O3 execution - bytecode->native test FAIL: Overflow execution - source compiled test FAIL: Overflow execution - gij test FAIL: Overflow execution - bytecode->native test FAIL: Overflow -O3 execution - source compiled test FAIL: Overflow execution - gij test FAIL: Overflow -O3 execution - bytecode->native test FAIL: PR12350 execution - source compiled test FAIL: PR12350 execution - gij test FAIL: PR12350 execution - bytecode->native test FAIL: PR12350 -O3 execution - source compiled test FAIL: PR12350 execution - gij test FAIL: PR12350 -O3 execution - bytecode->native test FAIL: PR12416 execution - source compiled test FAIL: PR12416 execution - gij test FAIL: PR12416 execution - bytecode->native test FAIL: PR12416 -O3 execution - source compiled test FAIL: PR12416 execution - gij test FAIL: PR12416 -O3 execution - bytecode->native test FAIL: PR12656 execution - source compiled test FAIL: PR12656 execution - gij test FAIL: PR12656 execution - bytecode->native test FAIL: PR12656 -O3 execution - source compiled test FAIL: PR12656 execution - gij test FAIL: PR12656 -O3 execution - bytecode->native test FAIL: PR12915 execution - source compiled test FAIL: PR12915 execution - gij test FAIL: PR12915 execution - bytecode->native test FAIL: PR12915 -O3 execution - source compiled test FAIL: PR12915 execution - gij test FAIL: PR12915 -O3 execution - bytecode->native test FAIL: PR141 execution - source compiled test FAIL: PR141 execution - gij test FAIL: PR141 execution - bytecode->native test FAIL: PR141 -O3 execution - source compiled test FAIL: PR141 execution - gij test FAIL: PR141 -O3 execution - bytecode->native test FAIL: PR160 execution - source compiled test FAIL: PR160 execution - gij test FAIL: PR160 execution - bytecode->native test FAIL: PR160 -O3 execution - source compiled test FAIL: PR160 execution - gij test FAIL: PR160 -O3 execution - bytecode->native test FAIL: PR162 execution - source compiled test FAIL: PR162 execution - gij test FAIL: PR162 execution - bytecode->native test FAIL: PR162 -O3 execution - source compiled test FAIL: PR162 execution - gij test FAIL: PR162 -O3 execution - bytecode->native test FAIL: PR16867 execution - source compiled test FAIL: PR16867 execution - gij test FAIL: PR16867 execution - bytecode->native test FAIL: PR16867 -O3 execution - source compiled test FAIL: PR16867 execution - gij test FAIL: PR16867 -O3 execution - bytecode->native test FAIL: PR18699 execution - source compiled test FAIL: PR18699 execution - gij test FAIL: PR18699 execution - bytecode->native test FAIL: PR18699 -O3 execution - source compiled test FAIL: PR18699 execution - gij test FAIL: PR18699 -O3 execution - bytecode->native test FAIL: PR19921 execution - source compiled test FAIL: PR19921 execution - gij test FAIL: PR19921 execution - bytecode->native test FAIL: PR19921 -O3 execution - source compiled test FAIL: PR19921 execution - gij test FAIL: PR19921 -O3 execution - bytecode->native test FAIL: PR20056 execution - source compiled test FAIL: PR20056 execution - gij test FAIL: PR20056 execution - bytecode->native test FAIL: PR20056 -O3 execution - source compiled test FAIL: PR20056 execution - gij test FAIL: PR20056 -O3 execution - bytecode->native test FAIL: PR218 execution - source compiled test FAIL: PR218 execution - gij test FAIL: PR218 execution - bytecode->native test FAIL: PR218 -O3 execution - source compiled test FAIL: PR218 execution - gij test FAIL: PR218 -O3 execution - bytecode->native test FAIL: PR242 execution - source compiled test FAIL: PR242 execution - gij test FAIL: PR242 execution - bytecode->native test FAIL: PR242 -O3 execution - source compiled test FAIL: PR242 execution - gij test FAIL: PR242 -O3 execution - bytecode->native test FAIL: PR260 execution - source compiled test FAIL: PR260 execution - gij test FAIL: PR260 execution - bytecode->native test FAIL: PR260 -O3 execution - source compiled test FAIL: PR260 execution - gij test FAIL: PR260 -O3 execution - bytecode->native test FAIL: PR3096 execution - source compiled test FAIL: PR3096 execution - gij test FAIL: PR3096 execution - bytecode->native test FAIL: PR3096 -O3 execution - source compiled test FAIL: PR3096 execution - gij test FAIL: PR3096 -O3 execution - bytecode->native test FAIL: PR3731 execution - source compiled test FAIL: PR3731 execution - gij test FAIL: PR3731 execution - bytecode->native test FAIL: PR3731 -O3 execution - source compiled test FAIL: PR3731 execution - gij test FAIL: PR3731 -O3 execution - bytecode->native test FAIL: PR5057 execution - source compiled test FAIL: PR5057 execution - gij test FAIL: PR5057 execution - bytecode->native test FAIL: PR5057 -O3 execution - source compiled test FAIL: PR5057 execution - gij test FAIL: PR5057 -O3 execution - bytecode->native test FAIL: PR5057_2 execution - source compiled test FAIL: PR5057_2 execution - gij test FAIL: PR5057_2 execution - bytecode->native test FAIL: PR5057_2 -O3 execution - source compiled test FAIL: PR5057_2 execution - gij test FAIL: PR5057_2 -O3 execution - bytecode->native test FAIL: PR55 execution - source compiled test FAIL: PR55 execution - gij test FAIL: PR55 execution - bytecode->native test FAIL: PR55 -O3 execution - source compiled test FAIL: PR55 execution - gij test FAIL: PR55 -O3 execution - bytecode->native test FAIL: PR56 execution - source compiled test FAIL: PR56 execution - gij test FAIL: PR56 execution - bytecode->native test FAIL: PR56 -O3 execution - source compiled test FAIL: PR56 execution - gij test FAIL: PR56 -O3 execution - bytecode->native test FAIL: PR6085 execution - source compiled test FAIL: PR6085 execution - gij test FAIL: PR6085 execution - bytecode->native test FAIL: PR6085 -O3 execution - source compiled test FAIL: PR6085 execution - gij test FAIL: PR6085 -O3 execution - bytecode->native test FAIL: PR6204 execution - source compiled test FAIL: PR6204 execution - gij test FAIL: PR6204 execution - bytecode->native test FAIL: PR6204 -O3 execution - source compiled test FAIL: PR6204 execution - gij test FAIL: PR6204 -O3 execution - bytecode->native test FAIL: PR6729 execution - source compiled test FAIL: PR6729 execution - gij test FAIL: PR6729 execution - bytecode->native test FAIL: PR6729 -O3 execution - source compiled test FAIL: PR6729 execution - gij test FAIL: PR6729 -O3 execution - bytecode->native test FAIL: PR6820 execution - source compiled test FAIL: PR6820 execution - gij test FAIL: PR6820 execution - bytecode->native test FAIL: PR6820 -O3 execution - source compiled test FAIL: PR6820 execution - gij test FAIL: PR6820 -O3 execution - bytecode->native test FAIL: PR7482 execution - source compiled test FAIL: PR7482 execution - gij test FAIL: PR7482 execution - bytecode->native test FAIL: PR7482 -O3 execution - source compiled test FAIL: PR7482 execution - gij test FAIL: PR7482 -O3 execution - bytecode->native test FAIL: Process_1 execution - source compiled test FAIL: Process_1 execution - gij test FAIL: Process_1 execution - bytecode->native test FAIL: Process_1 -O3 execution - source compiled test FAIL: Process_1 execution - gij test FAIL: Process_1 -O3 execution - bytecode->native test FAIL: Process_2 execution - source compiled test FAIL: Process_2 execution - gij test FAIL: Process_2 execution - bytecode->native test FAIL: Process_2 -O3 execution - source compiled test FAIL: Process_2 execution - gij test FAIL: Process_2 -O3 execution - bytecode->native test FAIL: Process_3 execution - source compiled test FAIL: Process_3 execution - gij test FAIL: Process_3 execution - bytecode->native test FAIL: Process_3 -O3 execution - source compiled test FAIL: Process_3 execution - gij test FAIL: Process_3 -O3 execution - bytecode->native test FAIL: Process_4 execution - source compiled test FAIL: Process_4 execution - gij test FAIL: Process_4 execution - bytecode->native test FAIL: Process_4 -O3 execution - source compiled test FAIL: Process_4 execution - gij test FAIL: Process_4 -O3 execution - bytecode->native test FAIL: Process_5 execution - source compiled test FAIL: Process_5 execution - gij test FAIL: Process_5 execution - bytecode->native test FAIL: Process_5 -O3 execution - source compiled test FAIL: Process_5 execution - gij test FAIL: Process_5 -O3 execution - bytecode->native test FAIL: Process_6 execution - source compiled test FAIL: Process_6 execution - gij test FAIL: Process_6 execution - bytecode->native test FAIL: Process_6 -O3 execution - source compiled test FAIL: Process_6 execution - gij test FAIL: Process_6 -O3 execution - bytecode->native test FAIL: Serialization execution - source compiled test FAIL: Serialization execution - gij test FAIL: Serialization execution - bytecode->native test FAIL: Serialization -O3 execution - source compiled test FAIL: Serialization execution - gij test FAIL: Serialization -O3 execution - bytecode->native test FAIL: Shazam execution - source compiled test FAIL: Shazam execution - gij test FAIL: Shazam execution - bytecode->native test FAIL: Shazam -O3 execution - source compiled test FAIL: Shazam execution - gij test FAIL: Shazam -O3 execution - bytecode->native test FAIL: StaticConstructor execution - source compiled test FAIL: StaticConstructor execution - gij test FAIL: StaticConstructor execution - bytecode->native test FAIL: StaticConstructor -O3 execution - source compiled test FAIL: StaticConstructor execution - gij test FAIL: StaticConstructor -O3 execution - bytecode->native test FAIL: StringBuffer_1 execution - source compiled test FAIL: StringBuffer_1 execution - gij test FAIL: StringBuffer_1 execution - bytecode->native test FAIL: StringBuffer_1 -O3 execution - source compiled test FAIL: StringBuffer_1 execution - gij test FAIL: StringBuffer_1 -O3 execution - bytecode->native test FAIL: StringBuffer_overflow execution - source compiled test FAIL: StringBuffer_overflow execution - gij test FAIL: StringBuffer_overflow execution - bytecode->native test FAIL: StringBuffer_overflow -O3 execution - source compiled test FAIL: StringBuffer_overflow execution - gij test FAIL: StringBuffer_overflow -O3 execution - bytecode->native test FAIL: String_overflow execution - source compiled test FAIL: String_overflow execution - gij test FAIL: String_overflow execution - bytecode->native test FAIL: String_overflow -O3 execution - source compiled test FAIL: String_overflow execution - gij test FAIL: String_overflow -O3 execution - bytecode->native test FAIL: SyncGlobal execution - source compiled test FAIL: SyncGlobal execution - gij test FAIL: SyncGlobal execution - bytecode->native test FAIL: SyncGlobal -O3 execution - source compiled test FAIL: SyncGlobal execution - gij test FAIL: SyncGlobal -O3 execution - bytecode->native test FAIL: SyncTest execution - source compiled test FAIL: SyncTest execution - gij test FAIL: SyncTest execution - bytecode->native test FAIL: SyncTest -O3 execution - source compiled test FAIL: SyncTest execution - gij test FAIL: SyncTest -O3 execution - bytecode->native test FAIL: Synch execution - source compiled test FAIL: Synch execution - gij test FAIL: Synch execution - bytecode->native test FAIL: Synch -O3 execution - source compiled test FAIL: Synch execution - gij test FAIL: Synch -O3 execution - bytecode->native test FAIL: TLtest execution - source compiled test FAIL: TLtest execution - gij test FAIL: TLtest execution - bytecode->native test FAIL: TLtest -O3 execution - source compiled test FAIL: TLtest execution - gij test FAIL: TLtest -O3 execution - bytecode->native test FAIL: TestProxy execution - source compiled test FAIL: TestProxy execution - gij test FAIL: TestProxy execution - bytecode->native test FAIL: TestProxy -O3 execution - source compiled test FAIL: TestProxy execution - gij test FAIL: TestProxy -O3 execution - bytecode->native test FAIL: Thread_Alive execution - source compiled test FAIL: Thread_Alive execution - gij test FAIL: Thread_Alive execution - bytecode->native test FAIL: Thread_Alive -O3 execution - source compiled test FAIL: Thread_Alive execution - gij test FAIL: Thread_Alive -O3 execution - bytecode->native test FAIL: Thread_HoldsLock execution - source compiled test FAIL: Thread_HoldsLock execution - gij test FAIL: Thread_HoldsLock execution - bytecode->native test FAIL: Thread_HoldsLock -O3 execution - source compiled test FAIL: Thread_HoldsLock execution - gij test FAIL: Thread_HoldsLock -O3 execution - bytecode->native test FAIL: Thread_Interrupt execution - source compiled test FAIL: Thread_Interrupt execution - gij test FAIL: Thread_Interrupt execution - bytecode->native test FAIL: Thread_Interrupt -O3 execution - source compiled test FAIL: Thread_Interrupt execution - gij test FAIL: Thread_Interrupt -O3 execution - bytecode->native test FAIL: Thread_Join execution - source compiled test FAIL: Thread_Join execution - gij test FAIL: Thread_Join execution - bytecode->native test FAIL: Thread_Join -O3 execution - source compiled test FAIL: Thread_Join execution - gij test FAIL: Thread_Join -O3 execution - bytecode->native test FAIL: Thread_Monitor execution - source compiled test FAIL: Thread_Monitor execution - gij test FAIL: Thread_Monitor execution - bytecode->native test FAIL: Thread_Monitor -O3 execution - source compiled test FAIL: Thread_Monitor execution - gij test FAIL: Thread_Monitor -O3 execution - bytecode->native test FAIL: Thread_Sleep execution - source compiled test FAIL: Thread_Sleep execution - gij test FAIL: Thread_Sleep execution - bytecode->native test FAIL: Thread_Sleep -O3 execution - source compiled test FAIL: Thread_Sleep execution - gij test FAIL: Thread_Sleep -O3 execution - bytecode->native test FAIL: Thread_Wait execution - source compiled test FAIL: Thread_Wait execution - gij test FAIL: Thread_Wait execution - bytecode->native test FAIL: Thread_Wait -O3 execution - source compiled test FAIL: Thread_Wait execution - gij test FAIL: Thread_Wait -O3 execution - bytecode->native test FAIL: Thread_Wait_2 execution - source compiled test FAIL: Thread_Wait_2 execution - gij test FAIL: Thread_Wait_2 execution - bytecode->native test FAIL: Thread_Wait_2 -O3 execution - source compiled test FAIL: Thread_Wait_2 execution - gij test FAIL: Thread_Wait_2 -O3 execution - bytecode->native test FAIL: Thread_Wait_Interrupt execution - source compiled test FAIL: Thread_Wait_Interrupt execution - gij test FAIL: Thread_Wait_Interrupt execution - bytecode->native test FAIL: Thread_Wait_Interrupt -O3 execution - source compiled test FAIL: Thread_Wait_Interrupt execution - gij test FAIL: Thread_Wait_Interrupt -O3 execution - bytecode->native test FAIL: Throw_1 execution - source compiled test FAIL: Throw_1 execution - gij test FAIL: Throw_1 execution - bytecode->native test FAIL: Throw_1 -O3 execution - source compiled test FAIL: Throw_1 execution - gij test FAIL: Throw_1 -O3 execution - bytecode->native test FAIL: Throw_2 execution - source compiled test FAIL: Throw_2 execution - gij test FAIL: Throw_2 execution - bytecode->native test FAIL: Throw_2 -O3 execution - source compiled test FAIL: Throw_2 execution - gij test FAIL: Throw_2 -O3 execution - bytecode->native test FAIL: anfi execution - source compiled test FAIL: anfi execution - gij test FAIL: anfi execution - bytecode->native test FAIL: anfi -O3 execution - source compiled test FAIL: anfi execution - gij test FAIL: anfi -O3 execution - bytecode->native test FAIL: anon execution - source compiled test FAIL: anon execution - gij test FAIL: anon execution - bytecode->native test FAIL: anon -O3 execution - source compiled test FAIL: anon execution - gij test FAIL: anon -O3 execution - bytecode->native test FAIL: anon2 execution - source compiled test FAIL: anon2 execution - gij test FAIL: anon2 execution - bytecode->native test FAIL: anon2 -O3 execution - source compiled test FAIL: anon2 execution - gij test FAIL: anon2 -O3 execution - bytecode->native test FAIL: anon3 execution - source compiled test FAIL: anon3 execution - gij test FAIL: anon3 execution - bytecode->native test FAIL: anon3 -O3 execution - source compiled test FAIL: anon3 execution - gij test FAIL: anon3 -O3 execution - bytecode->native test FAIL: anon4 execution - source compiled test FAIL: anon4 execution - gij test FAIL: anon4 execution - bytecode->native test FAIL: anon4 -O3 execution - source compiled test FAIL: anon4 execution - gij test FAIL: anon4 -O3 execution - bytecode->native test FAIL: anon_ctor_itf_arg execution - source compiled test FAIL: anon_ctor_itf_arg execution - gij test FAIL: anon_ctor_itf_arg execution - bytecode->native test FAIL: anon_ctor_itf_arg -O3 execution - source compiled test FAIL: anon_ctor_itf_arg execution - gij test FAIL: anon_ctor_itf_arg -O3 execution - bytecode->native test FAIL: anonarray execution - source compiled test FAIL: anonarray execution - gij test FAIL: anonarray execution - bytecode->native test FAIL: anonarray -O3 execution - source compiled test FAIL: anonarray execution - gij test FAIL: anonarray -O3 execution - bytecode->native test FAIL: anonarray2 execution - source compiled test FAIL: anonarray2 execution - gij test FAIL: anonarray2 execution - bytecode->native test FAIL: anonarray2 -O3 execution - source compiled test FAIL: anonarray2 execution - gij test FAIL: anonarray2 -O3 execution - bytecode->native test FAIL: anonarray3 execution - source compiled test FAIL: anonarray3 execution - gij test FAIL: anonarray3 execution - bytecode->native test FAIL: anonarray3 -O3 execution - source compiled test FAIL: anonarray3 execution - gij test FAIL: anonarray3 -O3 execution - bytecode->native test FAIL: assign execution - source compiled test FAIL: assign execution - gij test FAIL: assign execution - bytecode->native test FAIL: assign -O3 execution - source compiled test FAIL: assign execution - gij test FAIL: assign -O3 execution - bytecode->native test FAIL: assign2 execution - source compiled test FAIL: assign2 execution - gij test FAIL: assign2 execution - bytecode->native test FAIL: assign2 -O3 execution - source compiled test FAIL: assign2 execution - gij test FAIL: assign2 -O3 execution - bytecode->native test FAIL: bytearray execution - source compiled test FAIL: bytearray execution - gij test FAIL: bytearray execution - bytecode->native test FAIL: bytearray -O3 execution - source compiled test FAIL: bytearray execution - gij test FAIL: bytearray -O3 execution - bytecode->native test FAIL: direct_read execution - source compiled test FAIL: direct_read execution - gij test FAIL: direct_read execution - bytecode->native test FAIL: direct_read -O3 execution - source compiled test FAIL: direct_read execution - gij test FAIL: direct_read -O3 execution - bytecode->native test FAIL: direct_write execution - source compiled test FAIL: direct_write execution - gij test FAIL: direct_write execution - bytecode->native test FAIL: direct_write -O3 execution - source compiled test FAIL: direct_write execution - gij test FAIL: direct_write -O3 execution - bytecode->native test FAIL: emptystring execution - source compiled test FAIL: emptystring execution - gij test FAIL: emptystring execution - bytecode->native test FAIL: emptystring -O3 execution - source compiled test FAIL: emptystring execution - gij test FAIL: emptystring -O3 execution - bytecode->native test FAIL: err1 execution - source compiled test FAIL: err1 execution - gij test FAIL: err1 execution - bytecode->native test FAIL: err1 -O3 execution - source compiled test FAIL: err1 execution - gij test FAIL: err1 -O3 execution - bytecode->native test FAIL: err10 execution - source compiled test FAIL: err10 execution - gij test FAIL: err10 execution - bytecode->native test FAIL: err10 -O3 execution - source compiled test FAIL: err10 execution - gij test FAIL: err10 -O3 execution - bytecode->native test FAIL: err11 execution - source compiled test FAIL: err11 execution - gij test FAIL: err11 execution - bytecode->native test FAIL: err11 -O3 execution - source compiled test FAIL: err11 execution - gij test FAIL: err11 -O3 execution - bytecode->native test FAIL: err12 execution - source compiled test FAIL: err12 execution - gij test FAIL: err12 execution - bytecode->native test FAIL: err12 -O3 execution - source compiled test FAIL: err12 execution - gij test FAIL: err12 -O3 execution - bytecode->native test FAIL: err13 execution - source compiled test FAIL: err13 execution - gij test FAIL: err13 execution - bytecode->native test FAIL: err13 -O3 execution - source compiled test FAIL: err13 execution - gij test FAIL: err13 -O3 execution - bytecode->native test FAIL: err14 execution - source compiled test FAIL: err14 execution - gij test FAIL: err14 execution - bytecode->native test FAIL: err14 -O3 execution - source compiled test FAIL: err14 execution - gij test FAIL: err14 -O3 execution - bytecode->native test FAIL: err2 execution - source compiled test FAIL: err2 execution - gij test FAIL: err2 execution - bytecode->native test FAIL: err2 -O3 execution - source compiled test FAIL: err2 execution - gij test FAIL: err2 -O3 execution - bytecode->native test FAIL: err3 execution - source compiled test FAIL: err3 execution - gij test FAIL: err3 execution - bytecode->native test FAIL: err3 -O3 execution - source compiled test FAIL: err3 execution - gij test FAIL: err3 -O3 execution - bytecode->native test FAIL: err4 execution - source compiled test FAIL: err4 execution - gij test FAIL: err4 execution - bytecode->native test FAIL: err4 -O3 execution - source compiled test FAIL: err4 execution - gij test FAIL: err4 -O3 execution - bytecode->native test FAIL: err5 execution - source compiled test FAIL: err5 execution - gij test FAIL: err5 execution - bytecode->native test FAIL: err5 -O3 execution - source compiled test FAIL: err5 execution - gij test FAIL: err5 -O3 execution - bytecode->native test FAIL: err6 execution - source compiled test FAIL: err6 execution - gij test FAIL: err6 execution - bytecode->native test FAIL: err6 -O3 execution - source compiled test FAIL: err6 execution - gij test FAIL: err6 -O3 execution - bytecode->native test FAIL: err7 execution - source compiled test FAIL: err7 execution - gij test FAIL: err7 execution - bytecode->native test FAIL: err7 -O3 execution - source compiled test FAIL: err7 execution - gij test FAIL: err7 -O3 execution - bytecode->native test FAIL: err8 execution - source compiled test FAIL: err8 execution - gij test FAIL: err8 execution - bytecode->native test FAIL: err8 -O3 execution - source compiled test FAIL: err8 execution - gij test FAIL: err8 -O3 execution - bytecode->native test FAIL: err9 execution - source compiled test FAIL: err9 execution - gij test FAIL: err9 execution - bytecode->native test FAIL: err9 -O3 execution - source compiled test FAIL: err9 execution - gij test FAIL: err9 -O3 execution - bytecode->native test FAIL: final_inner execution - source compiled test FAIL: final_inner execution - gij test FAIL: final_inner execution - bytecode->native test FAIL: final_inner -O3 execution - source compiled test FAIL: final_inner execution - gij test FAIL: final_inner -O3 execution - bytecode->native test FAIL: final_int execution - source compiled test FAIL: final_int execution - gij test FAIL: final_int execution - bytecode->native test FAIL: final_int -O3 execution - source compiled test FAIL: final_int execution - gij test FAIL: final_int -O3 execution - bytecode->native test FAIL: final_static_and_friend execution - source compiled test FAIL: final_static_and_friend execution - gij test FAIL: final_static_and_friend execution - bytecode->native test FAIL: final_static_and_friend -O3 execution - source compiled test FAIL: final_static_and_friend execution - gij test FAIL: final_static_and_friend -O3 execution - bytecode->native test FAIL: indirect execution - source compiled test FAIL: indirect execution - gij test FAIL: indirect execution - bytecode->native test FAIL: indirect -O3 execution - source compiled test FAIL: indirect execution - gij test FAIL: indirect -O3 execution - bytecode->native test FAIL: indirect_read execution - source compiled test FAIL: indirect_read execution - gij test FAIL: indirect_read execution - bytecode->native test FAIL: indirect_read -O3 execution - source compiled test FAIL: indirect_read execution - gij test FAIL: indirect_read -O3 execution - bytecode->native test FAIL: indirect_write execution - source compiled test FAIL: indirect_write execution - gij test FAIL: indirect_write execution - bytecode->native test FAIL: indirect_write -O3 execution - source compiled test FAIL: indirect_write execution - gij test FAIL: indirect_write -O3 execution - bytecode->native test FAIL: initexc execution - source compiled test FAIL: initexc execution - gij test FAIL: initexc execution - bytecode->native test FAIL: initexc -O3 execution - source compiled test FAIL: initexc execution - gij test FAIL: initexc -O3 execution - bytecode->native test FAIL: initfield execution - source compiled test FAIL: initfield execution - gij test FAIL: initfield execution - bytecode->native test FAIL: initfield -O3 execution - source compiled test FAIL: initfield execution - gij test FAIL: initfield -O3 execution - bytecode->native test FAIL: inline execution - source compiled test FAIL: inline execution - gij test FAIL: inline execution - bytecode->native test FAIL: inline -O3 execution - source compiled test FAIL: inline execution - gij test FAIL: inline -O3 execution - bytecode->native test FAIL: inner1 execution - source compiled test FAIL: inner1 execution - gij test FAIL: inner1 execution - bytecode->native test FAIL: inner1 -O3 execution - source compiled test FAIL: inner1 execution - gij test FAIL: inner1 -O3 execution - bytecode->native test FAIL: inner2 execution - source compiled test FAIL: inner2 execution - gij test FAIL: inner2 execution - bytecode->native test FAIL: inner2 -O3 execution - source compiled test FAIL: inner2 execution - gij test FAIL: inner2 -O3 execution - bytecode->native test FAIL: inner3 execution - source compiled test FAIL: inner3 execution - gij test FAIL: inner3 execution - bytecode->native test FAIL: inner3 -O3 execution - source compiled test FAIL: inner3 execution - gij test FAIL: inner3 -O3 execution - bytecode->native test FAIL: inner4 execution - source compiled test FAIL: inner4 execution - gij test FAIL: inner4 execution - bytecode->native test FAIL: inner4 -O3 execution - source compiled test FAIL: inner4 execution - gij test FAIL: inner4 -O3 execution - bytecode->native test FAIL: inner_array execution - source compiled test FAIL: inner_array execution - gij test FAIL: inner_array execution - bytecode->native test FAIL: inner_array -O3 execution - source compiled test FAIL: inner_array execution - gij test FAIL: inner_array -O3 execution - bytecode->native test FAIL: inner_interface execution - source compiled test FAIL: inner_interface execution - gij test FAIL: inner_interface execution - bytecode->native test FAIL: inner_interface -O3 execution - source compiled test FAIL: inner_interface execution - gij test FAIL: inner_interface -O3 execution - bytecode->native test FAIL: instance execution - source compiled test FAIL: instance execution - gij test FAIL: instance execution - bytecode->native test FAIL: instance -O3 execution - source compiled test FAIL: instance execution - gij test FAIL: instance -O3 execution - bytecode->native test FAIL: instinit execution - source compiled test FAIL: instinit execution - gij test FAIL: instinit execution - bytecode->native test FAIL: instinit -O3 execution - source compiled test FAIL: instinit execution - gij test FAIL: instinit -O3 execution - bytecode->native test FAIL: instinit2 execution - source compiled test FAIL: instinit2 execution - gij test FAIL: instinit2 execution - bytecode->native test FAIL: instinit2 -O3 execution - source compiled test FAIL: instinit2 execution - gij test FAIL: instinit2 -O3 execution - bytecode->native test FAIL: invoke_from_inner execution - source compiled test FAIL: invoke_from_inner execution - gij test FAIL: invoke_from_inner execution - bytecode->native test FAIL: invoke_from_inner -O3 execution - source compiled test FAIL: invoke_from_inner execution - gij test FAIL: invoke_from_inner -O3 execution - bytecode->native test FAIL: invokethrow execution - source compiled test FAIL: invokethrow execution - gij test FAIL: invokethrow execution - bytecode->native test FAIL: invokethrow -O3 execution - source compiled test FAIL: invokethrow execution - gij test FAIL: invokethrow -O3 execution - bytecode->native test FAIL: klass execution - source compiled test FAIL: klass execution - gij test FAIL: klass execution - bytecode->native test FAIL: klass -O3 execution - source compiled test FAIL: klass execution - gij test FAIL: klass -O3 execution - bytecode->native test FAIL: md5test execution - source compiled test FAIL: md5test execution - gij test FAIL: md5test execution - bytecode->native test FAIL: md5test -O3 execution - source compiled test FAIL: md5test execution - gij test FAIL: md5test -O3 execution - bytecode->native test FAIL: multiple_finit execution - source compiled test FAIL: multiple_finit execution - gij test FAIL: multiple_finit execution - bytecode->native test FAIL: multiple_finit -O3 execution - source compiled test FAIL: multiple_finit execution - gij test FAIL: multiple_finit -O3 execution - bytecode->native test FAIL: negzero execution - source compiled test FAIL: negzero execution - gij test FAIL: negzero execution - bytecode->native test FAIL: negzero -O3 execution - source compiled test FAIL: negzero execution - gij test FAIL: negzero -O3 execution - bytecode->native test FAIL: nested_with_ctor execution - source compiled test FAIL: nested_with_ctor execution - gij test FAIL: nested_with_ctor execution - bytecode->native test FAIL: nested_with_ctor -O3 execution - source compiled test FAIL: nested_with_ctor execution - gij test FAIL: nested_with_ctor -O3 execution - bytecode->native test FAIL: newarray_overflow execution - source compiled test FAIL: newarray_overflow execution - gij test FAIL: newarray_overflow execution - bytecode->native test FAIL: newarray_overflow -O3 execution - source compiled test FAIL: newarray_overflow execution - gij test FAIL: newarray_overflow -O3 execution - bytecode->native test FAIL: override execution - source compiled test FAIL: override execution - gij test FAIL: override execution - bytecode->native test FAIL: override -O3 execution - source compiled test FAIL: override execution - gij test FAIL: override -O3 execution - bytecode->native test FAIL: pr109 execution - source compiled test FAIL: pr109 execution - gij test FAIL: pr109 execution - bytecode->native test FAIL: pr109 -O3 execution - source compiled test FAIL: pr109 execution - gij test FAIL: pr109 -O3 execution - bytecode->native test FAIL: pr13107 execution - source compiled test FAIL: pr13107 execution - gij test FAIL: pr13107 execution - bytecode->native test FAIL: pr13107 -O3 execution - source compiled test FAIL: pr13107 execution - gij test FAIL: pr13107 -O3 execution - bytecode->native test FAIL: pr13107_2 execution - source compiled test FAIL: pr13107_2 execution - gij test FAIL: pr13107_2 execution - bytecode->native test FAIL: pr13107_2 -O3 execution - source compiled test FAIL: pr13107_2 execution - gij test FAIL: pr13107_2 -O3 execution - bytecode->native test FAIL: pr13107_3 execution - source compiled test FAIL: pr13107_3 execution - gij test FAIL: pr13107_3 execution - bytecode->native test FAIL: pr13107_3 -O3 execution - source compiled test FAIL: pr13107_3 execution - gij test FAIL: pr13107_3 -O3 execution - bytecode->native test FAIL: pr133 execution - source compiled test FAIL: pr133 execution - gij test FAIL: pr133 execution - bytecode->native test FAIL: pr133 -O3 execution - source compiled test FAIL: pr133 execution - gij test FAIL: pr133 -O3 execution - bytecode->native test FAIL: pr16789 execution - source compiled test FAIL: pr16789 execution - gij test FAIL: pr16789 execution - bytecode->native test FAIL: pr16789 -O3 execution - source compiled test FAIL: pr16789 execution - gij test FAIL: pr16789 -O3 execution - bytecode->native test FAIL: pr179 execution - source compiled test FAIL: pr179 execution - gij test FAIL: pr179 execution - bytecode->native test FAIL: pr179 -O3 execution - source compiled test FAIL: pr179 execution - gij test FAIL: pr179 -O3 execution - bytecode->native test FAIL: pr184 execution - source compiled test FAIL: pr184 execution - gij test FAIL: pr184 execution - bytecode->native test FAIL: pr184 -O3 execution - source compiled test FAIL: pr184 execution - gij test FAIL: pr184 -O3 execution - bytecode->native test FAIL: pr6388 execution - source compiled test FAIL: pr6388 execution - gij test FAIL: pr6388 execution - bytecode->native test FAIL: pr6388 -O3 execution - source compiled test FAIL: pr6388 execution - gij test FAIL: pr6388 -O3 execution - bytecode->native test FAIL: pr83 execution - source compiled test FAIL: pr83 execution - gij test FAIL: pr83 execution - bytecode->native test FAIL: pr83 -O3 execution - source compiled test FAIL: pr83 execution - gij test FAIL: pr83 -O3 execution - bytecode->native test FAIL: pr8415 execution - source compiled test FAIL: pr8415 execution - gij test FAIL: pr8415 execution - bytecode->native test FAIL: pr8415 -O3 execution - source compiled test FAIL: pr8415 execution - gij test FAIL: pr8415 -O3 execution - bytecode->native test FAIL: pr8676 execution - source compiled test FAIL: pr8676 execution - gij test FAIL: pr8676 execution - bytecode->native test FAIL: pr8676 -O3 execution - source compiled test FAIL: pr8676 execution - gij test FAIL: pr8676 -O3 execution - bytecode->native test FAIL: pr8823 execution - source compiled test FAIL: pr8823 execution - gij test FAIL: pr8823 execution - bytecode->native test FAIL: pr8823 -O3 execution - source compiled test FAIL: pr8823 execution - gij test FAIL: pr8823 -O3 execution - bytecode->native test FAIL: pr8945 execution - source compiled test FAIL: pr8945 execution - gij test FAIL: pr8945 execution - bytecode->native test FAIL: pr8945 -O3 execution - source compiled test FAIL: pr8945 execution - gij test FAIL: pr8945 -O3 execution - bytecode->native test FAIL: private_direct_read execution - source compiled test FAIL: private_direct_read execution - gij test FAIL: private_direct_read execution - bytecode->native test FAIL: private_direct_read -O3 execution - source compiled test FAIL: private_direct_read execution - gij test FAIL: private_direct_read -O3 execution - bytecode->native test FAIL: search_outer execution - source compiled test FAIL: search_outer execution - gij test FAIL: search_outer execution - bytecode->native test FAIL: search_outer -O3 execution - source compiled test FAIL: search_outer execution - gij test FAIL: search_outer -O3 execution - bytecode->native test FAIL: shatest execution - source compiled test FAIL: shatest execution - gij test FAIL: shatest execution - bytecode->native test FAIL: shatest -O3 execution - source compiled test FAIL: shatest execution - gij test FAIL: shatest -O3 execution - bytecode->native test FAIL: stringconst execution - source compiled test FAIL: stringconst execution - gij test FAIL: stringconst execution - bytecode->native test FAIL: stringconst -O3 execution - source compiled test FAIL: stringconst execution - gij test FAIL: stringconst -O3 execution - bytecode->native test FAIL: stringconst2 execution - source compiled test FAIL: stringconst2 execution - gij test FAIL: stringconst2 execution - bytecode->native test FAIL: stringconst2 -O3 execution - source compiled test FAIL: stringconst2 execution - gij test FAIL: stringconst2 -O3 execution - bytecode->native test FAIL: stub execution - source compiled test FAIL: stub execution - gij test FAIL: stub execution - bytecode->native test FAIL: stub -O3 execution - source compiled test FAIL: stub execution - gij test FAIL: stub -O3 execution - bytecode->native test FAIL: test_long execution - source compiled test FAIL: test_long execution - gij test FAIL: test_long execution - bytecode->native test FAIL: test_long -O3 execution - source compiled test FAIL: test_long execution - gij test FAIL: test_long -O3 execution - bytecode->native test FAIL: tmi execution - source compiled test FAIL: tmi execution - gij test FAIL: tmi execution - bytecode->native test FAIL: tmi -O3 execution - source compiled test FAIL: tmi execution - gij test FAIL: tmi -O3 execution - bytecode->native test FAIL: tp execution - source compiled test FAIL: tp execution - gij test FAIL: tp execution - bytecode->native test FAIL: tp -O3 execution - source compiled test FAIL: tp execution - gij test FAIL: tp -O3 execution - bytecode->native test FAIL: update_outer execution - source compiled test FAIL: update_outer execution - gij test FAIL: update_outer execution - bytecode->native test FAIL: update_outer -O3 execution - source compiled test FAIL: update_outer execution - gij test FAIL: update_outer -O3 execution - bytecode->native test FAIL: utf8concat execution - source compiled test FAIL: utf8concat execution - gij test FAIL: utf8concat execution - bytecode->native test FAIL: utf8concat -O3 execution - source compiled test FAIL: utf8concat execution - gij test FAIL: utf8concat -O3 execution - bytecode->native test FAIL: utilTest execution - source compiled test FAIL: utilTest execution - gij test FAIL: utilTest execution - bytecode->native test FAIL: utilTest -O3 execution - source compiled test FAIL: utilTest execution - gij test FAIL: utilTest -O3 execution - bytecode->native test FAIL: verify execution - source compiled test FAIL: verify execution - gij test FAIL: verify execution - bytecode->native test FAIL: verify -O3 execution - source compiled test FAIL: verify execution - gij test FAIL: verify -O3 execution - bytecode->native test FAIL: /export/build/gnu/gcc/build-ia64-linux/ia64-unknown-linux-gnu/libjava/testsuite/TestEarlyGC.exe execution - /export/build/gnu/gcc/build-ia64-linux/ia64-unknown-linux-gnu/libjava/testsuite/TestEarlyGC.exe FAIL: /export/build/gnu/gcc/build-ia64-linux/ia64-unknown-linux-gnu/libjava/testsuite/TestLeak.exe execution - /export/build/gnu/gcc/build-ia64-linux/ia64-unknown-linux-gnu/libjava/testsuite/TestLeak.exe FAIL: /export/build/gnu/gcc/build-ia64-linux/ia64-unknown-linux-gnu/libjava/testsuite/TestMultiple.exe execution - /export/build/gnu/gcc/build-ia64-linux/ia64-unknown-linux-gnu/libjava/testsuite/TestMultiple.exe FAIL: /export/build/gnu/gcc/build-ia64-linux/ia64-unknown-linux-gnu/libjava/testsuite/TestParent.exe execution - /export/build/gnu/gcc/build-ia64-linux/ia64-unknown-linux-gnu/libjava/testsuite/TestParent.exe === libjava Summary === # of expected passes 1709 # of unexpected failures 1044 # of expected failures 4 # of untested testcases 1052 === libmudflap tests === Running target unix WARNING: program timed out. FAIL: libmudflap.cth/pass37-frag.c execution test FAIL: libmudflap.cth/pass37-frag.c output pattern test WARNING: program timed out. FAIL: libmudflap.cth/pass37-frag.c (rerun 1) execution test FAIL: libmudflap.cth/pass37-frag.c (rerun 1) output pattern test WARNING: program timed out. FAIL: libmudflap.cth/pass37-frag.c (rerun 2) execution test FAIL: libmudflap.cth/pass37-frag.c (rerun 2) output pattern test WARNING: program timed out. FAIL: libmudflap.cth/pass37-frag.c (rerun 3) execution test FAIL: libmudflap.cth/pass37-frag.c (rerun 3) output pattern test WARNING: program timed out. FAIL: libmudflap.cth/pass37-frag.c (rerun 4) execution test FAIL: libmudflap.cth/pass37-frag.c (rerun 4) output pattern test WARNING: program timed out. FAIL: libmudflap.cth/pass37-frag.c (rerun 5) execution test FAIL: libmudflap.cth/pass37-frag.c (rerun 5) output pattern test WARNING: program timed out. FAIL: libmudflap.cth/pass37-frag.c (rerun 6) execution test FAIL: libmudflap.cth/pass37-frag.c (rerun 6) output pattern test WARNING: program timed out. FAIL: libmudflap.cth/pass37-frag.c (rerun 7) execution test FAIL: libmudflap.cth/pass37-frag.c (rerun 7) output pattern test WARNING: program timed out. FAIL: libmudflap.cth/pass37-frag.c (rerun 8) execution test FAIL: libmudflap.cth/pass37-frag.c (rerun 8) output pattern test WARNING: program timed out. FAIL: libmudflap.cth/pass37-frag.c (rerun 9) execution test FAIL: libmudflap.cth/pass37-frag.c (rerun 9) output pattern test WARNING: program timed out. FAIL: libmudflap.cth/pass37-frag.c (rerun 10) execution test FAIL: libmudflap.cth/pass37-frag.c (rerun 10) output pattern test WARNING: program timed out. FAIL: libmudflap.cth/pass37-frag.c (rerun 11) execution test FAIL: libmudflap.cth/pass37-frag.c (rerun 11) output pattern test WARNING: program timed out. FAIL: libmudflap.cth/pass37-frag.c (rerun 12) execution test FAIL: libmudflap.cth/pass37-frag.c (rerun 12) output pattern test WARNING: program timed out. FAIL: libmudflap.cth/pass37-frag.c (rerun 13) execution test FAIL: libmudflap.cth/pass37-frag.c (rerun 13) output pattern test WARNING: program timed out. FAIL: libmudflap.cth/pass37-frag.c (rerun 14) execution test FAIL: libmudflap.cth/pass37-frag.c (rerun 14) output pattern test WARNING: program timed out. FAIL: libmudflap.cth/pass37-frag.c (rerun 15) execution test FAIL: libmudflap.cth/pass37-frag.c (rerun 15) output pattern test WARNING: program timed out. FAIL: libmudflap.cth/pass39-frag.c execution test FAIL: libmudflap.cth/pass39-frag.c output pattern test WARNING: program timed out. FAIL: libmudflap.cth/pass39-frag.c (rerun 1) execution test FAIL: libmudflap.cth/pass39-frag.c (rerun 1) output pattern test WARNING: program timed out. FAIL: libmudflap.cth/pass39-frag.c (rerun 2) execution test FAIL: libmudflap.cth/pass39-frag.c (rerun 2) output pattern test WARNING: program timed out. FAIL: libmudflap.cth/pass39-frag.c (rerun 3) execution test FAIL: libmudflap.cth/pass39-frag.c (rerun 3) output pattern test WARNING: program timed out. FAIL: libmudflap.cth/pass39-frag.c (rerun 4) execution test FAIL: libmudflap.cth/pass39-frag.c (rerun 4) output pattern test WARNING: program timed out. FAIL: libmudflap.cth/pass39-frag.c (rerun 5) execution test FAIL: libmudflap.cth/pass39-frag.c (rerun 5) output pattern test WARNING: program timed out. FAIL: libmudflap.cth/pass39-frag.c (rerun 6) execution test FAIL: libmudflap.cth/pass39-frag.c (rerun 6) output pattern test WARNING: program timed out. FAIL: libmudflap.cth/pass39-frag.c (rerun 7) execution test FAIL: libmudflap.cth/pass39-frag.c (rerun 7) output pattern test WARNING: program timed out. FAIL: libmudflap.cth/pass39-frag.c (rerun 8) execution test FAIL: libmudflap.cth/pass39-frag.c (rerun 8) output pattern test WARNING: program timed out. FAIL: libmudflap.cth/pass39-frag.c (rerun 9) execution test FAIL: libmudflap.cth/pass39-frag.c (rerun 9) output pattern test WARNING: program timed out. FAIL: libmudflap.cth/pass39-frag.c (rerun 10) execution test FAIL: libmudflap.cth/pass39-frag.c (rerun 10) output pattern test WARNING: program timed out. FAIL: libmudflap.cth/pass39-frag.c (rerun 11) execution test FAIL: libmudflap.cth/pass39-frag.c (rerun 11) output pattern test WARNING: program timed out. FAIL: libmudflap.cth/pass39-frag.c (rerun 12) execution test FAIL: libmudflap.cth/pass39-frag.c (rerun 12) output pattern test WARNING: program timed out. FAIL: libmudflap.cth/pass39-frag.c (rerun 13) execution test FAIL: libmudflap.cth/pass39-frag.c (rerun 13) output pattern test WARNING: program timed out. FAIL: libmudflap.cth/pass39-frag.c (rerun 14) execution test FAIL: libmudflap.cth/pass39-frag.c (rerun 14) output pattern test WARNING: program timed out. FAIL: libmudflap.cth/pass39-frag.c (rerun 15) execution test FAIL: libmudflap.cth/pass39-frag.c (rerun 15) output pattern test WARNING: program timed out. FAIL: libmudflap.cth/pass39-frag.c (rerun 16) execution test FAIL: libmudflap.cth/pass39-frag.c (rerun 16) output pattern test WARNING: program timed out. FAIL: libmudflap.cth/pass39-frag.c (rerun 18) execution test FAIL: libmudflap.cth/pass39-frag.c (rerun 18) output pattern test WARNING: program timed out. FAIL: libmudflap.cth/pass39-frag.c (rerun 19) execution test FAIL: libmudflap.cth/pass39-frag.c (rerun 19) output pattern test WARNING: program timed out. FAIL: libmudflap.cth/pass37-frag.c (-static -DSTATIC) (rerun 2) execution test WARNING: program timed out. FAIL: libmudflap.cth/pass37-frag.c (-static -DSTATIC) (rerun 5) execution test FAIL: libmudflap.cth/pass37-frag.c (-static -DSTATIC) (rerun 5) output pattern test WARNING: program timed out. FAIL: libmudflap.cth/pass39-frag.c (-static -DSTATIC) execution test FAIL: libmudflap.cth/pass39-frag.c (-static -DSTATIC) output pattern test WARNING: program timed out. FAIL: libmudflap.cth/pass37-frag.c (-O2) execution test FAIL: libmudflap.cth/pass37-frag.c (-O2) output pattern test WARNING: program timed out. FAIL: libmudflap.cth/pass37-frag.c (-O2) (rerun 2) execution test FAIL: libmudflap.cth/pass37-frag.c (-O2) (rerun 2) output pattern test WARNING: program timed out. FAIL: libmudflap.cth/pass39-frag.c (-O2) execution test FAIL: libmudflap.cth/pass39-frag.c (-O2) output pattern test WARNING: program timed out. FAIL: libmudflap.cth/pass39-frag.c (-O2) (rerun 1) execution test FAIL: libmudflap.cth/pass39-frag.c (-O2) (rerun 1) output pattern test WARNING: program timed out. FAIL: libmudflap.cth/pass39-frag.c (-O2) (rerun 2) execution test FAIL: libmudflap.cth/pass39-frag.c (-O2) (rerun 2) output pattern test WARNING: program timed out. FAIL: libmudflap.cth/pass39-frag.c (-O2) (rerun 3) execution test FAIL: libmudflap.cth/pass39-frag.c (-O2) (rerun 3) output pattern test WARNING: program timed out. FAIL: libmudflap.cth/pass39-frag.c (-O2) (rerun 4) execution test FAIL: libmudflap.cth/pass39-frag.c (-O2) (rerun 4) output pattern test WARNING: program timed out. FAIL: libmudflap.cth/pass39-frag.c (-O2) (rerun 5) execution test FAIL: libmudflap.cth/pass39-frag.c (-O2) (rerun 5) output pattern test WARNING: program timed out. FAIL: libmudflap.cth/pass39-frag.c (-O2) (rerun 6) execution test FAIL: libmudflap.cth/pass39-frag.c (-O2) (rerun 6) output pattern test WARNING: program timed out. FAIL: libmudflap.cth/pass39-frag.c (-O2) (rerun 7) execution test FAIL: libmudflap.cth/pass39-frag.c (-O2) (rerun 7) output pattern test WARNING: program timed out. FAIL: libmudflap.cth/pass39-frag.c (-O2) (rerun 11) execution test FAIL: libmudflap.cth/pass39-frag.c (-O2) (rerun 11) output pattern test WARNING: program timed out. FAIL: libmudflap.cth/pass39-frag.c (-O2) (rerun 12) execution test FAIL: libmudflap.cth/pass39-frag.c (-O2) (rerun 12) output pattern test WARNING: program timed out. FAIL: libmudflap.cth/pass39-frag.c (-O2) (rerun 13) execution test FAIL: libmudflap.cth/pass39-frag.c (-O2) (rerun 13) output pattern test WARNING: program timed out. FAIL: libmudflap.cth/pass39-frag.c (-O2) (rerun 14) execution test FAIL: libmudflap.cth/pass39-frag.c (-O2) (rerun 14) output pattern test WARNING: program timed out. FAIL: libmudflap.cth/pass39-frag.c (-O2) (rerun 15) execution test FAIL: libmudflap.cth/pass39-frag.c (-O2) (rerun 15) output pattern test WARNING: program timed out. FAIL: libmudflap.cth/pass39-frag.c (-O2) (rerun 16) execution test FAIL: libmudflap.cth/pass39-frag.c (-O2) (rerun 16) output pattern test WARNING: program timed out. FAIL: libmudflap.cth/pass39-frag.c (-O2) (rerun 17) execution test FAIL: libmudflap.cth/pass39-frag.c (-O2) (rerun 17) output pattern test WARNING: program timed out. FAIL: libmudflap.cth/pass39-frag.c (-O2) (rerun 18) execution test FAIL: libmudflap.cth/pass39-frag.c (-O2) (rerun 18) output pattern test WARNING: program timed out. FAIL: libmudflap.cth/pass39-frag.c (-O2) (rerun 19) execution test FAIL: libmudflap.cth/pass39-frag.c (-O2) (rerun 19) output pattern test WARNING: program timed out. FAIL: libmudflap.cth/pass37-frag.c (-O3) (rerun 19) execution test FAIL: libmudflap.cth/pass37-frag.c (-O3) (rerun 19) output pattern test WARNING: program timed out. FAIL: libmudflap.cth/pass39-frag.c (-O3) execution test WARNING: program timed out. FAIL: libmudflap.cth/pass39-frag.c (-O3) (rerun 1) execution test FAIL: libmudflap.cth/pass39-frag.c (-O3) (rerun 1) output pattern test WARNING: program timed out. FAIL: libmudflap.cth/pass39-frag.c (-O3) (rerun 2) execution test FAIL: libmudflap.cth/pass39-frag.c (-O3) (rerun 2) output pattern test WARNING: program timed out. FAIL: libmudflap.cth/pass39-frag.c (-O3) (rerun 9) execution test FAIL: libmudflap.cth/pass39-frag.c (-O3) (rerun 9) output pattern test WARNING: program timed out. FAIL: libmudflap.cth/pass39-frag.c (-O3) (rerun 10) execution test FAIL: libmudflap.cth/pass39-frag.c (-O3) (rerun 10) output pattern test WARNING: program timed out. FAIL: libmudflap.cth/pass39-frag.c (-O3) (rerun 11) execution test FAIL: libmudflap.cth/pass39-frag.c (-O3) (rerun 11) output pattern test WARNING: program timed out. FAIL: libmudflap.cth/pass39-frag.c (-O3) (rerun 12) execution test FAIL: libmudflap.cth/pass39-frag.c (-O3) (rerun 12) output pattern test WARNING: program timed out. FAIL: libmudflap.cth/pass39-frag.c (-O3) (rerun 13) execution test FAIL: libmudflap.cth/pass39-frag.c (-O3) (rerun 13) output pattern test WARNING: program timed out. FAIL: libmudflap.cth/pass39-frag.c (-O3) (rerun 14) execution test FAIL: libmudflap.cth/pass39-frag.c (-O3) (rerun 14) output pattern test WARNING: program timed out. FAIL: libmudflap.cth/pass39-frag.c (-O3) (rerun 15) execution test FAIL: libmudflap.cth/pass39-frag.c (-O3) (rerun 15) output pattern test WARNING: program timed out. FAIL: libmudflap.cth/pass39-frag.c (-O3) (rerun 16) execution test FAIL: libmudflap.cth/pass39-frag.c (-O3) (rerun 16) output pattern test WARNING: program timed out. FAIL: libmudflap.cth/pass39-frag.c (-O3) (rerun 17) execution test FAIL: libmudflap.cth/pass39-frag.c (-O3) (rerun 17) output pattern test WARNING: program timed out. FAIL: libmudflap.cth/pass39-frag.c (-O3) (rerun 18) execution test FAIL: libmudflap.cth/pass39-frag.c (-O3) (rerun 18) output pattern test === libmudflap Summary === # of expected passes 1191 # of unexpected failures 140 === libstdc++ tests === Running target unix XPASS: 26_numerics/cmath/c99_classification_macros_c.cc (test for excess errors) XPASS: 27_io/fpos/14320-1.cc execution test === libstdc++ Summary === # of expected passes 1182 # of unexpected successes 2 # of expected failures 4 Compiler version: 4.1.0 20050414 (experimental) Platform: ia64-unknown-linux-gnu configure flags: --enable-clocale=gnu --with-system-zlib --with-system-libunwind --enable-shared --enable-threads=posix --enable-haifa --disable-checking --prefix=/usr/gcc-4.1 --with-local-prefix=/usr/local --enable-languages=c,c++,f95,java,objc
Index Nav: | [Date Index] [Subject Index] [Author Index] [Thread Index] | |
---|---|---|
Message Nav: | [Date Prev] [Date Next] | [Thread Prev] [Thread Next] |