This is the mail archive of the
gcc-testresults@gcc.gnu.org
mailing list for the GCC project.
Results for 4.1.0 20050414 (experimental) testsuite on x86_64-unknown-linux-gnu
- From: hjl at gnu-64 dot sc dot intel dot com (H.J. Lu)
- To: gcc-testresults at gcc dot gnu dot org
- Date: Fri, 15 Apr 2005 11:09:02 -0700 (PDT)
- Subject: Results for 4.1.0 20050414 (experimental) testsuite on x86_64-unknown-linux-gnu
LAST_UPDATED: Thu Apr 14 22:45:48 UTC 2005
Native configuration is x86_64-unknown-linux-gnu
=== gcc tests ===
Running target unix/-m32
FAIL: gcc.c-torture/execute/ieee/20010114-2.c execution, -O1
FAIL: gcc.c-torture/execute/ieee/20010114-2.c execution, -O2
FAIL: gcc.c-torture/execute/ieee/20010114-2.c execution, -Os
FAIL: gcc.c-torture/execute/ieee/20030331-1.c execution, -O1
FAIL: gcc.c-torture/execute/ieee/20030331-1.c execution, -O2
FAIL: gcc.c-torture/execute/ieee/20030331-1.c execution, -O3 -fomit-frame-pointer
FAIL: gcc.c-torture/execute/ieee/20030331-1.c execution, -O3 -g
FAIL: gcc.c-torture/execute/ieee/20030331-1.c execution, -Os
FAIL: gcc.c-torture/execute/ieee/980619-1.c execution, -O1
FAIL: gcc.c-torture/execute/ieee/980619-1.c execution, -O2
FAIL: gcc.c-torture/execute/ieee/980619-1.c execution, -O3 -fomit-frame-pointer
FAIL: gcc.c-torture/execute/ieee/980619-1.c execution, -O3 -fomit-frame-pointer -funroll-loops
FAIL: gcc.c-torture/execute/ieee/980619-1.c execution, -O3 -fomit-frame-pointer -funroll-all-loops -finline-functions
FAIL: gcc.c-torture/execute/ieee/980619-1.c execution, -O3 -g
FAIL: gcc.c-torture/execute/ieee/980619-1.c execution, -Os
FAIL: gcc.dg/uninit-1.c uninitialized variable warning (test for bogus messages, line 16)
XPASS: gcc.dg/vect/vect-22.c scan-tree-dump-times vectorized 3 loops 1
XPASS: gcc.dg/vect/vect-67.c scan-tree-dump-times vectorized 1 loops 1
=== gcc Summary for unix/-m32 ===
# of expected passes 34092
# of unexpected failures 16
# of unexpected successes 2
# of expected failures 100
# of untested testcases 28
# of unsupported tests 452
Running target unix
FAIL: gcc.dg/uninit-1.c uninitialized variable warning (test for bogus messages, line 16)
XPASS: gcc.dg/vect/vect-22.c scan-tree-dump-times vectorized 3 loops 1
XPASS: gcc.dg/vect/vect-67.c scan-tree-dump-times vectorized 1 loops 1
WARNING: program timed out.
FAIL: gcc.misc-tests/gcov-8.c execution test
WARNING: program timed out.
FAIL: gcc.misc-tests/gcov-9.c (test for excess errors)
WARNING: program timed out.
FAIL: gcc.misc-tests/gcov-9.c gcov failed:
WARNING: program timed out.
FAIL: gcc.misc-tests/linkage.c compile
WARNING: program timed out.
FAIL: gcc.misc-tests/mg.c
WARNING: program timed out.
FAIL: compiler driver --coverage option(s) (compiler options)
WARNING: program timed out.
FAIL: gcc.misc-tests/shlib/pic/protfunc-1-dso.c, -fPIC -O
WARNING: program timed out.
FAIL: testsuite/protfunc-1-dso.o, -shared
WARNING: program timed out.
FAIL: gcc.misc-tests/shlib/protfunc-1.c compilation, -O
UNRESOLVED: gcc.misc-tests/shlib/protfunc-1.c execution, -O
WARNING: program timed out.
FAIL: gcc.target/i386/vect-args.c (test for excess errors)
WARNING: program timed out.
FAIL: gcc.target/i386/vect-args.c -O (test for excess errors)
WARNING: program timed out.
FAIL: gcc.target/i386/vect-args.c -mmmx (test for excess errors)
WARNING: program timed out.
FAIL: gcc.target/i386/vect-args.c -mmmx -O (test for excess errors)
WARNING: program timed out.
FAIL: gcc.target/i386/vect-args.c -m3dnow (test for excess errors)
WARNING: program timed out.
FAIL: gcc.target/i386/vect-args.c -m3dnow -O (test for excess errors)
WARNING: program timed out.
FAIL: gcc.target/i386/vect-args.c -msse (test for excess errors)
WARNING: program timed out.
FAIL: gcc.target/i386/vect-args.c -msse -O (test for excess errors)
WARNING: program timed out.
FAIL: gcc.target/i386/vect-args.c -msse2 (test for excess errors)
WARNING: program timed out.
FAIL: gcc.target/i386/vect-args.c -msse2 -O (test for excess errors)
WARNING: program timed out.
FAIL: gcc.target/i386/abi-1.c (test for excess errors)
WARNING: program timed out.
FAIL: gcc.target/i386/amd64-abi-1.c (test for errors, line 5)
FAIL: gcc.target/i386/amd64-abi-1.c (test for excess errors)
WARNING: program timed out.
FAIL: gcc.target/i386/defines-1.c (test for excess errors)
WARNING: program timed out.
FAIL: gcc.target/i386/defines-2.c (test for excess errors)
WARNING: program timed out.
FAIL: gcc.target/i386/pr13366.c (test for excess errors)
WARNING: program timed out.
FAIL: gcc.target/i386/sse-1.c (test for excess errors)
WARNING: program timed out.
FAIL: gcc.target/i386/sse-2.c (test for excess errors)
=== gcc Summary for unix ===
# of expected passes 34119
# of unexpected failures 28
# of unexpected successes 2
# of expected failures 104
# of unresolved testcases 1
# of untested testcases 28
# of unsupported tests 446
=== gcc Summary ===
# of expected passes 68211
# of unexpected failures 44
# of unexpected successes 4
# of expected failures 204
# of unresolved testcases 1
# of untested testcases 56
# of unsupported tests 898
WARNING: program timed out.
=== gfortran tests ===
Running target unix/-m32
XPASS: gfortran.dg/ret_pointer_1.f90 -O0 execution test
XPASS: gfortran.dg/ret_pointer_1.f90 -O1 execution test
XPASS: gfortran.dg/ret_pointer_1.f90 -O2 execution test
XPASS: gfortran.dg/ret_pointer_1.f90 -O3 -fomit-frame-pointer execution test
XPASS: gfortran.dg/ret_pointer_1.f90 -O3 -fomit-frame-pointer -funroll-loops execution test
XPASS: gfortran.dg/ret_pointer_1.f90 -O3 -fomit-frame-pointer -funroll-all-loops -finline-functions execution test
XPASS: gfortran.dg/ret_pointer_1.f90 -O3 -g execution test
XPASS: gfortran.dg/ret_pointer_1.f90 -Os execution test
FAIL: gfortran.fortran-torture/execute/forall_3.f90 execution, -O1
=== gfortran Summary for unix/-m32 ===
# of expected passes 6013
# of unexpected failures 1
# of unexpected successes 8
# of expected failures 24
# of unsupported tests 16
Running target unix
XPASS: gfortran.dg/ret_pointer_1.f90 -O0 execution test
XPASS: gfortran.dg/ret_pointer_1.f90 -O1 execution test
XPASS: gfortran.dg/ret_pointer_1.f90 -O2 execution test
XPASS: gfortran.dg/ret_pointer_1.f90 -O3 -fomit-frame-pointer execution test
XPASS: gfortran.dg/ret_pointer_1.f90 -O3 -fomit-frame-pointer -funroll-loops execution test
XPASS: gfortran.dg/ret_pointer_1.f90 -O3 -fomit-frame-pointer -funroll-all-loops -finline-functions execution test
XPASS: gfortran.dg/ret_pointer_1.f90 -O3 -g execution test
XPASS: gfortran.dg/ret_pointer_1.f90 -Os execution test
FAIL: gfortran.fortran-torture/execute/forall_3.f90 execution, -O2
FAIL: gfortran.fortran-torture/execute/forall_3.f90 execution, -O3 -fomit-frame-pointer
FAIL: gfortran.fortran-torture/execute/forall_3.f90 execution, -O3 -fomit-frame-pointer -funroll-loops
FAIL: gfortran.fortran-torture/execute/forall_3.f90 execution, -O3 -fomit-frame-pointer -funroll-all-loops -finline-functions
FAIL: gfortran.fortran-torture/execute/forall_3.f90 execution, -O3 -g
=== gfortran Summary for unix ===
# of expected passes 6006
# of unexpected failures 5
# of unexpected successes 8
# of expected failures 27
# of unsupported tests 16
=== gfortran Summary ===
# of expected passes 12019
# of unexpected failures 6
# of unexpected successes 16
# of expected failures 51
# of unsupported tests 32
/export/build/gnu/gcc/build-x86_64-linux/gcc/testsuite/../gfortran version 4.1.0 20050414 (experimental)
=== g++ tests ===
Running target unix/-m32
FAIL: g++.dg/eh/simd-1.C (test for excess errors)
FAIL: g++.dg/eh/simd-2.C (test for excess errors)
=== g++ Summary for unix/-m32 ===
# of expected passes 10958
# of unexpected failures 2
# of expected failures 66
# of unsupported tests 93
Running target unix
=== g++ Summary for unix ===
# of expected passes 10928
# of expected failures 66
# of unsupported tests 95
=== g++ Summary ===
# of expected passes 21886
# of unexpected failures 2
# of expected failures 132
# of unsupported tests 188
/export/build/gnu/gcc/build-x86_64-linux/gcc/testsuite/../g++ version 4.1.0 20050414 (experimental)
=== objc tests ===
Running target unix/-m32
=== objc Summary for unix/-m32 ===
# of expected passes 1534
# of unsupported tests 11
Running target unix
=== objc Summary for unix ===
# of expected passes 1534
# of unsupported tests 11
=== objc Summary ===
# of expected passes 3068
# of unsupported tests 22
/export/build/gnu/gcc/build-x86_64-linux/gcc/xgcc version 4.1.0 20050414 (experimental)
=== libffi tests ===
Running target unix/-m32
=== libffi Summary for unix/-m32 ===
# of expected passes 219
# of unsupported tests 2
Running target unix
=== libffi Summary for unix ===
# of expected passes 219
# of unsupported tests 2
=== libffi Summary ===
# of expected passes 438
# of unsupported tests 4
=== libjava tests ===
Running target unix/-m32
FAIL: PR16923.c compilation
FAIL: Array_3 -O3 execution - bytecode->native test
=== libjava Summary for unix/-m32 ===
# of expected passes 3802
# of unexpected failures 2
# of expected failures 10
# of untested testcases 9
Running target unix
FAIL: Array_3 -O3 execution - bytecode->native test
=== libjava Summary for unix ===
# of expected passes 3804
# of unexpected failures 1
# of expected failures 10
# of untested testcases 9
=== libjava Summary ===
# of expected passes 7606
# of unexpected failures 3
# of expected failures 20
# of untested testcases 18
=== libmudflap tests ===
Running target unix/-m32
FAIL: libmudflap.cth/pass40-frag.c execution test
FAIL: libmudflap.cth/pass40-frag.c output pattern test
FAIL: libmudflap.cth/pass40-frag.c (-O2) execution test
FAIL: libmudflap.cth/pass40-frag.c (-O2) output pattern test
FAIL: libmudflap.cth/pass40-frag.c (-O3) execution test
FAIL: libmudflap.cth/pass40-frag.c (-O3) output pattern test
=== libmudflap Summary for unix/-m32 ===
# of expected passes 1325
# of unexpected failures 6
Running target unix
=== libmudflap Summary for unix ===
# of expected passes 1331
=== libmudflap Summary ===
# of expected passes 2656
# of unexpected failures 6
=== libstdc++ tests ===
Running target unix/-m32
FAIL: 22_locale/messages/members/char/1.cc execution test
FAIL: 22_locale/messages/members/char/2.cc execution test
FAIL: 22_locale/messages/members/char/wrapped_env.cc execution test
FAIL: 22_locale/messages/members/char/wrapped_locale.cc execution test
FAIL: 22_locale/messages_byname/named_equivalence.cc execution test
XPASS: 26_numerics/cmath/c99_classification_macros_c.cc (test for excess errors)
=== libstdc++ Summary for unix/-m32 ===
# of expected passes 3617
# of unexpected failures 5
# of unexpected successes 1
# of expected failures 12
Running target unix
XPASS: 26_numerics/cmath/c99_classification_macros_c.cc (test for excess errors)
XPASS: 27_io/fpos/14320-1.cc execution test
=== libstdc++ Summary for unix ===
# of expected passes 3622
# of unexpected successes 2
# of expected failures 11
=== libstdc++ Summary ===
# of expected passes 7239
# of unexpected failures 5
# of unexpected successes 3
# of expected failures 23
Compiler version: 4.1.0 20050414 (experimental)
Platform: x86_64-unknown-linux-gnu
configure flags: --enable-clocale=gnu --with-system-zlib --with-demangler-in-ld --enable-shared --enable-threads=posix --enable-haifa --disable-checking --prefix=/usr/gcc-4.1 --with-local-prefix=/usr/local --enable-languages=c,c++,f95,java,objc