This is the mail archive of the
gcc-testresults@gcc.gnu.org
mailing list for the GCC project.
Results for 4.0.0 20050414 (prerelease) testsuite on mips-sgi-irix6.5
- From: Rainer Orth <ro at TechFak dot Uni-Bielefeld dot DE>
- To: gcc-testresults at gcc dot gnu dot org
- Date: Fri, 15 Apr 2005 18:02:34 +0200 (MEST)
- Subject: Results for 4.0.0 20050414 (prerelease) testsuite on mips-sgi-irix6.5
LAST_UPDATED: Fri Feb 25 19:14:57 UTC 2005
Native configuration is mips-sgi-irix6.5
=== g++ tests ===
Running target unix
FAIL: g++.dg/special/conpr-1.C execution test
FAIL: g++.dg/special/conpr-2.C execution test
FAIL: g++.dg/special/conpr-3.C execution test
FAIL: g++.dg/special/conpr-4.C execution test
FAIL: g++.dg/special/initp1.C execution test
=== g++ Summary for unix ===
# of expected passes 10737
# of unexpected failures 5
# of expected failures 70
# of unsupported tests 123
Running target unix/-mabi=32
FAIL: g++.dg/special/conpr-1.C execution test
FAIL: g++.dg/special/conpr-2.C execution test
FAIL: g++.dg/special/conpr-3.C execution test
FAIL: g++.dg/special/conpr-4.C execution test
FAIL: g++.dg/special/initp1.C execution test
=== g++ Summary for unix/-mabi=32 ===
# of expected passes 10737
# of unexpected failures 5
# of expected failures 70
# of unsupported tests 123
Running target unix/-mabi=64
FAIL: g++.dg/special/conpr-1.C execution test
FAIL: g++.dg/special/conpr-2.C execution test
FAIL: g++.dg/special/conpr-3.C execution test
FAIL: g++.dg/special/conpr-4.C execution test
FAIL: g++.dg/special/initp1.C execution test
=== g++ Summary for unix/-mabi=64 ===
# of expected passes 10705
# of unexpected failures 5
# of expected failures 70
# of unsupported tests 125
=== g++ Summary ===
# of expected passes 32179
# of unexpected failures 15
# of expected failures 210
# of unsupported tests 371
/.vol/gcc/obj/gcc-4.0.0-20050414/6.5-gcc/gcc/testsuite/../g++ version 4.0.0 20050414 (prerelease)
=== gcc tests ===
Running target unix
FAIL: gcc.c-torture/execute/20010124-1.c execution, -O0
FAIL: gcc.c-torture/execute/ieee/copysign1.c execution, -O0
FAIL: gcc.c-torture/execute/ieee/copysign1.c execution, -O1
FAIL: gcc.c-torture/execute/ieee/copysign1.c execution, -O2
FAIL: gcc.c-torture/execute/ieee/copysign1.c execution, -O3 -fomit-frame-pointer
FAIL: gcc.c-torture/execute/ieee/copysign1.c execution, -O3 -fomit-frame-pointer -funroll-loops
FAIL: gcc.c-torture/execute/ieee/copysign1.c execution, -O3 -fomit-frame-pointer -funroll-all-loops -finline-functions
FAIL: gcc.c-torture/execute/ieee/copysign1.c execution, -O3 -g
FAIL: gcc.c-torture/execute/ieee/copysign1.c execution, -Os
FAIL: gcc.c-torture/execute/ieee/copysign2.c execution, -O0
FAIL: gcc.c-torture/execute/ieee/copysign2.c execution, -O1
FAIL: gcc.c-torture/execute/ieee/copysign2.c execution, -O2
FAIL: gcc.c-torture/execute/ieee/copysign2.c execution, -O3 -fomit-frame-pointer
FAIL: gcc.c-torture/execute/ieee/copysign2.c execution, -O3 -fomit-frame-pointer -funroll-loops
FAIL: gcc.c-torture/execute/ieee/copysign2.c execution, -O3 -fomit-frame-pointer -funroll-all-loops -finline-functions
FAIL: gcc.c-torture/execute/ieee/copysign2.c execution, -O3 -g
FAIL: gcc.c-torture/execute/ieee/copysign2.c execution, -Os
=== gcc Summary for unix ===
# of expected passes 33025
# of unexpected failures 17
# of expected failures 75
# of untested testcases 28
# of unsupported tests 469
Running target unix/-mabi=32
FAIL: gcc.c-torture/execute/20010124-1.c execution, -O0
FAIL: gcc.c-torture/execute/ieee/copysign1.c execution, -O0
FAIL: gcc.c-torture/execute/ieee/copysign1.c execution, -O1
FAIL: gcc.c-torture/execute/ieee/copysign1.c execution, -O2
FAIL: gcc.c-torture/execute/ieee/copysign1.c execution, -O3 -fomit-frame-pointer
FAIL: gcc.c-torture/execute/ieee/copysign1.c execution, -O3 -fomit-frame-pointer -funroll-loops
FAIL: gcc.c-torture/execute/ieee/copysign1.c execution, -O3 -fomit-frame-pointer -funroll-all-loops -finline-functions
FAIL: gcc.c-torture/execute/ieee/copysign1.c execution, -O3 -g
FAIL: gcc.c-torture/execute/ieee/copysign1.c execution, -Os
FAIL: gcc.dg/tree-ssa/loop-1.c scan-assembler-times foo 5
=== gcc Summary for unix/-mabi=32 ===
# of expected passes 33024
# of unexpected failures 10
# of expected failures 75
# of untested testcases 28
# of unsupported tests 473
Running target unix/-mabi=64
FAIL: gcc.c-torture/execute/20010124-1.c execution, -O0
FAIL: gcc.c-torture/execute/ieee/copysign1.c execution, -O0
FAIL: gcc.c-torture/execute/ieee/copysign1.c execution, -O1
FAIL: gcc.c-torture/execute/ieee/copysign1.c execution, -O2
FAIL: gcc.c-torture/execute/ieee/copysign1.c execution, -O3 -fomit-frame-pointer
FAIL: gcc.c-torture/execute/ieee/copysign1.c execution, -O3 -fomit-frame-pointer -funroll-loops
FAIL: gcc.c-torture/execute/ieee/copysign1.c execution, -O3 -fomit-frame-pointer -funroll-all-loops -finline-functions
FAIL: gcc.c-torture/execute/ieee/copysign1.c execution, -O3 -g
FAIL: gcc.c-torture/execute/ieee/copysign1.c execution, -Os
FAIL: gcc.c-torture/execute/ieee/copysign2.c execution, -O0
FAIL: gcc.c-torture/execute/ieee/copysign2.c execution, -O1
FAIL: gcc.c-torture/execute/ieee/copysign2.c execution, -O2
FAIL: gcc.c-torture/execute/ieee/copysign2.c execution, -O3 -fomit-frame-pointer
FAIL: gcc.c-torture/execute/ieee/copysign2.c execution, -O3 -fomit-frame-pointer -funroll-loops
FAIL: gcc.c-torture/execute/ieee/copysign2.c execution, -O3 -fomit-frame-pointer -funroll-all-loops -finline-functions
FAIL: gcc.c-torture/execute/ieee/copysign2.c execution, -O3 -g
FAIL: gcc.c-torture/execute/ieee/copysign2.c execution, -Os
=== gcc Summary for unix/-mabi=64 ===
# of expected passes 33024
# of unexpected failures 17
# of expected failures 75
# of untested testcases 28
# of unsupported tests 470
=== gcc Summary ===
# of expected passes 99073
# of unexpected failures 44
# of expected failures 225
# of untested testcases 84
# of unsupported tests 1412
/.vol/gcc/obj/gcc-4.0.0-20050414/6.5-gcc/gcc/xgcc version 4.0.0 20050414 (prerelease)
=== objc tests ===
Running target unix
FAIL: objc.dg/stabs-1.m scan-assembler (.SUBSPA.*[\$]CODE[\$]|.text"?)\\n\\t.stabs.*100,0,0,(\\\\.)?L?L[\$]?etext[0-9]*\\n(\\\\.)?L?L[\$]?etext
=== objc Summary for unix ===
# of expected passes 1533
# of unexpected failures 1
# of unsupported tests 10
Running target unix/-mabi=32
FAIL: objc.dg/stabs-1.m scan-assembler (.SUBSPA.*[\$]CODE[\$]|.text"?)\\n\\t.stabs.*100,0,0,(\\\\.)?L?L[\$]?etext[0-9]*\\n(\\\\.)?L?L[\$]?etext
=== objc Summary for unix/-mabi=32 ===
# of expected passes 1533
# of unexpected failures 1
# of unsupported tests 10
Running target unix/-mabi=64
FAIL: objc.dg/stabs-1.m scan-assembler (.SUBSPA.*[\$]CODE[\$]|.text"?)\\n\\t.stabs.*100,0,0,(\\\\.)?L?L[\$]?etext[0-9]*\\n(\\\\.)?L?L[\$]?etext
=== objc Summary for unix/-mabi=64 ===
# of expected passes 1533
# of unexpected failures 1
# of unsupported tests 10
=== objc Summary ===
# of expected passes 4599
# of unexpected failures 3
# of unsupported tests 30
/.vol/gcc/obj/gcc-4.0.0-20050414/6.5-gcc/gcc/xgcc version 4.0.0 20050414 (prerelease)
=== libstdc++ tests ===
Running target unix
FAIL: 18_support/numeric_limits.cc execution test
FAIL: 22_locale/ctype/cons/char/1.cc execution test
=== libstdc++ Summary for unix ===
# of expected passes 2519
# of unexpected failures 2
# of expected failures 11
Running target unix/-mabi=32
FAIL: 22_locale/ctype/cons/char/1.cc execution test
FAIL: 27_io/basic_istream/extractors_arithmetic/char/12.cc execution test
=== libstdc++ Summary for unix/-mabi=32 ===
# of expected passes 2519
# of unexpected failures 2
# of expected failures 11
Running target unix/-mabi=64
FAIL: 18_support/numeric_limits.cc execution test
FAIL: 22_locale/ctype/cons/char/1.cc execution test
=== libstdc++ Summary for unix/-mabi=64 ===
# of expected passes 2519
# of unexpected failures 2
# of expected failures 11
=== libstdc++ Summary ===
# of expected passes 7557
# of unexpected failures 6
# of expected failures 33
Compiler version: 4.0.0 20050414 (prerelease)
Platform: mips-sgi-irix6.5
configure flags: --prefix=/.vol/gcc --with-local-prefix=/.vol/gcc --disable-nls --with-gnu-as --with-as=/homes/ro/bin/gas-2.15 --enable-languages=c,c++,java,objc
BOOT_CFLAGS=-g -O2