This is the mail archive of the
gcc-testresults@gcc.gnu.org
mailing list for the GCC project.
Results for 4.1.0 20050321 (experimental) testsuite on sparc-sun-solaris2.8
- From: Rainer Orth <ro at TechFak dot Uni-Bielefeld dot DE>
- To: gcc-testresults at gcc dot gnu dot org
- Date: Thu, 14 Apr 2005 18:34:59 +0200 (MEST)
- Subject: Results for 4.1.0 20050321 (experimental) testsuite on sparc-sun-solaris2.8
LAST_UPDATED: Mon Mar 21 14:46:39 UTC 2005
=== acats tests ===
FAIL: c32001e
FAIL: c48009j
FAIL: c52011a
FAIL: c52103x
FAIL: c52104x
FAIL: c64105b
FAIL: c94008c
FAIL: c95086b
FAIL: c954025
FAIL: c954026
FAIL: cd2b11a
FAIL: cd2b11b
FAIL: cxa4006
FAIL: cxa4017
=== acats Summary ===
# of expected passes 2306
# of unexpected failures 14
Native configuration is sparc-sun-solaris2.8
=== g++ tests ===
Running target unix
FAIL: g++.dg/other/ucnid-1.C (test for excess errors)
WARNING: g++.dg/other/ucnid-1.C compilation failed to produce executable
=== g++ Summary for unix ===
# of expected passes 10762
# of unexpected failures 1
# of expected failures 67
# of unsupported tests 117
Running target unix/-m64
FAIL: g++.dg/other/ucnid-1.C (test for excess errors)
WARNING: g++.dg/other/ucnid-1.C compilation failed to produce executable
=== g++ Summary for unix/-m64 ===
# of expected passes 10730
# of unexpected failures 1
# of expected failures 67
# of unsupported tests 119
=== g++ Summary ===
# of expected passes 21492
# of unexpected failures 2
# of expected failures 134
# of unsupported tests 236
/amnt/figaro/volumes/obj-gcc/gcc/obj.sol2/gcc-4.1.0-20050321/8-gcc/gcc/testsuite/../g++ version 4.1.0 20050321 (experimental)
=== gcc tests ===
Running target unix
FAIL: gcc.c-torture/compile/20011119-2.c (test for excess errors)
FAIL: gcc.c-torture/compile/20040323-1.c (test for excess errors)
FAIL: gcc.c-torture/compile/20040323-1.c (test for excess errors)
FAIL: gcc.c-torture/compile/20040323-1.c (test for excess errors)
FAIL: gcc.c-torture/compile/20040323-1.c (test for excess errors)
FAIL: gcc.c-torture/compile/20040323-1.c (test for excess errors)
FAIL: gcc.c-torture/compile/20040323-1.c (test for excess errors)
FAIL: gcc.dg/ucnid-2.c (test for excess errors)
WARNING: gcc.dg/ucnid-2.c compilation failed to produce executable
FAIL: gcc.dg/ucnid-3.c (test for excess errors)
WARNING: gcc.dg/ucnid-3.c compilation failed to produce executable
FAIL: gcc.dg/ucnid-4.c (test for excess errors)
WARNING: gcc.dg/ucnid-4.c compilation failed to produce executable
FAIL: gcc.dg/ucnid-6.c (test for excess errors)
WARNING: gcc.dg/ucnid-6.c compilation failed to produce executable
=== gcc Summary for unix ===
# of expected passes 33175
# of unexpected failures 11
# of expected failures 101
# of untested testcases 28
# of unsupported tests 531
Running target unix/-m64
FAIL: gcc.c-torture/compile/20011119-2.c (test for excess errors)
FAIL: gcc.c-torture/compile/20040323-1.c (test for excess errors)
FAIL: gcc.c-torture/compile/20040323-1.c (test for excess errors)
FAIL: gcc.c-torture/compile/20040323-1.c (test for excess errors)
FAIL: gcc.c-torture/compile/20040323-1.c (test for excess errors)
FAIL: gcc.c-torture/compile/20040323-1.c (test for excess errors)
FAIL: gcc.c-torture/compile/20040323-1.c (test for excess errors)
FAIL: gcc.dg/ucnid-2.c (test for excess errors)
WARNING: gcc.dg/ucnid-2.c compilation failed to produce executable
FAIL: gcc.dg/ucnid-3.c (test for excess errors)
WARNING: gcc.dg/ucnid-3.c compilation failed to produce executable
FAIL: gcc.dg/ucnid-4.c (test for excess errors)
WARNING: gcc.dg/ucnid-4.c compilation failed to produce executable
FAIL: gcc.dg/ucnid-6.c (test for excess errors)
WARNING: gcc.dg/ucnid-6.c compilation failed to produce executable
=== gcc Summary for unix/-m64 ===
# of expected passes 33170
# of unexpected failures 11
# of expected failures 101
# of untested testcases 28
# of unsupported tests 533
=== gcc Summary ===
# of expected passes 66345
# of unexpected failures 22
# of expected failures 202
# of untested testcases 56
# of unsupported tests 1064
/amnt/figaro/volumes/obj-gcc/gcc/obj.sol2/gcc-4.1.0-20050321/8-gcc/gcc/xgcc version 4.1.0 20050321 (experimental)
=== gfortran tests ===
Running target unix
XPASS: gfortran.dg/ret_pointer_1.f90 execution test
XPASS: gfortran.dg/ret_pointer_1.f90 execution test
XPASS: gfortran.dg/ret_pointer_1.f90 execution test
XPASS: gfortran.dg/ret_pointer_1.f90 execution test
XPASS: gfortran.dg/ret_pointer_1.f90 execution test
XPASS: gfortran.dg/ret_pointer_1.f90 execution test
XPASS: gfortran.dg/ret_pointer_1.f90 execution test
FAIL: gfortran.fortran-torture/execute/forall_3.f90 execution, -O1
=== gfortran Summary for unix ===
# of expected passes 5591
# of unexpected failures 1
# of unexpected successes 7
# of expected failures 19
# of unsupported tests 8
Running target unix/-m64
XPASS: gfortran.dg/ret_pointer_1.f90 execution test
XPASS: gfortran.dg/ret_pointer_1.f90 execution test
XPASS: gfortran.dg/ret_pointer_1.f90 execution test
XPASS: gfortran.dg/ret_pointer_1.f90 execution test
XPASS: gfortran.dg/ret_pointer_1.f90 execution test
XPASS: gfortran.dg/ret_pointer_1.f90 execution test
XPASS: gfortran.dg/ret_pointer_1.f90 execution test
XPASS: gfortran.dg/ret_pointer_1.f90 execution test
FAIL: gfortran.fortran-torture/execute/forall_3.f90 execution, -O0
FAIL: gfortran.fortran-torture/execute/forall_3.f90 execution, -O1
=== gfortran Summary for unix/-m64 ===
# of expected passes 5590
# of unexpected failures 2
# of unexpected successes 8
# of expected failures 18
# of unsupported tests 8
=== gfortran Summary ===
# of expected passes 11181
# of unexpected failures 3
# of unexpected successes 15
# of expected failures 37
# of unsupported tests 16
/amnt/figaro/volumes/obj-gcc/gcc/obj.sol2/gcc-4.1.0-20050321/8-gcc/gcc/testsuite/../gfortran version 4.1.0 20050321 (experimental)
=== objc tests ===
Running target unix
=== objc Summary for unix ===
# of expected passes 1534
# of unsupported tests 10
Running target unix/-m64
=== objc Summary for unix/-m64 ===
# of expected passes 1534
# of unsupported tests 10
=== objc Summary ===
# of expected passes 3068
# of unsupported tests 20
/amnt/figaro/volumes/obj-gcc/gcc/obj.sol2/gcc-4.1.0-20050321/8-gcc/gcc/xgcc version 4.1.0 20050321 (experimental)
=== libffi tests ===
Running target unix
=== libffi Summary for unix ===
# of expected passes 219
# of unsupported tests 2
Running target unix/-m64
=== libffi Summary for unix/-m64 ===
# of expected passes 219
# of unsupported tests 2
=== libffi Summary ===
# of expected passes 438
# of unsupported tests 4
=== libjava tests ===
Running target unix
FAIL: PR16923.c compilation
FAIL: Array_3 execution - gij test
FAIL: Array_3 execution - gij test
FAIL: FileHandleGcTest execution - source compiled test
FAIL: FileHandleGcTest execution - gij test
FAIL: FileHandleGcTest execution - bytecode->native test
FAIL: FileHandleGcTest -O3 execution - source compiled test
FAIL: FileHandleGcTest execution - gij test
FAIL: FileHandleGcTest -O3 execution - bytecode->native test
=== libjava Summary for unix ===
# of expected passes 3770
# of unexpected failures 9
# of expected failures 10
# of untested testcases 16
Running target unix/-m64
ERROR: tcl error sourcing /vol/gnu/src/gcc/gcc-dist/libjava/testsuite/libjava.compile/compile.exp.
ERROR: can't read "x": no such variable
FAIL: PR16923.c compilation
FAIL: Array_3 execution - gij test
FAIL: Array_3 execution - gij test
FAIL: FileHandleGcTest execution - source compiled test
FAIL: FileHandleGcTest execution - gij test
FAIL: FileHandleGcTest execution - bytecode->native test
FAIL: FileHandleGcTest -O3 execution - source compiled test
FAIL: FileHandleGcTest execution - gij test
FAIL: FileHandleGcTest -O3 execution - bytecode->native test
FAIL: Process_6 execution - gij test
FAIL: Throw_2 execution - gij test
FAIL: Throw_2 execution - gij test
=== libjava Summary for unix/-m64 ===
# of expected passes 3477
# of unexpected failures 12
# of expected failures 6
# of untested testcases 11
=== libjava Summary ===
# of expected passes 7247
# of unexpected failures 21
# of expected failures 16
# of untested testcases 27
=== libstdc++ tests ===
Running target unix
=== libstdc++ Summary for unix ===
# of expected passes 3617
# of expected failures 10
Running target unix/-m64
=== libstdc++ Summary for unix/-m64 ===
# of expected passes 3617
# of expected failures 10
=== libstdc++ Summary ===
# of expected passes 7234
# of expected failures 20
Compiler version: 4.1.0 20050321 (experimental)
Platform: sparc-sun-solaris2.8
configure flags: --prefix=/vol/gcc --with-local-prefix=/vol/gcc --disable-nls --with-gmp-dir=/vol/gnu/obj/gmp-4.1.3 --with-mpfr-dir=/vol/gnu/obj/gmp-4.1.3 --disable-libmudflap --enable-languages=c,ada,c++,f95,java,objc
BOOT_CFLAGS=-g -O2