This is the mail archive of the
gcc-testresults@gcc.gnu.org
mailing list for the GCC project.
Results for 4.1.0 20050412 (experimental) testsuite on i686-pc-linux-gnu
- From: CodeSourcery Automatic Testing System <gcc at codesourcery dot com>
- To: gcc-testresults at gcc dot gnu dot org
- Date: Tue, 12 Apr 2005 03:11:22 -0700
- Subject: Results for 4.1.0 20050412 (experimental) testsuite on i686-pc-linux-gnu
LAST_UPDATED: Tue Apr 12 08:00:21 UTC 2005
Native configuration is i686-pc-linux-gnu
=== g++ tests ===
Running target unix
=== g++ Summary ===
# of expected passes 11002
# of expected failures 66
# of unsupported tests 61
/scratch/gcc/nightly-2005-04-12-mainline/i686-pc-linux-gnu/build_gcc/build/gcc/testsuite/../g++ version 4.1.0 20050412 (experimental)
=== gcc tests ===
Running target unix
FAIL: gcc.dg/uninit-1.c uninitialized variable warning (test for bogus messages, line 16)
FAIL: gcc.dg/tree-ssa/alias-1.c (test for excess errors)
ERROR: gcc.dg/tree-ssa/alias-1.c: error executing dg-final: no files matched glob pattern "alias-1.c.t??.optimized"
UNRESOLVED: gcc.dg/tree-ssa/alias-1.c: error executing dg-final: no files matched glob pattern "alias-1.c.t??.optimized"
XPASS: gcc.dg/vect/vect-22.c scan-tree-dump-times vectorized 3 loops 1
XPASS: gcc.dg/vect/vect-67.c scan-tree-dump-times vectorized 1 loops 1
FAIL: gcc.dg/vect/vect-ifcvt-2.c scan-tree-dump-times vectorized 1 loops 1
FAIL: gcc.dg/vect/vect-ifcvt-3.c scan-tree-dump-times vectorized 1 loops 1
FAIL: gcc.dg/vect/vect-ifcvt-4.c scan-tree-dump-times vectorized 1 loops 1
FAIL: gcc.dg/vect/vect-ifcvt-5.c scan-tree-dump-times vectorized 1 loops 1
FAIL: gcc.dg/vect/vect-ifcvt-6.c scan-tree-dump-times vectorized 1 loops 1
FAIL: gcc.dg/vect/vect-ifcvt-7.c scan-tree-dump-times vectorized 1 loops 1
FAIL: gcc.dg/vect/vect-ifcvt-9.c scan-tree-dump-times vectorized 1 loops 2
FAIL: gcc.dg/vect/vect-none.c scan-tree-dump-times vectorized 1 loops 1
FAIL: gcc.dg/vect/vect-none.c scan-tree-dump-times vectorized 0 loops 2
=== gcc Summary ===
# of expected passes 34385
# of unexpected failures 11
# of unexpected successes 2
# of expected failures 99
# of unresolved testcases 1
# of untested testcases 28
# of unsupported tests 332
/scratch/gcc/nightly-2005-04-12-mainline/i686-pc-linux-gnu/build_gcc/build/gcc/xgcc version 4.1.0 20050412 (experimental)
=== libstdc++ tests ===
Running target unix
XPASS: 26_numerics/cmath/c99_classification_macros_c.cc (test for excess errors)
=== libstdc++ Summary ===
# of expected passes 3622
# of unexpected successes 1
# of expected failures 12
Compiler version: 4.1.0 20050412 (experimental)
Platform: i686-pc-linux-gnu
configure flags: --prefix=/home/gcc/scratch/nightly-2005-04-12-mainline/i686-pc-linux-gnu/build_gcc/install --enable-threads --disable-libmudflap --enable-languages=c,c++