This is the mail archive of the
gcc-testresults@gcc.gnu.org
mailing list for the GCC project.
Results for 4.0.0 20050410 (prerelease) testsuite on mips-unknown-elf
- From: Richard Sandiford <rsandifo at redhat dot com>
- To: gcc-testresults at gcc dot gnu dot org
- Date: Mon, 11 Apr 2005 18:21:01 GMT
- Subject: Results for 4.0.0 20050410 (prerelease) testsuite on mips-unknown-elf
LAST_UPDATED: Obtained from CVS: -rgcc-4_0-branch
Target is mips-unknown-elf
Host is i686-pc-linux-gnulibc2.3
=== gcc tests ===
Running target mips-sim/-EB
WARNING: program timed out.
FAIL: gcc.c-torture/compile/20001226-1.c -O3 -g (test for excess errors)
FAIL: gcc.c-torture/execute/ieee/copysign1.c execution, -O0
FAIL: gcc.c-torture/execute/ieee/copysign1.c execution, -O1
FAIL: gcc.c-torture/execute/ieee/copysign1.c execution, -O2
FAIL: gcc.c-torture/execute/ieee/copysign1.c execution, -O3 -fomit-frame-pointer
FAIL: gcc.c-torture/execute/ieee/copysign1.c execution, -O3 -fomit-frame-pointer -funroll-loops
FAIL: gcc.c-torture/execute/ieee/copysign1.c execution, -O3 -fomit-frame-pointer -funroll-all-loops -finline-functions
FAIL: gcc.c-torture/execute/ieee/copysign1.c execution, -O3 -g
FAIL: gcc.c-torture/execute/ieee/copysign1.c execution, -Os
FAIL: gcc.dg/pch/system-1.c -Os assembly comparison
FAIL: gcc.dg/special/gcsec-1.c execution test
XPASS: gcc.dg/tree-ssa/20040204-1.c scan-tree-dump-times link_error 0
=== gcc Summary for mips-sim/-EB ===
# of expected passes 32897
# of unexpected failures 11
# of unexpected successes 1
# of expected failures 74
# of untested testcases 28
# of unsupported tests 463
Running target mips-sim/-EL
WARNING: program timed out.
FAIL: gcc.c-torture/compile/20001226-1.c -O3 -g (test for excess errors)
FAIL: gcc.c-torture/execute/ieee/copysign1.c execution, -O0
FAIL: gcc.c-torture/execute/ieee/copysign1.c execution, -O1
FAIL: gcc.c-torture/execute/ieee/copysign1.c execution, -O2
FAIL: gcc.c-torture/execute/ieee/copysign1.c execution, -O3 -fomit-frame-pointer
FAIL: gcc.c-torture/execute/ieee/copysign1.c execution, -O3 -fomit-frame-pointer -funroll-loops
FAIL: gcc.c-torture/execute/ieee/copysign1.c execution, -O3 -fomit-frame-pointer -funroll-all-loops -finline-functions
FAIL: gcc.c-torture/execute/ieee/copysign1.c execution, -O3 -g
FAIL: gcc.c-torture/execute/ieee/copysign1.c execution, -Os
FAIL: gcc.dg/special/gcsec-1.c execution test
XPASS: gcc.dg/tree-ssa/20040204-1.c scan-tree-dump-times link_error 0
=== gcc Summary for mips-sim/-EL ===
# of expected passes 32898
# of unexpected failures 10
# of unexpected successes 1
# of expected failures 74
# of untested testcases 28
# of unsupported tests 463
Running target mips-sim/-msoft-float/-EB
FAIL: gcc.c-torture/execute/20020720-1.c compilation, -O1
UNRESOLVED: gcc.c-torture/execute/20020720-1.c execution, -O1
FAIL: gcc.c-torture/execute/20020720-1.c compilation, -O2
UNRESOLVED: gcc.c-torture/execute/20020720-1.c execution, -O2
FAIL: gcc.c-torture/execute/20020720-1.c compilation, -O3 -fomit-frame-pointer
UNRESOLVED: gcc.c-torture/execute/20020720-1.c execution, -O3 -fomit-frame-pointer
FAIL: gcc.c-torture/execute/20020720-1.c compilation, -O3 -g
UNRESOLVED: gcc.c-torture/execute/20020720-1.c execution, -O3 -g
FAIL: gcc.c-torture/execute/20020720-1.c compilation, -Os
UNRESOLVED: gcc.c-torture/execute/20020720-1.c execution, -Os
FAIL: gcc.dg/special/gcsec-1.c execution test
XPASS: gcc.dg/tree-ssa/20040204-1.c scan-tree-dump-times link_error 0
=== gcc Summary for mips-sim/-msoft-float/-EB ===
# of expected passes 32897
# of unexpected failures 6
# of unexpected successes 1
# of expected failures 74
# of unresolved testcases 5
# of untested testcases 28
# of unsupported tests 463
Running target mips-sim/-msoft-float/-EL
FAIL: gcc.c-torture/execute/20020720-1.c compilation, -O1
UNRESOLVED: gcc.c-torture/execute/20020720-1.c execution, -O1
FAIL: gcc.c-torture/execute/20020720-1.c compilation, -O2
UNRESOLVED: gcc.c-torture/execute/20020720-1.c execution, -O2
FAIL: gcc.c-torture/execute/20020720-1.c compilation, -O3 -fomit-frame-pointer
UNRESOLVED: gcc.c-torture/execute/20020720-1.c execution, -O3 -fomit-frame-pointer
FAIL: gcc.c-torture/execute/20020720-1.c compilation, -O3 -g
UNRESOLVED: gcc.c-torture/execute/20020720-1.c execution, -O3 -g
FAIL: gcc.c-torture/execute/20020720-1.c compilation, -Os
UNRESOLVED: gcc.c-torture/execute/20020720-1.c execution, -Os
FAIL: gcc.dg/special/gcsec-1.c execution test
XPASS: gcc.dg/tree-ssa/20040204-1.c scan-tree-dump-times link_error 0
=== gcc Summary for mips-sim/-msoft-float/-EL ===
# of expected passes 32897
# of unexpected failures 6
# of unexpected successes 1
# of expected failures 74
# of unresolved testcases 5
# of untested testcases 28
# of unsupported tests 463
=== gcc Summary ===
# of expected passes 131589
# of unexpected failures 33
# of unexpected successes 4
# of expected failures 296
# of unresolved testcases 10
# of untested testcases 112
# of unsupported tests 1852
/discer/es/scratch/rsandifo/gcc/gcc-4.0.0-20050410/mips-elf/i686-pc-linux-gnulibc2.3/gcc/xgcc version 4.0.0 20050410 (prerelease)
Host is i686-pc-linux-gnulibc2.3
=== g++ tests ===
Running target mips-sim/-EB
FAIL: g++.dg/warn/Wdtor1.C (test for excess errors)
=== g++ Summary for mips-sim/-EB ===
# of expected passes 10713
# of unexpected failures 1
# of expected failures 70
# of unsupported tests 110
Running target mips-sim/-EL
FAIL: g++.dg/warn/Wdtor1.C (test for excess errors)
=== g++ Summary for mips-sim/-EL ===
# of expected passes 10713
# of unexpected failures 1
# of expected failures 70
# of unsupported tests 110
Running target mips-sim/-msoft-float/-EB
FAIL: g++.dg/warn/Wdtor1.C (test for excess errors)
=== g++ Summary for mips-sim/-msoft-float/-EB ===
# of expected passes 10713
# of unexpected failures 1
# of expected failures 70
# of unsupported tests 110
Running target mips-sim/-msoft-float/-EL
FAIL: g++.dg/warn/Wdtor1.C (test for excess errors)
ERROR: tcl error sourcing /es/scratch/rsandifo/gcc/gcc-4.0.0-20050410/gcc/gcc/testsuite/g++.dg/pch/pch.exp.
ERROR: error renaming "system-1.s" to "system-1.s-gch": file already exists
=== g++ Summary for mips-sim/-msoft-float/-EL ===
# of expected passes 10669
# of unexpected failures 1
# of expected failures 70
# of untested testcases 1
# of unsupported tests 110
=== g++ Summary ===
# of expected passes 42808
# of unexpected failures 4
# of expected failures 280
# of untested testcases 1
# of unsupported tests 440
/discer/es/scratch/rsandifo/gcc/gcc-4.0.0-20050410/mips-elf/i686-pc-linux-gnulibc2.3/gcc/testsuite/../g++ version 4.0.0 20050410 (prerelease)
Compiler version: 4.0.0 20050410 (prerelease)
Platform: mips-unknown-elf
configure flags: --prefix=/es/scratch/rsandifo/usr/gcc-4.0.0-20050410 --exec-prefix=/es/scratch/rsandifo/usr/gcc-4.0.0-20050410/H-i686-pc-linux-gnulibc2.3 --build=i686-pc-linux-gnulibc2.3 --host=i686-pc-linux-gnulibc2.3 --target=mips-elf --with-gnu-as --with-as=/es/scratch/rsandifo/usr/binutils-2_16-branch/H-i686-pc-linux-gnulibc2.3/bin/mips-elf-as --with-gnu-ld --with-ld=/es/scratch/rsandifo/usr/binutils-2_16-branch/H-i686-pc-linux-gnulibc2.3/bin/mips-elf-ld --enable-languages=c,c++