This is the mail archive of the
gcc-testresults@gcc.gnu.org
mailing list for the GCC project.
Results for 4.1.0 20050406 (experimental) testsuite on s390x-ibm-linux-gnu
- From: Ulrich Weigand <uweigand at de dot ibm dot com>
- To: gcc-testresults at gcc dot gnu dot org
- Date: Wed, 6 Apr 2005 18:44:58 +0200
- Subject: Results for 4.1.0 20050406 (experimental) testsuite on s390x-ibm-linux-gnu
LAST_UPDATED:
=== acats tests ===
FAIL: c32001e
FAIL: c52011a
FAIL: c52103x
FAIL: c64105b
FAIL: c95086b
FAIL: cd2b11a
FAIL: cd2b11b
FAIL: cdd2a02
FAIL: cxb5002
=== acats Summary ===
# of expected passes 2311
# of unexpected failures 9
Native configuration is s390x-ibm-linux-gnu
=== g++ tests ===
Running target unix
FAIL: g++.dg/abi/empty6.C (test for warnings, line 6)
XPASS: g++.old-deja/g++.other/init5.C execution test
=== g++ Summary ===
# of expected passes 10911
# of unexpected failures 1
# of unexpected successes 1
# of expected failures 65
# of unsupported tests 95
/mnt/dasdc1/fsf/gcc-head-build/gcc/testsuite/../g++ version 4.1.0 20050406 (experimental)
=== gcc tests ===
Running target unix
FAIL: gcc.dg/20020425-1.c (test for excess errors)
FAIL: gcc.dg/uninit-4.c uninitialized variable warning PR19833 (test for bogus messages, line 26)
XPASS: gcc.dg/tree-ssa/20040204-1.c scan-tree-dump-times link_error 0
XPASS: gcc.dg/tree-ssa/sra-2.c scan-tree-dump-times link_error 0
=== gcc Summary ===
# of expected passes 33475
# of unexpected failures 2
# of unexpected successes 2
# of expected failures 74
# of untested testcases 28
# of unsupported tests 496
/mnt/dasdc1/fsf/gcc-head-build/gcc/xgcc version 4.1.0 20050406 (experimental)
=== gfortran tests ===
Running target unix
XPASS: gfortran.dg/ret_pointer_1.f90 -O0 execution test
XPASS: gfortran.dg/ret_pointer_1.f90 -O1 execution test
XPASS: gfortran.dg/ret_pointer_1.f90 -O2 execution test
XPASS: gfortran.dg/ret_pointer_1.f90 -O3 -fomit-frame-pointer execution test
XPASS: gfortran.dg/ret_pointer_1.f90 -O3 -fomit-frame-pointer -funroll-loops execution test
XPASS: gfortran.dg/ret_pointer_1.f90 -O3 -fomit-frame-pointer -funroll-all-loops -finline-functions execution test
XPASS: gfortran.dg/ret_pointer_1.f90 -O3 -g execution test
XPASS: gfortran.dg/ret_pointer_1.f90 -Os execution test
FAIL: gfortran.fortran-torture/execute/forall_3.f90 execution, -O1
FAIL: gfortran.fortran-torture/execute/forall_3.f90 execution, -O2
FAIL: gfortran.fortran-torture/execute/forall_3.f90 execution, -O3 -fomit-frame-pointer
FAIL: gfortran.fortran-torture/execute/forall_3.f90 execution, -O3 -fomit-frame-pointer -funroll-loops
FAIL: gfortran.fortran-torture/execute/forall_3.f90 execution, -O3 -fomit-frame-pointer -funroll-all-loops -finline-functions
FAIL: gfortran.fortran-torture/execute/forall_3.f90 execution, -O3 -g
FAIL: gfortran.fortran-torture/execute/forall_3.f90 execution, -Os
FAIL: gfortran.fortran-torture/execute/where_3.f90 execution, -O2
FAIL: gfortran.fortran-torture/execute/where_3.f90 execution, -O3 -fomit-frame-pointer
FAIL: gfortran.fortran-torture/execute/where_3.f90 execution, -O3 -fomit-frame-pointer -funroll-loops
FAIL: gfortran.fortran-torture/execute/where_3.f90 execution, -O3 -fomit-frame-pointer -funroll-all-loops -finline-functions
FAIL: gfortran.fortran-torture/execute/where_3.f90 execution, -O3 -g
=== gfortran Summary ===
# of expected passes 5698
# of unexpected failures 12
# of unexpected successes 8
# of expected failures 18
# of unsupported tests 16
/mnt/dasdc1/fsf/gcc-head-build/gcc/testsuite/../gfortran version 4.1.0 20050406 (experimental)
=== objc tests ===
Running target unix
=== objc Summary ===
# of expected passes 1534
# of unsupported tests 10
/mnt/dasdc1/fsf/gcc-head-build/gcc/xgcc version 4.1.0 20050406 (experimental)
=== libffi tests ===
Running target unix
=== libffi Summary ===
# of expected passes 219
# of unsupported tests 2
=== libjava tests ===
Running target unix
FAIL: ArrayClass -O3 compilation from source
FAIL: PR12857 -O3 compilation from source
FAIL: PR13024 -O3 compilation from source
FAIL: PR13024 -O3 compilation from bytecode
FAIL: PR16249 -O3 compilation from source
FAIL: PR16249 -O3 compilation from bytecode
FAIL: PR4766 -O3 compilation from source
FAIL: PR4766 -O3 compilation from bytecode
FAIL: ArrayStore -O3 compilation from source
FAIL: ArrayStore -O3 compilation from bytecode
FAIL: ArrayStore2 -O3 compilation from source
FAIL: ArrayStore2 -O3 compilation from bytecode
FAIL: Array_1 -O3 compilation from source
FAIL: Array_3 -O3 compilation from source
FAIL: Array_3 -O3 compilation from bytecode
FAIL: Class_1 -O3 compilation from source
FAIL: Divide_1 -O3 compilation from source
FAIL: Divide_1 -O3 compilation from bytecode
FAIL: Final -O3 compilation from source
FAIL: G19990302_02 -O3 compilation from source
FAIL: G19990302_02 -O3 compilation from bytecode
FAIL: G19990303_01 -O3 compilation from source
FAIL: G19990303_01 -O3 compilation from bytecode
FAIL: G19990303_02 -O3 compilation from source
FAIL: G19990303_02 -O3 compilation from bytecode
FAIL: G19990304_01 -O3 compilation from source
FAIL: G19990304_01 -O3 compilation from bytecode
FAIL: G19990310_01 -O3 compilation from source
FAIL: G19990310_01 -O3 compilation from bytecode
FAIL: InterfaceDispatch -O3 compilation from source
FAIL: InterfaceDispatch -O3 compilation from bytecode
FAIL: InvokeInterface -O3 compilation from source
FAIL: InvokeReturn -O3 compilation from source
FAIL: InvokeReturn -O3 compilation from bytecode
FAIL: Invoke_1 -O3 compilation from source
FAIL: Invoke_1 -O3 compilation from bytecode
FAIL: KeepInline -O3 compilation from source
FAIL: KeepInline -O3 compilation from bytecode
FAIL: LargeFile -O3 compilation from source
FAIL: LargeFile -O3 compilation from bytecode
FAIL: PR12416 -O3 compilation from source
FAIL: PR141 -O3 compilation from source
FAIL: PR218 -O3 compilation from source
FAIL: PR218 -O3 compilation from bytecode
FAIL: PR260 -O3 compilation from source
FAIL: Process_1 -O3 compilation from source
FAIL: Process_1 -O3 compilation from bytecode
FAIL: Process_2 -O3 compilation from source
FAIL: Process_2 -O3 compilation from bytecode
FAIL: Process_3 -O3 compilation from source
FAIL: Process_3 -O3 compilation from bytecode
FAIL: Process_4 -O3 compilation from source
FAIL: Process_4 -O3 compilation from bytecode
FAIL: Process_5 -O3 compilation from source
FAIL: Process_5 -O3 compilation from bytecode
FAIL: Process_6 -O3 compilation from source
FAIL: Process_6 -O3 compilation from bytecode
FAIL: StringBuffer_1 -O3 compilation from source
FAIL: StringBuffer_overflow -O3 compilation from source
FAIL: String_overflow -O3 compilation from source
FAIL: SyncGlobal -O3 compilation from source
FAIL: SyncGlobal -O3 compilation from bytecode
FAIL: SyncTest -O3 compilation from source
FAIL: SyncTest -O3 compilation from bytecode
FAIL: TLtest -O3 compilation from source
FAIL: TLtest -O3 compilation from bytecode
FAIL: TestProxy -O3 compilation from source
FAIL: TestProxy -O3 compilation from bytecode
FAIL: Thread_Alive -O3 compilation from source
FAIL: Thread_Alive -O3 compilation from bytecode
FAIL: Thread_HoldsLock -O3 compilation from source
FAIL: Thread_HoldsLock -O3 compilation from bytecode
FAIL: Thread_Interrupt -O3 compilation from source
FAIL: Thread_Interrupt -O3 compilation from bytecode
FAIL: Thread_Join -O3 compilation from source
FAIL: Thread_Join -O3 compilation from bytecode
FAIL: Thread_Monitor -O3 compilation from source
FAIL: Thread_Monitor -O3 compilation from bytecode
FAIL: Thread_Sleep -O3 compilation from source
FAIL: Thread_Sleep -O3 compilation from bytecode
FAIL: Thread_Wait -O3 compilation from source
FAIL: Thread_Wait -O3 compilation from bytecode
FAIL: Thread_Wait_2 -O3 compilation from source
FAIL: Thread_Wait_2 -O3 compilation from bytecode
FAIL: Thread_Wait_Interrupt -O3 compilation from source
FAIL: Thread_Wait_Interrupt -O3 compilation from bytecode
FAIL: Throw_1 -O3 compilation from source
FAIL: Throw_2 -O3 compilation from source
FAIL: Throw_2 -O3 compilation from bytecode
FAIL: assign2 -O3 compilation from source
FAIL: assign2 -O3 compilation from bytecode
FAIL: initexc -O3 compilation from source
FAIL: initexc -O3 compilation from bytecode
FAIL: instinit2 -O3 compilation from source
FAIL: instinit2 -O3 compilation from bytecode
FAIL: invokethrow -O3 compilation from source
FAIL: md5test -O3 compilation from source
FAIL: md5test -O3 compilation from bytecode
FAIL: newarray_overflow -O3 compilation from source
FAIL: newarray_overflow -O3 compilation from bytecode
FAIL: pr13107_3 -O3 compilation from source
FAIL: pr13107_3 -O3 compilation from bytecode
FAIL: pr179 -O3 compilation from source
FAIL: pr184 -O3 compilation from source
FAIL: pr8415 -O3 compilation from source
FAIL: shatest -O3 compilation from source
FAIL: stringconst2 -O3 compilation from source
FAIL: stringconst2 -O3 compilation from bytecode
=== libjava Summary ===
# of expected passes 3482
# of unexpected failures 108
# of expected failures 8
# of untested testcases 208
=== libmudflap tests ===
Running target unix
=== libmudflap Summary ===
# of expected passes 1308
=== libstdc++ tests ===
Running target unix
XPASS: 26_numerics/cmath/c99_classification_macros_c.cc (test for excess errors)
XPASS: 27_io/fpos/14320-1.cc execution test
=== libstdc++ Summary ===
# of expected passes 3618
# of unexpected successes 2
# of expected failures 11
Compiler version: 4.1.0 20050406 (experimental)
Platform: s390x-ibm-linux-gnu
configure flags: --prefix=/home/uweigand/fsf/gcc-head-install --enable-__cxa_atexit --disable-multilib --enable-languages=c,ada,c++,f95,java,objc