This is the mail archive of the
gcc-testresults@gcc.gnu.org
mailing list for the GCC project.
Results for 4.0.0 20050405 (prerelease) testsuite on hppa64-hp-hpux11.11
- From: CodeSourcery Automatic Testing System <gcc at codesourcery dot com>
- To: gcc-testresults at gcc dot gnu dot org
- Date: Tue, 5 Apr 2005 11:43:23 -0700
- Subject: Results for 4.0.0 20050405 (prerelease) testsuite on hppa64-hp-hpux11.11
LAST_UPDATED: Tue Apr 5 08:27:16 UTC 2005
Native configuration is hppa64-hp-hpux11.11
=== g++ tests ===
Running target unix
=== g++ Summary ===
# of expected passes 10336
# of expected failures 70
# of unsupported tests 106
/scratch/gcc/nightly-2005-04-05-4.0/hppa64-hp-hpux11.11/build_gcc/build/gcc/testsuite/../g++ version 4.0.0 20050405 (prerelease)
=== gcc tests ===
Running target unix
WARNING: Could not compile gcc.dg/compat/struct-layout-1 generator
FAIL: gcc.dg/20020425-1.c (test for excess errors)
XPASS: gcc.dg/funcorder.c scan-assembler-not link_error,%r
FAIL: gcc.dg/torture/asm-subreg-1.c -O1 (test for excess errors)
FAIL: gcc.dg/torture/asm-subreg-1.c -O2 (test for excess errors)
FAIL: gcc.dg/torture/asm-subreg-1.c -O3 -fomit-frame-pointer (test for excess errors)
FAIL: gcc.dg/torture/asm-subreg-1.c -O3 -g (test for excess errors)
FAIL: gcc.dg/torture/asm-subreg-1.c -Os (test for excess errors)
=== gcc Summary ===
# of expected passes 32104
# of unexpected failures 6
# of unexpected successes 1
# of expected failures 78
# of untested testcases 28
# of unsupported tests 506
/scratch/gcc/nightly-2005-04-05-4.0/hppa64-hp-hpux11.11/build_gcc/build/gcc/xgcc version 4.0.0 20050405 (prerelease)
=== libstdc++ tests ===
Running target unix
=== libstdc++ Summary ===
# of expected passes 3591
# of expected failures 8
# of unsupported tests 19
Compiler version: 4.0.0 20050405 (prerelease)
Platform: hppa64-hp-hpux11.11
configure flags: --prefix=/scratch/gcc/nightly-2005-04-05-4.0/hppa64-hp-hpux11.11/build_gcc/install --enable-threads --disable-libmudflap --host=hppa64-hp-hpux11.11 --target=hppa64-hp-hpux11.11 --disable-nls --with-gnu-as --with-as=/usr/local/tools/gcc-3.3.1/bin/hppa64-hp-hpux11.11-as --without-gnu-ld --with-ld=/usr/ccs/bin/ld --enable-languages=c,c++