This is the mail archive of the
gcc-testresults@gcc.gnu.org
mailing list for the GCC project.
Results for 4.1.0 20050404 (experimental) testsuite on i686-pc-linux-gnu
- From: Diego Novillo <dnovillo at redhat dot com>
- To: gcc-testresults at gcc dot gnu dot org
- Date: Mon, 4 Apr 2005 04:56:01 -0400
- Subject: Results for 4.1.0 20050404 (experimental) testsuite on i686-pc-linux-gnu
LAST_UPDATED:
Native configuration is i686-pc-linux-gnu
=== g++ tests ===
Running target unix
FAIL: g++.dg/template/spec23.C (test for errors, line 22)
FAIL: g++.dg/template/spec23.C (test for excess errors)
=== g++ Summary ===
# of expected passes 10977
# of unexpected failures 2
# of expected failures 67
# of unsupported tests 58
/notnfs/dnovillo/sbox/gcc/bld.toribio/gcc/testsuite/../g++ version 4.1.0 20050404 (experimental)
=== gcc tests ===
Running target unix
XPASS: gcc.dg/vect/vect-22.c scan-tree-dump-times vectorized 3 loops 1
=== gcc Summary ===
# of expected passes 34175
# of unexpected successes 1
# of expected failures 101
# of untested testcases 28
# of unsupported tests 331
/notnfs/dnovillo/sbox/gcc/bld.toribio/gcc/xgcc version 4.1.0 20050404 (experimental)
=== gfortran tests ===
Running target unix
XPASS: gfortran.dg/ret_pointer_1.f90 execution test
XPASS: gfortran.dg/ret_pointer_1.f90 execution test
XPASS: gfortran.dg/ret_pointer_1.f90 execution test
XPASS: gfortran.dg/ret_pointer_1.f90 execution test
XPASS: gfortran.dg/ret_pointer_1.f90 execution test
FAIL: gfortran.fortran-torture/execute/forall_3.f90 execution, -O1
=== gfortran Summary ===
# of expected passes 5682
# of unexpected failures 1
# of unexpected successes 5
# of expected failures 27
/notnfs/dnovillo/sbox/gcc/bld.toribio/gcc/testsuite/../gfortran version 4.1.0 20050404 (experimental)
=== objc tests ===
Running target unix
=== objc Summary ===
# of expected passes 1534
# of unsupported tests 10
/notnfs/dnovillo/sbox/gcc/bld.toribio/gcc/xgcc version 4.1.0 20050404 (experimental)
=== libffi tests ===
Running target unix
=== libffi Summary ===
# of expected passes 219
# of unsupported tests 2
=== libjava tests ===
Running target unix
FAIL: Array_3 -O3 execution - bytecode->native test
FAIL: LargeFile execution - source compiled test
FAIL: LargeFile execution - gij test
FAIL: LargeFile execution - bytecode->native test
FAIL: LargeFile -O3 execution - source compiled test
FAIL: LargeFile execution - gij test
FAIL: LargeFile -O3 execution - bytecode->native test
=== libjava Summary ===
# of expected passes 3774
# of unexpected failures 7
# of expected failures 10
# of untested testcases 15
=== libmudflap tests ===
Running target unix
=== libmudflap Summary ===
# of expected passes 1308
=== libstdc++ tests ===
Running target unix
=== libstdc++ Summary ===
# of expected passes 1
Compiler version: 4.1.0 20050404 (experimental)
Platform: i686-pc-linux-gnu
configure flags: --prefix=/home/cygnus/dnovillo/perf/sbox/gcc/local.i686/inst.toribio --srcdir=/home/cygnus/dnovillo/perf/sbox/gcc/local.i686/src --disable-multilib --enable-mpfr --with-gmp=/home/cygnus/dnovillo/i686 --disable-checking --enable-languages=c,c++,f95,java,objc