This is the mail archive of the
gcc-testresults@gcc.gnu.org
mailing list for the GCC project.
Results for 4.0.0 20050402 (prerelease) testsuite on hppa-unknown-linux-gnu
- From: dave at gsyprf11 dot external dot hp dot com (John David Anglin)
- To: dave at gsyprf11 dot external dot hp dot com, gcc-testresults at gcc dot gnu dot org
- Date: Sun, 3 Apr 2005 09:07:43 -0700 (PDT)
- Subject: Results for 4.0.0 20050402 (prerelease) testsuite on hppa-unknown-linux-gnu
LAST_UPDATED: Sat Apr 2 19:22:26 UTC 2005
=== acats tests ===
FAIL: c32001e
FAIL: c52011a
FAIL: c62003a
FAIL: c62003b
FAIL: c64103e
FAIL: c64103f
FAIL: c64104j
FAIL: c64104k
FAIL: c64104l
FAIL: c64104m
FAIL: c64104n
FAIL: c64105b
FAIL: c95086b
FAIL: c96005d
FAIL: cb3004a
FAIL: cb4001a
FAIL: cc3017c
FAIL: cc3120a
FAIL: cd2b11a
FAIL: cd2b11b
FAIL: ce2102a
FAIL: cxa4006
FAIL: cxa4017
=== acats Summary ===
# of expected passes 1942
# of unexpected failures 23
# of unsupported tests 355
Native configuration is hppa-unknown-linux-gnu
=== g++ tests ===
Running target unix
XPASS: g++.old-deja/g++.other/init5.C execution test
=== g++ Summary ===
# of expected passes 10769
# of unexpected successes 1
# of expected failures 70
# of unsupported tests 92
/home/dave/gcc-4.0/objdir/gcc/testsuite/../g++ version 4.0.0 20050402 (prerelease)
=== gcc tests ===
Running target unix
XPASS: gcc.dg/const-elim-1.c scan-assembler-not L\\\\\$?C[^A-Z]
XPASS: gcc.dg/tree-ssa/loop-1.c scan-assembler-times foo 5
=== gcc Summary ===
# of expected passes 32826
# of unexpected successes 2
# of expected failures 75
# of untested testcases 28
# of unsupported tests 484
/home/dave/gcc-4.0/objdir/gcc/xgcc version 4.0.0 20050402 (prerelease)
=== gfortran tests ===
Running target unix
XPASS: gfortran.dg/ret_pointer_1.f90 -O0 execution test
XPASS: gfortran.dg/ret_pointer_1.f90 -O1 execution test
XPASS: gfortran.dg/ret_pointer_1.f90 -O2 execution test
XPASS: gfortran.dg/ret_pointer_1.f90 -O3 -fomit-frame-pointer execution test
XPASS: gfortran.dg/ret_pointer_1.f90 -O3 -fomit-frame-pointer -funroll-loops execution test
XPASS: gfortran.dg/ret_pointer_1.f90 -O3 -fomit-frame-pointer -funroll-all-loops -finline-functions execution test
XPASS: gfortran.dg/ret_pointer_1.f90 -O3 -g execution test
XPASS: gfortran.dg/ret_pointer_1.f90 -Os execution test
FAIL: gfortran.fortran-torture/execute/backspace.f90 execution, -O0
FAIL: gfortran.fortran-torture/execute/backspace.f90 execution, -O1
FAIL: gfortran.fortran-torture/execute/backspace.f90 execution, -O2
FAIL: gfortran.fortran-torture/execute/backspace.f90 execution, -O3 -fomit-frame-pointer
FAIL: gfortran.fortran-torture/execute/backspace.f90 execution, -O3 -fomit-frame-pointer -funroll-loops
FAIL: gfortran.fortran-torture/execute/backspace.f90 execution, -O3 -fomit-frame-pointer -funroll-all-loops -finline-functions
FAIL: gfortran.fortran-torture/execute/backspace.f90 execution, -O3 -g
FAIL: gfortran.fortran-torture/execute/backspace.f90 execution, -Os
FAIL: gfortran.fortran-torture/execute/forall_3.f90 execution, -O1
FAIL: gfortran.fortran-torture/execute/forall_3.f90 execution, -Os
=== gfortran Summary ===
# of expected passes 5602
# of unexpected failures 10
# of unexpected successes 8
# of expected failures 18
# of unsupported tests 16
/home/dave/gcc-4.0/objdir/gcc/testsuite/../gfortran version 4.0.0 20050402 (prerelease)
=== objc tests ===
Running target unix
=== objc Summary ===
# of expected passes 1534
# of unsupported tests 10
/home/dave/gcc-4.0/objdir/gcc/xgcc version 4.0.0 20050402 (prerelease)
=== libffi tests ===
Running target unix
FAIL: libffi.call/cls_5byte.c output pattern test, is 127 120 1 12 128 9: 139 248 10
FAIL: libffi.call/cls_6byte.c output pattern test, is 127 120 1 128 12 128 9 127: 139 248 10 255
FAIL: libffi.call/cls_align_sint16.c output pattern test, is 12 4951 127 1 9320 13: 13 14271 140
FAIL: libffi.call/cls_align_uint16.c output pattern test, is 12 4951 127 1 9320 13: 13 14271 140
=== libffi Summary ===
# of expected passes 215
# of unexpected failures 4
# of unsupported tests 2
=== libjava tests ===
Running target unix
FAIL: Array_3 -O3 execution - bytecode->native test
WARNING: program timed out.
FAIL: PR218 execution - source compiled test
WARNING: program timed out.
FAIL: PR218 execution - bytecode->native test
WARNING: program timed out.
FAIL: PR218 -O3 execution - source compiled test
WARNING: program timed out.
FAIL: PR218 -O3 execution - bytecode->native test
FAIL: Process_3 -O3 output - bytecode->native test
FAIL: SyncTest execution - source compiled test
FAIL: SyncTest execution - bytecode->native test
FAIL: SyncTest -O3 execution - source compiled test
FAIL: SyncTest -O3 execution - bytecode->native test
FAIL: Thread_Monitor execution - source compiled test
FAIL: Thread_Monitor execution - bytecode->native test
FAIL: Thread_Monitor -O3 execution - source compiled test
FAIL: Thread_Monitor -O3 execution - bytecode->native test
=== libjava Summary ===
# of expected passes 3031
# of unexpected failures 14
# of expected failures 14
# of untested testcases 31
=== libmudflap tests ===
Running target unix
FAIL: libmudflap.c/pass49-frag.c execution test
FAIL: libmudflap.c/pass49-frag.c output pattern test
FAIL: libmudflap.c/pass49-frag.c (-static) execution test
FAIL: libmudflap.c/pass49-frag.c (-static) output pattern test
FAIL: libmudflap.c/pass49-frag.c (-O2) execution test
FAIL: libmudflap.c/pass49-frag.c (-O2) output pattern test
FAIL: libmudflap.c/pass49-frag.c (-O3) execution test
FAIL: libmudflap.c/pass49-frag.c (-O3) output pattern test
WARNING: program timed out.
FAIL: libmudflap.cth/pass40-frag.c execution test
FAIL: libmudflap.cth/pass40-frag.c output pattern test
WARNING: program timed out.
FAIL: libmudflap.cth/pass40-frag.c (-static -DSTATIC) execution test
FAIL: libmudflap.cth/pass40-frag.c (-static -DSTATIC) output pattern test
WARNING: program timed out.
FAIL: libmudflap.cth/pass40-frag.c (-O2) execution test
FAIL: libmudflap.cth/pass40-frag.c (-O2) output pattern test
WARNING: program timed out.
FAIL: libmudflap.cth/pass40-frag.c (-O3) execution test
FAIL: libmudflap.cth/pass40-frag.c (-O3) output pattern test
=== libmudflap Summary ===
# of expected passes 1272
# of unexpected failures 16
=== libstdc++-v3 check-abi Summary ===
# of added symbols: 59
# of missing symbols: 0
# of incompatible symbols: 0
using: /home/dave/gcc-4.0/gcc/libstdc++-v3/config/abi/hppa-linux-gnu/baseline_symbols.txt
=== libstdc++ tests ===
Running target unix
XPASS: 22_locale/locale/cons/12658_thread-1.cc execution test
XPASS: 26_numerics/cmath/c99_classification_macros_c.cc (test for excess errors)
=== libstdc++ Summary ===
# of expected passes 3627
# of unexpected successes 2
# of expected failures 8
Compiler version: 4.0.0 20050402 (prerelease)
Platform: hppa-unknown-linux-gnu
configure flags: --with-gnu-as --with-gnu-ld --enable-shared --enable-nls --prefix=/home/dave/opt/gnu/gcc/gcc-4.0.0 --with-local-prefix=/home/dave/opt/gnu --enable-threads=posix --enable-__cxa_atexit --host=hppa-linux --enable-clocale=gnu --enable-java-gc=boehm --enable-java-awt=xlib --enable-languages=c,ada,c++,f95,java,objc