This is the mail archive of the
gcc-testresults@gcc.gnu.org
mailing list for the GCC project.
Results for 4.1.0 20050331 (experimental) testsuite on sparc-sun-solaris2.10
- From: Andreas Tobler <toa at pop dot agri dot ch>
- To: gcc-testresults at gcc dot gnu dot org
- Date: Sat, 02 Apr 2005 20:31:10 +0200
- Subject: Results for 4.1.0 20050331 (experimental) testsuite on sparc-sun-solaris2.10
LAST_UPDATED: Thu Mar 31 20:06:29 UTC 2005
Native configuration is sparc-sun-solaris2.10
=== g++ tests ===
Running target unix/-m64
ERROR: g++.dg/abi/rtti1.C: error executing dg-final: couldn't execute "c++filt": no such file or directory
UNRESOLVED: g++.dg/abi/rtti1.C: error executing dg-final: couldn't execute "c++filt": no such file or directory
FAIL: g++.dg/other/ucnid-1.C (test for excess errors)
WARNING: g++.dg/other/ucnid-1.C compilation failed to produce executable
FAIL: g++.old-deja/g++.jason/warning9.C (test for warnings, line 6)
FAIL: g++.old-deja/g++.jason/warning9.C (test for warnings, line 13)
=== g++ Summary for unix/-m64 ===
# of expected passes 10780
# of unexpected failures 3
# of expected failures 67
# of unresolved testcases 1
# of unsupported tests 119
Running target unix
ERROR: g++.dg/abi/rtti1.C: error executing dg-final: couldn't execute "c++filt": no such file or directory
UNRESOLVED: g++.dg/abi/rtti1.C: error executing dg-final: couldn't execute "c++filt": no such file or directory
FAIL: g++.dg/other/ucnid-1.C (test for excess errors)
WARNING: g++.dg/other/ucnid-1.C compilation failed to produce executable
FAIL: g++.old-deja/g++.jason/warning9.C (test for warnings, line 6)
FAIL: g++.old-deja/g++.jason/warning9.C (test for warnings, line 13)
=== g++ Summary for unix ===
# of expected passes 10812
# of unexpected failures 3
# of expected failures 67
# of unresolved testcases 1
# of unsupported tests 117
=== g++ Summary ===
# of expected passes 21592
# of unexpected failures 6
# of expected failures 134
# of unresolved testcases 2
# of unsupported tests 236
/home/andreast/gcc-src/gcc-cvs/objdir/gcc/testsuite/../g++ version 4.1.0 20050331 (experimental)
=== gcc tests ===
Running target unix/-m64
FAIL: gcc.c-torture/compile/20040323-1.c -O0 (test for excess errors)
FAIL: gcc.c-torture/compile/20040323-1.c -O1 (test for excess errors)
FAIL: gcc.c-torture/compile/20040323-1.c -O2 (test for excess errors)
FAIL: gcc.c-torture/compile/20040323-1.c -O3 -fomit-frame-pointer (test for excess errors)
FAIL: gcc.c-torture/compile/20040323-1.c -O3 -g (test for excess errors)
FAIL: gcc.c-torture/compile/20040323-1.c -Os (test for excess errors)
FAIL: gcc.dg/ucnid-2.c (test for excess errors)
WARNING: gcc.dg/ucnid-2.c compilation failed to produce executable
FAIL: gcc.dg/ucnid-3.c (test for excess errors)
WARNING: gcc.dg/ucnid-3.c compilation failed to produce executable
FAIL: gcc.dg/ucnid-4.c (test for excess errors)
WARNING: gcc.dg/ucnid-4.c compilation failed to produce executable
FAIL: gcc.dg/ucnid-6.c (test for excess errors)
WARNING: gcc.dg/ucnid-6.c compilation failed to produce executable
FAIL: gcc.dg/tree-ssa/loop-4.c scan-tree-dump-times iter 0
=== gcc Summary for unix/-m64 ===
# of expected passes 33527
# of unexpected failures 11
# of expected failures 103
# of untested testcases 28
# of unsupported tests 544
Running target unix
FAIL: gcc.c-torture/compile/20040323-1.c -O0 (test for excess errors)
FAIL: gcc.c-torture/compile/20040323-1.c -O1 (test for excess errors)
FAIL: gcc.c-torture/compile/20040323-1.c -O2 (test for excess errors)
FAIL: gcc.c-torture/compile/20040323-1.c -O3 -fomit-frame-pointer (test for excess errors)
FAIL: gcc.c-torture/compile/20040323-1.c -O3 -g (test for excess errors)
FAIL: gcc.c-torture/compile/20040323-1.c -Os (test for excess errors)
FAIL: gcc.dg/ucnid-2.c (test for excess errors)
WARNING: gcc.dg/ucnid-2.c compilation failed to produce executable
FAIL: gcc.dg/ucnid-3.c (test for excess errors)
WARNING: gcc.dg/ucnid-3.c compilation failed to produce executable
FAIL: gcc.dg/ucnid-4.c (test for excess errors)
WARNING: gcc.dg/ucnid-4.c compilation failed to produce executable
FAIL: gcc.dg/ucnid-6.c (test for excess errors)
WARNING: gcc.dg/ucnid-6.c compilation failed to produce executable
=== gcc Summary for unix ===
# of expected passes 33533
# of unexpected failures 10
# of expected failures 103
# of untested testcases 28
# of unsupported tests 542
=== gcc Summary ===
# of expected passes 67060
# of unexpected failures 21
# of expected failures 206
# of untested testcases 56
# of unsupported tests 1086
/home/andreast/gcc-src/gcc-cvs/objdir/gcc/xgcc version 4.1.0 20050331 (experimental)
=== libffi tests ===
Running target unix/-m64
=== libffi Summary for unix/-m64 ===
# of expected passes 219
# of unsupported tests 2
Running target unix
=== libffi Summary for unix ===
# of expected passes 219
# of unsupported tests 2
=== libffi Summary ===
# of expected passes 438
# of unsupported tests 4
=== libjava tests ===
Running target unix/-m64
FAIL: Array_3 execution - gij test
FAIL: Array_3 execution - gij test
FAIL: FileHandleGcTest execution - source compiled test
FAIL: FileHandleGcTest execution - gij test
FAIL: FileHandleGcTest execution - bytecode->native test
FAIL: FileHandleGcTest -O3 execution - source compiled test
FAIL: FileHandleGcTest execution - gij test
FAIL: FileHandleGcTest -O3 execution - bytecode->native test
FAIL: Throw_2 execution - gij test
FAIL: Throw_2 execution - gij test
=== libjava Summary for unix/-m64 ===
# of expected passes 3768
# of unexpected failures 10
# of expected failures 10
# of untested testcases 18
Running target unix
FAIL: Array_3 execution - gij test
FAIL: Array_3 execution - gij test
FAIL: FileHandleGcTest execution - source compiled test
FAIL: FileHandleGcTest execution - gij test
FAIL: FileHandleGcTest execution - bytecode->native test
FAIL: FileHandleGcTest -O3 execution - source compiled test
FAIL: FileHandleGcTest execution - gij test
FAIL: FileHandleGcTest -O3 execution - bytecode->native test
=== libjava Summary for unix ===
# of expected passes 3772
# of unexpected failures 8
# of expected failures 10
# of untested testcases 16
=== libjava Summary ===
# of expected passes 7540
# of unexpected failures 18
# of expected failures 20
# of untested testcases 34
=== libstdc++ tests ===
Running target unix/-m64
XPASS: 27_io/basic_istream/extractors_arithmetic/char/12.cc execution test
XPASS: 27_io/basic_istream/extractors_arithmetic/wchar_t/12.cc execution test
XPASS: 27_io/fpos/14320-1.cc execution test
=== libstdc++ Summary for unix/-m64 ===
# of expected passes 3619
# of unexpected successes 3
# of expected failures 7
Running target unix
XPASS: 27_io/basic_istream/extractors_arithmetic/char/12.cc execution test
XPASS: 27_io/basic_istream/extractors_arithmetic/wchar_t/12.cc execution test
=== libstdc++ Summary for unix ===
# of expected passes 3619
# of unexpected successes 2
# of expected failures 8
=== libstdc++ Summary ===
# of expected passes 7238
# of unexpected successes 5
# of expected failures 15
Compiler version: 4.1.0 20050331 (experimental)
Platform: sparc-sun-solaris2.10
configure flags: --prefix=/export/home/andreast/gcc-src/gcc-cvs/testbin --with-as=/usr/ccs/bin/as --with-ld=/usr/ccs/bin/ld --disable-checking --enable-languages=c,c++,java