This is the mail archive of the
gcc-testresults@gcc.gnu.org
mailing list for the GCC project.
Results for 4.1.0 20050401 (experimental) testsuite on i686-pc-linux-gnu
- From: CodeSourcery Automatic Testing System <gcc at codesourcery dot com>
- To: gcc-testresults at gcc dot gnu dot org
- Date: Fri, 1 Apr 2005 02:59:37 -0800
- Subject: Results for 4.1.0 20050401 (experimental) testsuite on i686-pc-linux-gnu
LAST_UPDATED: Fri Apr 1 09:06:44 UTC 2005
Native configuration is i686-pc-linux-gnu
=== g++ tests ===
Running target unix
=== g++ Summary ===
# of expected passes 10949
# of expected failures 67
# of unsupported tests 56
/scratch/gcc/nightly-2005-04-01-mainline/i686-pc-linux-gnu/build_gcc/build/gcc/testsuite/../g++ version 4.1.0 20050401 (experimental)
=== gcc tests ===
Running target unix
FAIL: gcc.dg/torture/asm-subreg-1.c -O2 (test for excess errors)
FAIL: gcc.dg/torture/asm-subreg-1.c -O3 -fomit-frame-pointer (test for excess errors)
FAIL: gcc.dg/torture/asm-subreg-1.c -O3 -g (test for excess errors)
FAIL: gcc.dg/torture/asm-subreg-1.c -Os (test for excess errors)
XPASS: gcc.dg/vect/vect-22.c scan-tree-dump-times vectorized 3 loops 1
=== gcc Summary ===
# of expected passes 34063
# of unexpected failures 4
# of unexpected successes 1
# of expected failures 100
# of untested testcases 28
# of unsupported tests 329
/scratch/gcc/nightly-2005-04-01-mainline/i686-pc-linux-gnu/build_gcc/build/gcc/xgcc version 4.1.0 20050401 (experimental)
=== libstdc++-v3 check-abi Summary ===
# of added symbols: 50
# of missing symbols: 0
# of incompatible symbols: 0
using: /home/gcc/nightlies/gcc-mainline-2005-04-01/libstdc++-v3/config/abi/i486-linux-gnu/baseline_symbols.txt
=== libstdc++ tests ===
Running target unix
XPASS: 26_numerics/cmath/c99_classification_macros_c.cc (test for excess errors)
FAIL: tr1/3_function_objects/bind/ref.cc (test for excess errors)
WARNING: tr1/3_function_objects/bind/ref.cc compilation failed to produce executable
=== libstdc++ Summary ===
# of expected passes 3626
# of unexpected failures 1
# of unexpected successes 1
# of expected failures 8
Compiler version: 4.1.0 20050401 (experimental)
Platform: i686-pc-linux-gnu
configure flags: --prefix=/home/gcc/scratch/nightly-2005-04-01-mainline/i686-pc-linux-gnu/build_gcc/install --enable-threads --disable-libmudflap --enable-languages=c,c++