This is the mail archive of the
gcc-testresults@gcc.gnu.org
mailing list for the GCC project.
Results for 4.0.0 20050326 (prerelease) (Debian 4.0-0pre9) testsuite on arm-unknown-linux-gnu
- From: Matthias Klose <doko at debian dot org>
- To: gcc-testresults at gcc dot gnu dot org
- Cc: debian-gcc at lists dot debian dot org
- Date: Wed, 30 Mar 2005 17:54:16 -0700
- Subject: Results for 4.0.0 20050326 (prerelease) (Debian 4.0-0pre9) testsuite on arm-unknown-linux-gnu
- Reply-to: Matthias Klose <doko at debian dot org>
LAST_UPDATED: Sat Mar 26 07:33:44 UTC 2005
Native configuration is arm-unknown-linux-gnu
=== libffi tests ===
Running target unix
FAIL: libffi.call/closure_fn0.c (test for excess errors)
WARNING: libffi.call/closure_fn0.c compilation failed to produce executable
FAIL: libffi.call/closure_fn1.c (test for excess errors)
WARNING: libffi.call/closure_fn1.c compilation failed to produce executable
FAIL: libffi.call/closure_fn2.c (test for excess errors)
WARNING: libffi.call/closure_fn2.c compilation failed to produce executable
FAIL: libffi.call/closure_fn3.c (test for excess errors)
WARNING: libffi.call/closure_fn3.c compilation failed to produce executable
FAIL: libffi.call/closure_fn4.c (test for excess errors)
WARNING: libffi.call/closure_fn4.c compilation failed to produce executable
FAIL: libffi.call/closure_fn5.c (test for excess errors)
WARNING: libffi.call/closure_fn5.c compilation failed to produce executable
FAIL: libffi.call/cls_12byte.c (test for excess errors)
WARNING: libffi.call/cls_12byte.c compilation failed to produce executable
FAIL: libffi.call/cls_16byte.c (test for excess errors)
WARNING: libffi.call/cls_16byte.c compilation failed to produce executable
FAIL: libffi.call/cls_18byte.c (test for excess errors)
WARNING: libffi.call/cls_18byte.c compilation failed to produce executable
FAIL: libffi.call/cls_19byte.c (test for excess errors)
WARNING: libffi.call/cls_19byte.c compilation failed to produce executable
FAIL: libffi.call/cls_1_1byte.c (test for excess errors)
WARNING: libffi.call/cls_1_1byte.c compilation failed to produce executable
FAIL: libffi.call/cls_20byte.c (test for excess errors)
WARNING: libffi.call/cls_20byte.c compilation failed to produce executable
FAIL: libffi.call/cls_20byte1.c (test for excess errors)
WARNING: libffi.call/cls_20byte1.c compilation failed to produce executable
FAIL: libffi.call/cls_24byte.c (test for excess errors)
WARNING: libffi.call/cls_24byte.c compilation failed to produce executable
FAIL: libffi.call/cls_2byte.c (test for excess errors)
WARNING: libffi.call/cls_2byte.c compilation failed to produce executable
FAIL: libffi.call/cls_3_1byte.c (test for excess errors)
WARNING: libffi.call/cls_3_1byte.c compilation failed to produce executable
FAIL: libffi.call/cls_3byte1.c (test for excess errors)
WARNING: libffi.call/cls_3byte1.c compilation failed to produce executable
FAIL: libffi.call/cls_3byte2.c (test for excess errors)
WARNING: libffi.call/cls_3byte2.c compilation failed to produce executable
FAIL: libffi.call/cls_4_1byte.c (test for excess errors)
WARNING: libffi.call/cls_4_1byte.c compilation failed to produce executable
FAIL: libffi.call/cls_4byte.c (test for excess errors)
WARNING: libffi.call/cls_4byte.c compilation failed to produce executable
FAIL: libffi.call/cls_5byte.c (test for excess errors)
WARNING: libffi.call/cls_5byte.c compilation failed to produce executable
FAIL: libffi.call/cls_64byte.c (test for excess errors)
WARNING: libffi.call/cls_64byte.c compilation failed to produce executable
FAIL: libffi.call/cls_6byte.c (test for excess errors)
WARNING: libffi.call/cls_6byte.c compilation failed to produce executable
FAIL: libffi.call/cls_7byte.c (test for excess errors)
WARNING: libffi.call/cls_7byte.c compilation failed to produce executable
FAIL: libffi.call/cls_8byte.c (test for excess errors)
WARNING: libffi.call/cls_8byte.c compilation failed to produce executable
FAIL: libffi.call/cls_9byte1.c (test for excess errors)
WARNING: libffi.call/cls_9byte1.c compilation failed to produce executable
FAIL: libffi.call/cls_9byte2.c (test for excess errors)
WARNING: libffi.call/cls_9byte2.c compilation failed to produce executable
FAIL: libffi.call/cls_align_double.c (test for excess errors)
WARNING: libffi.call/cls_align_double.c compilation failed to produce executable
FAIL: libffi.call/cls_align_float.c (test for excess errors)
WARNING: libffi.call/cls_align_float.c compilation failed to produce executable
FAIL: libffi.call/cls_align_longdouble.c (test for excess errors)
WARNING: libffi.call/cls_align_longdouble.c compilation failed to produce executable
FAIL: libffi.call/cls_align_pointer.c (test for excess errors)
WARNING: libffi.call/cls_align_pointer.c compilation failed to produce executable
FAIL: libffi.call/cls_align_sint16.c (test for excess errors)
WARNING: libffi.call/cls_align_sint16.c compilation failed to produce executable
FAIL: libffi.call/cls_align_sint32.c (test for excess errors)
WARNING: libffi.call/cls_align_sint32.c compilation failed to produce executable
FAIL: libffi.call/cls_align_sint64.c (test for excess errors)
WARNING: libffi.call/cls_align_sint64.c compilation failed to produce executable
FAIL: libffi.call/cls_align_uint16.c (test for excess errors)
WARNING: libffi.call/cls_align_uint16.c compilation failed to produce executable
FAIL: libffi.call/cls_align_uint32.c (test for excess errors)
WARNING: libffi.call/cls_align_uint32.c compilation failed to produce executable
FAIL: libffi.call/cls_align_uint64.c (test for excess errors)
WARNING: libffi.call/cls_align_uint64.c compilation failed to produce executable
FAIL: libffi.call/cls_double.c (test for excess errors)
WARNING: libffi.call/cls_double.c compilation failed to produce executable
FAIL: libffi.call/cls_float.c (test for excess errors)
WARNING: libffi.call/cls_float.c compilation failed to produce executable
FAIL: libffi.call/cls_multi_schar.c (test for excess errors)
WARNING: libffi.call/cls_multi_schar.c compilation failed to produce executable
FAIL: libffi.call/cls_multi_sshort.c (test for excess errors)
WARNING: libffi.call/cls_multi_sshort.c compilation failed to produce executable
FAIL: libffi.call/cls_multi_sshortchar.c (test for excess errors)
WARNING: libffi.call/cls_multi_sshortchar.c compilation failed to produce executable
FAIL: libffi.call/cls_multi_uchar.c (test for excess errors)
WARNING: libffi.call/cls_multi_uchar.c compilation failed to produce executable
FAIL: libffi.call/cls_multi_ushort.c (test for excess errors)
WARNING: libffi.call/cls_multi_ushort.c compilation failed to produce executable
FAIL: libffi.call/cls_multi_ushortchar.c (test for excess errors)
WARNING: libffi.call/cls_multi_ushortchar.c compilation failed to produce executable
FAIL: libffi.call/cls_schar.c (test for excess errors)
WARNING: libffi.call/cls_schar.c compilation failed to produce executable
FAIL: libffi.call/cls_sint.c (test for excess errors)
WARNING: libffi.call/cls_sint.c compilation failed to produce executable
FAIL: libffi.call/cls_sshort.c (test for excess errors)
WARNING: libffi.call/cls_sshort.c compilation failed to produce executable
FAIL: libffi.call/cls_uchar.c (test for excess errors)
WARNING: libffi.call/cls_uchar.c compilation failed to produce executable
FAIL: libffi.call/cls_uint.c (test for excess errors)
WARNING: libffi.call/cls_uint.c compilation failed to produce executable
FAIL: libffi.call/cls_ulonglong.c (test for excess errors)
WARNING: libffi.call/cls_ulonglong.c compilation failed to produce executable
FAIL: libffi.call/cls_ushort.c (test for excess errors)
WARNING: libffi.call/cls_ushort.c compilation failed to produce executable
FAIL: libffi.call/nested_struct.c (test for excess errors)
WARNING: libffi.call/nested_struct.c compilation failed to produce executable
FAIL: libffi.call/nested_struct1.c (test for excess errors)
WARNING: libffi.call/nested_struct1.c compilation failed to produce executable
FAIL: libffi.call/nested_struct2.c (test for excess errors)
WARNING: libffi.call/nested_struct2.c compilation failed to produce executable
FAIL: libffi.call/nested_struct3.c (test for excess errors)
WARNING: libffi.call/nested_struct3.c compilation failed to produce executable
FAIL: libffi.call/problem1.c (test for excess errors)
WARNING: libffi.call/problem1.c compilation failed to produce executable
FAIL: libffi.call/struct3.c execution test
FAIL: libffi.special/unwindtest.cc -shared-libgcc -lstdc++ (test for excess errors)
WARNING: libffi.special/unwindtest.cc -shared-libgcc -lstdc++ compilation failed to produce executable
=== libffi Summary ===
# of expected passes 44
# of unexpected failures 59
# of unsupported tests 2
=== libjava tests ===
Running target unix
FAIL: natPR9577.cc compilation
FAIL: natlongfield.cc compilation
FAIL: natshortfield.cc compilation
FAIL: PR15133 run
FAIL: PR18116 run
FAIL: bytebuffer run
FAIL: calls run
FAIL: cxxtest run
FAIL: directbuffer run
FAIL: field run
FAIL: final_method run
FAIL: findclass run
FAIL: iface run
FAIL: invoke run
FAIL: jniutf run
FAIL: martin run
FAIL: noclass run
FAIL: overload run
FAIL: pr11951 run
FAIL: register run
FAIL: simple_int run
FAIL: throwit run
FAIL: virtual run
FAIL: PR16923 run
FAIL: Array_3 -O3 execution - bytecode->native test
FAIL: Serialization output - source compiled test
FAIL: Serialization output - bytecode->native test
FAIL: Serialization -O3 output - source compiled test
FAIL: Serialization -O3 output - bytecode->native test
FAIL: TestProxy execution - source compiled test
FAIL: TestProxy execution - bytecode->native test
FAIL: TestProxy -O3 execution - source compiled test
FAIL: TestProxy -O3 execution - bytecode->native test
FAIL: /home/doko/gcc/gcc-4.0-4.0ds9/build/arm-linux/libjava/testsuite/TestEarlyGC.exe output - /home/doko/gcc/gcc-4.0-4.0ds9/build/arm-linux/libjava/testsuite/TestEarlyGC.exe
FAIL: /home/doko/gcc/gcc-4.0-4.0ds9/build/arm-linux/libjava/testsuite/TestLeak.exe execution - /home/doko/gcc/gcc-4.0-4.0ds9/build/arm-linux/libjava/testsuite/TestLeak.exe
FAIL: /home/doko/gcc/gcc-4.0-4.0ds9/build/arm-linux/libjava/testsuite/TestMultiple.exe output - /home/doko/gcc/gcc-4.0-4.0ds9/build/arm-linux/libjava/testsuite/TestMultiple.exe
FAIL: /home/doko/gcc/gcc-4.0-4.0ds9/build/arm-linux/libjava/testsuite/TestParent.exe output - /home/doko/gcc/gcc-4.0-4.0ds9/build/arm-linux/libjava/testsuite/TestParent.exe
=== libjava Summary ===
# of expected passes 3009
# of unexpected failures 37
# of expected failures 14
# of untested testcases 45
=== libmudflap tests ===
Running target unix
WARNING: program timed out.
FAIL: libmudflap.cth/pass39-frag.c (-O3) (rerun 10) execution test
FAIL: libmudflap.cth/pass39-frag.c (-O3) (rerun 10) output pattern test
=== libmudflap Summary ===
# of expected passes 1286
# of unexpected failures 2
=== libstdc++-v3 check-abi Summary ===
# of added symbols: 72
# of missing symbols: 0
# of incompatible symbols: 0
using: /home/doko/gcc/gcc-4.0-4.0ds9/src/libstdc++-v3/config/abi/arm-linux-gnu/baseline_symbols.txt
=== libstdc++ tests ===
Running target unix
FAIL: 22_locale/locale/cons/12658_thread-2.cc execution test
XPASS: 26_numerics/cmath/c99_classification_macros_c.cc (test for excess errors)
FAIL: tr1/4_metaprogramming/other_transformations/aligned_storage/aligned_storage.cc execution test
FAIL: tr1/4_metaprogramming/type_properties/is_empty/is_empty.cc execution test
FAIL: tr1/4_metaprogramming/type_properties/is_polymorphic/is_polymorphic.cc execution test
=== libstdc++ Summary ===
# of expected passes 3615
# of unexpected failures 4
# of unexpected successes 1
# of expected failures 9
=== g++ tests ===
Running target unix
FAIL: g++.dg/ext/attribute-test-1.C execution test
FAIL: g++.dg/ext/attribute-test-2.C execution test
FAIL: g++.dg/init/array16.C execution test
XPASS: g++.dg/other/packed1.C execution test
FAIL: 258: expected branch percentages not found: 25
FAIL: g++.dg/gcov/gcov-1.C gcov: 0 failures in line counts, 1 in branch percentages, 0 in return percentages
FAIL: g++.dg/pch/system-2.C -g assembly comparison
XPASS: g++.old-deja/g++.other/init5.C execution test
FAIL: g++.old-deja/g++.warn/compare1.C (test for warnings, line 11)
FAIL: g++.old-deja/g++.warn/compare1.C (test for warnings, line 24)
FAIL: g++.old-deja/g++.warn/compare1.C (test for excess errors)
=== g++ Summary ===
# of expected passes 10760
# of unexpected failures 9
# of unexpected successes 2
# of expected failures 70
# of unsupported tests 91
/home/doko/gcc/gcc-4.0-4.0ds9/build/gcc/testsuite/../g++ version 4.0.0 20050326 (prerelease) (Debian 4.0-0pre9)
=== gcc tests ===
Running target unix
WARNING: program timed out.
FAIL: gcc.c-torture/compile/20001226-1.c -O3 -fomit-frame-pointer (test for excess errors)
WARNING: program timed out.
FAIL: gcc.c-torture/compile/20001226-1.c -O3 -g (test for excess errors)
WARNING: program timed out.
FAIL: gcc.c-torture/compile/20001226-1.c -Os (test for excess errors)
FAIL: gcc.c-torture/compile/20011119-2.c -O1 (test for excess errors)
XPASS: gcc.c-torture/execute/20020720-1.c compilation, -O1
XPASS: gcc.c-torture/execute/20020720-1.c compilation, -O2
XPASS: gcc.c-torture/execute/20020720-1.c compilation, -O3 -fomit-frame-pointer
XPASS: gcc.c-torture/execute/20020720-1.c compilation, -O3 -g
XPASS: gcc.c-torture/execute/20020720-1.c compilation, -Os
FAIL: gcc.c-torture/execute/20041218-2.c execution, -O0
FAIL: gcc.c-torture/execute/20041218-2.c execution, -O1
FAIL: gcc.c-torture/execute/20041218-2.c execution, -O2
FAIL: gcc.c-torture/execute/20041218-2.c execution, -O3 -fomit-frame-pointer
FAIL: gcc.c-torture/execute/20041218-2.c execution, -O3 -g
FAIL: gcc.c-torture/execute/20041218-2.c execution, -Os
FAIL: gcc.c-torture/execute/builtin-bitops-1.c compilation, -O2
UNRESOLVED: gcc.c-torture/execute/builtin-bitops-1.c execution, -O2
FAIL: gcc.dg/compat/vector-2 c_compat_x_tst.o compile
FAIL: gcc.dg/compat/vector-2 c_compat_y_tst.o compile
UNRESOLVED: gcc.dg/compat/vector-2 c_compat_x_tst.o-c_compat_y_tst.o link
UNRESOLVED: gcc.dg/compat/vector-2 c_compat_x_tst.o-c_compat_y_tst.o execute
FAIL: tmpdir-gcc.dg-struct-layout-1/t027 c_compat_x_tst.o-c_compat_y_tst.o execute
XPASS: gcc.dg/const-elim-1.c scan-assembler-not L\\\\\$?C[^A-Z]
FAIL: largefile.c -O0 -g (test for excess errors)
FAIL: largefile.c -O0 (test for excess errors)
FAIL: largefile.c -O1 (test for excess errors)
FAIL: largefile.c -O2 (test for excess errors)
FAIL: largefile.c -O3 -fomit-frame-pointer (test for excess errors)
FAIL: largefile.c -O3 -g (test for excess errors)
FAIL: largefile.c -Os (test for excess errors)
FAIL: 211: expected branch percentages not found: 25
FAIL: gcc.misc-tests/gcov-4b.c gcov: 0 failures in line counts, 1 in branch percentages, 0 in return percentages
=== gcc Summary ===
# of expected passes 32479
# of unexpected failures 23
# of unexpected successes 6
# of expected failures 75
# of unresolved testcases 3
# of untested testcases 35
# of unsupported tests 481
/home/doko/gcc/gcc-4.0-4.0ds9/build/gcc/xgcc version 4.0.0 20050326 (prerelease) (Debian 4.0-0pre9)
=== gfortran tests ===
Running target unix
XPASS: gfortran.dg/ret_pointer_1.f90 -O0 execution test
XPASS: gfortran.dg/ret_pointer_1.f90 -O1 execution test
XPASS: gfortran.dg/ret_pointer_1.f90 -O2 execution test
XPASS: gfortran.dg/ret_pointer_1.f90 -O3 -fomit-frame-pointer execution test
XPASS: gfortran.dg/ret_pointer_1.f90 -O3 -fomit-frame-pointer -funroll-loops execution test
XPASS: gfortran.dg/ret_pointer_1.f90 -O3 -fomit-frame-pointer -funroll-all-loops -finline-functions execution test
XPASS: gfortran.dg/ret_pointer_1.f90 -O3 -g execution test
XPASS: gfortran.dg/ret_pointer_1.f90 -Os execution test
FAIL: gfortran.fortran-torture/execute/forall_3.f90 execution, -O1
FAIL: gfortran.fortran-torture/execute/intrinsic_rrspacing.f90 execution, -O0
FAIL: gfortran.fortran-torture/execute/intrinsic_rrspacing.f90 execution, -O1
FAIL: gfortran.fortran-torture/execute/intrinsic_rrspacing.f90 execution, -O2
FAIL: gfortran.fortran-torture/execute/intrinsic_rrspacing.f90 execution, -O3 -fomit-frame-pointer
FAIL: gfortran.fortran-torture/execute/intrinsic_rrspacing.f90 execution, -O3 -fomit-frame-pointer -funroll-loops
FAIL: gfortran.fortran-torture/execute/intrinsic_rrspacing.f90 execution, -O3 -fomit-frame-pointer -funroll-all-loops -finline-functions
FAIL: gfortran.fortran-torture/execute/intrinsic_rrspacing.f90 execution, -O3 -g
FAIL: gfortran.fortran-torture/execute/intrinsic_rrspacing.f90 execution, -Os
FAIL: gfortran.fortran-torture/execute/intrinsic_set_exponent.f90 execution, -O0
FAIL: gfortran.fortran-torture/execute/intrinsic_set_exponent.f90 execution, -O1
FAIL: gfortran.fortran-torture/execute/intrinsic_set_exponent.f90 execution, -O2
FAIL: gfortran.fortran-torture/execute/intrinsic_set_exponent.f90 execution, -O3 -fomit-frame-pointer
FAIL: gfortran.fortran-torture/execute/intrinsic_set_exponent.f90 execution, -O3 -fomit-frame-pointer -funroll-loops
FAIL: gfortran.fortran-torture/execute/intrinsic_set_exponent.f90 execution, -O3 -fomit-frame-pointer -funroll-all-loops -finline-functions
FAIL: gfortran.fortran-torture/execute/intrinsic_set_exponent.f90 execution, -O3 -g
FAIL: gfortran.fortran-torture/execute/intrinsic_set_exponent.f90 execution, -Os
FAIL: gfortran.fortran-torture/execute/intrinsic_spacing.f90 execution, -O0
FAIL: gfortran.fortran-torture/execute/intrinsic_spacing.f90 execution, -O1
FAIL: gfortran.fortran-torture/execute/intrinsic_spacing.f90 execution, -O2
FAIL: gfortran.fortran-torture/execute/intrinsic_spacing.f90 execution, -O3 -fomit-frame-pointer
FAIL: gfortran.fortran-torture/execute/intrinsic_spacing.f90 execution, -O3 -fomit-frame-pointer -funroll-loops
FAIL: gfortran.fortran-torture/execute/intrinsic_spacing.f90 execution, -O3 -fomit-frame-pointer -funroll-all-loops -finline-functions
FAIL: gfortran.fortran-torture/execute/intrinsic_spacing.f90 execution, -O3 -g
FAIL: gfortran.fortran-torture/execute/intrinsic_spacing.f90 execution, -Os
=== gfortran Summary ===
# of expected passes 5578
# of unexpected failures 25
# of unexpected successes 8
# of expected failures 18
# of unsupported tests 8
/home/doko/gcc/gcc-4.0-4.0ds9/build/gcc/testsuite/../gfortran version 4.0.0 20050326 (prerelease) (Debian 4.0-0pre9)
=== objc tests ===
Running target unix
=== objc Summary ===
# of expected passes 1534
# of unsupported tests 10
/home/doko/gcc/gcc-4.0-4.0ds9/build/gcc/xgcc version 4.0.0 20050326 (prerelease) (Debian 4.0-0pre9)
Compiler version: 4.0.0 20050326 (prerelease) (Debian 4.0-0pre9)
Platform: arm-unknown-linux-gnu
configure flags: -v --prefix=/usr --libexecdir=/usr/lib --enable-shared --with-system-zlib --enable-nls --enable-threads=posix --without-included-gettext --program-suffix=-4.0 --enable-__cxa_atexit --enable-libstdcxx-allocator=mt --enable-clocale=gnu --enable-libstdcxx-debug --enable-java-gc=boehm --enable-java-awt=gtk --enable-mpfr --disable-werror --enable-checking=release arm-linux --enable-languages=c,c++,f95,java,objc,treelang
BOOT_CFLAGS=-O2
Build Dependencies:
Desired=Unknown/Install/Remove/Purge/Hold
| Status=Not/Installed/Config-files/Unpacked/Failed-config/Half-installed
|/ Err?=(none)/Hold/Reinst-required/X=both-problems (Status,Err: uppercase=bad)
||/ Name Version Description
+++-==============-==============-============================================
ii binutils 2.15-5 The GNU assembler, linker and binary utiliti
ii libc6-dev 2.3.2.ds1-20 GNU C Library: Development Libraries and Hea
Patches that Debian applied in this version:
gcc-version:
Add "(Debian <package version>)" to the gcc version string
gcc-textdomain:
Set gettext's domain and textdomain to the versioned package name.
rename-info-files:
Allow transformations on info file names. Reference the
transformed info file names in the texinfo files.
libstdc++-pic:
Build and install libstdc++_pic.a library.
libstdc++-doclink:
adjust hrefs to point to the local documentation
amd64-specs:
On x86-64 use 64bits mode assembly except with -m32.
gccbug:
Use sensible-editor instead of vi as fallback editor
gccbug-posix:
Make gccbug POSIX compliant (patch by David Weinehall)
http://www.opengroup.org/onlinepubs/009695399/utilities/test.html
boehm-gc-nocheck:
Disable the boehm-gc testsuite. Hangs forever on this architecture
acats-expect:
Run the ACATS testsuite using expect
pr19406:
2005-01-18 Jakub Jelinek <jakub@redhat.com>
PR c++/19406
* dwarf2out.c (gen_type_die_for_member): Handle FIELD_DECL.
(dwarf2out_imported_module_or_decl): Use gen_type_die_for_member
for FIELD_DECLs.
2005-01-18 Jakub Jelinek <jakub@redhat.com>
PR c++/19406
* g++.dg/debug/using1.C: New test.
pr19769:
Temporary fix for gdb, dwarf2 and libjava per
deb-protoize:
build protoize/unprotoize binaries
link-libs:
reporting:
Add Debian URL for bug reporting isntructions.
Counting all warnings,
there are 35 warnings in stage3 of this bootstrap.
Number of warnings per file:
11 treelang/lex.c
11 gengtype-lex.c
2 gcc/objc/lang-specs.h
2 gcc/gcc.c
2 gcc/config/arm/iwmmxt.md
1 gcc/treelang/parse.y
1 gcc/protoize.c
1 gcc/java/jvspec.c
1 gcc/fortran/trans-common.c
1 gcc/fortran/simplify.c
1 gcc/fortran/resolve.c
1 gcc/fortran/expr.c
Number of warning types:
22 no previous prototype for `???'
5 string length `???' is greater than the length `???' ISO C89 compilers are required to support
5 control may reach end of non-void function `???' being inlined
2 source missing a mode?
1 argument `???' might be clobbered by `???' or `???'