This is the mail archive of the
gcc-testresults@gcc.gnu.org
mailing list for the GCC project.
Results for 4.1.0 20050330 (experimental) testsuite on ia64-hp-hpux11.23
- From: CodeSourcery Automatic Testing System <gcc at codesourcery dot com>
- To: gcc-testresults at gcc dot gnu dot org
- Date: Wed, 30 Mar 2005 05:20:23 -0800
- Subject: Results for 4.1.0 20050330 (experimental) testsuite on ia64-hp-hpux11.23
LAST_UPDATED: Wed Mar 30 09:38:17 UTC 2005
Native configuration is ia64-hp-hpux11.23
=== g++ tests ===
Running target unix/-milp32
FAIL: g++.dg/opt/longbranch1.C (test for excess errors)
XPASS: g++.dg/other/packed1.C execution test
FAIL: g++.dg/warn/weak1.C (test for excess errors)
WARNING: g++.dg/warn/weak1.C compilation failed to produce executable
FAIL: g++.old-deja/g++.law/profile1.C execution test
=== g++ Summary for unix/-milp32 ===
# of expected passes 10448
# of unexpected failures 3
# of unexpected successes 1
# of expected failures 71
# of unsupported tests 100
Running target unix/-mlp64
FAIL: g++.dg/opt/longbranch1.C (test for excess errors)
XPASS: g++.dg/other/packed1.C execution test
FAIL: g++.dg/warn/weak1.C (test for excess errors)
WARNING: g++.dg/warn/weak1.C compilation failed to produce executable
FAIL: g++.old-deja/g++.law/profile1.C execution test
=== g++ Summary for unix/-mlp64 ===
# of expected passes 10416
# of unexpected failures 3
# of unexpected successes 1
# of expected failures 71
# of unsupported tests 102
=== g++ Summary ===
# of expected passes 20864
# of unexpected failures 6
# of unexpected successes 2
# of expected failures 142
# of unsupported tests 202
/scratch/gcc/nightly-2005-03-30-mainline/ia64-hp-hpux11.23/build_gcc/build/gcc/testsuite/../g++ version 4.1.0 20050330 (experimental)
=== gcc tests ===
Running target unix/-milp32
FAIL: gcc.c-torture/compile/20011119-2.c -O0 (test for excess errors)
FAIL: gcc.c-torture/compile/20011119-2.c -O1 (test for excess errors)
FAIL: gcc.dg/20021014-1.c execution test
FAIL: gcc.dg/ia64-fptr-1.c (test for excess errors)
WARNING: gcc.dg/ia64-fptr-1.c compilation failed to produce executable
FAIL: gcc.dg/nest.c execution test
FAIL: gcc.dg/transparent-union-1.c (test for excess errors)
FAIL: gcc.dg/transparent-union-2.c (test for excess errors)
FAIL: largefile.c -O0 -g (test for excess errors)
FAIL: largefile.c -O0 (test for excess errors)
FAIL: largefile.c -O1 (test for excess errors)
FAIL: largefile.c -O2 (test for excess errors)
FAIL: largefile.c -O3 -fomit-frame-pointer (test for excess errors)
FAIL: largefile.c -O3 -g (test for excess errors)
FAIL: largefile.c -Os (test for excess errors)
FAIL: gcc.dg/torture/asm-subreg-1.c -O2 (test for excess errors)
FAIL: gcc.dg/torture/asm-subreg-1.c -O3 -fomit-frame-pointer (test for excess errors)
FAIL: gcc.dg/torture/asm-subreg-1.c -O3 -g (test for excess errors)
FAIL: gcc.dg/torture/asm-subreg-1.c -Os (test for excess errors)
XPASS: gcc.dg/vect/vect-22.c scan-tree-dump-times vectorized 3 loops 1
FAIL: gcc.dg/vect/vect-76.c execution test
=== gcc Summary for unix/-milp32 ===
# of expected passes 32803
# of unexpected failures 19
# of unexpected successes 1
# of expected failures 136
# of untested testcases 35
# of unsupported tests 494
Running target unix/-mlp64
FAIL: gcc.c-torture/compile/20011119-2.c -O0 (test for excess errors)
FAIL: gcc.c-torture/compile/20011119-2.c -O1 (test for excess errors)
FAIL: gcc.dg/20021014-1.c execution test
FAIL: gcc.dg/ia64-fptr-1.c (test for excess errors)
WARNING: gcc.dg/ia64-fptr-1.c compilation failed to produce executable
WARNING: program timed out.
FAIL: gcc.dg/nest.c execution test
FAIL: gcc.dg/transparent-union-1.c (test for excess errors)
FAIL: gcc.dg/transparent-union-2.c (test for excess errors)
FAIL: largefile.c -O0 -g (test for excess errors)
FAIL: largefile.c -O0 (test for excess errors)
FAIL: largefile.c -O1 (test for excess errors)
FAIL: largefile.c -O2 (test for excess errors)
FAIL: largefile.c -O3 -fomit-frame-pointer (test for excess errors)
FAIL: largefile.c -O3 -g (test for excess errors)
FAIL: largefile.c -Os (test for excess errors)
FAIL: gcc.dg/torture/asm-subreg-1.c -O2 (test for excess errors)
FAIL: gcc.dg/torture/asm-subreg-1.c -O3 -fomit-frame-pointer (test for excess errors)
FAIL: gcc.dg/torture/asm-subreg-1.c -O3 -g (test for excess errors)
FAIL: gcc.dg/torture/asm-subreg-1.c -Os (test for excess errors)
FAIL: gcc.dg/tree-ssa/loop-4.c scan-tree-dump-times iter 0
XPASS: gcc.dg/vect/vect-22.c scan-tree-dump-times vectorized 3 loops 1
FAIL: gcc.dg/vect/vect-76.c execution test
=== gcc Summary for unix/-mlp64 ===
# of expected passes 32803
# of unexpected failures 20
# of unexpected successes 1
# of expected failures 136
# of untested testcases 35
# of unsupported tests 494
=== gcc Summary ===
# of expected passes 65606
# of unexpected failures 39
# of unexpected successes 2
# of expected failures 272
# of untested testcases 70
# of unsupported tests 988
/scratch/gcc/nightly-2005-03-30-mainline/ia64-hp-hpux11.23/build_gcc/build/gcc/xgcc version 4.1.0 20050330 (experimental)
=== libstdc++ tests ===
Running target unix/-milp32
FAIL: 23_containers/deque/cons/2.cc execution test
=== libstdc++ Summary for unix/-milp32 ===
# of expected passes 2531
# of unexpected failures 1
# of expected failures 7
# of unsupported tests 10
Running target unix/-mlp64
=== libstdc++ Summary for unix/-mlp64 ===
# of expected passes 2532
# of expected failures 7
# of unsupported tests 10
=== libstdc++ Summary ===
# of expected passes 5063
# of unexpected failures 1
# of expected failures 14
# of unsupported tests 20
Compiler version: 4.1.0 20050330 (experimental)
Platform: ia64-hp-hpux11.23
configure flags: --prefix=/scratch/gcc/nightly-2005-03-30-mainline/ia64-hp-hpux11.23/build_gcc/install --enable-threads --disable-libmudflap --with-gnu-as --with-as=/usr/local/tools/gcc-3.3.1/bin/as --enable-languages=c,c++