This is the mail archive of the
gcc-testresults@gcc.gnu.org
mailing list for the GCC project.
Results for 4.1.0 20050323 (experimental)tree-profiling testsuite on powerpc64-unknown-linux-gnu
- From: Janis Johnson <janis187 at us dot ibm dot com>
- To: gcc-testresults at gcc dot gnu dot org
- Date: Mon, 28 Mar 2005 11:53:55 -0800
- Subject: Results for 4.1.0 20050323 (experimental)tree-profiling testsuite on powerpc64-unknown-linux-gnu
Linux 2.4.21-17.EL ppc64
GNU C Library stable release version 2.3.2
GNU ld version 2.15.94.0.2.2 20041220
GNU assembler 2.15.94.0.2.2 20041220
GNU Make version 3.79.1
DejaGnu:
Expect version is 5.40.0
Tcl version is 8.4
Framework version is 1.4.4
32-bit biarch default32
CVS branch: tree-profiling-branch
This hardware does not support VMX instructions.
LAST_UPDATED: Mon Mar 28 14:41:37 UTC 2005
Native configuration is powerpc64-unknown-linux-gnu
=== g++ tests ===
Running target unix/-m32
ERROR: g++.dg/opt/nothrow1.C: error executing dg-final: no files matched glob pattern "nothrow1.C.t??.optimized"
UNRESOLVED: g++.dg/opt/nothrow1.C: error executing dg-final: no files matched glob pattern "nothrow1.C.t??.optimized"
FAIL: g++.dg/other/static11.C (test for excess errors)
ERROR: g++.dg/tree-ssa/empty-1.C: error executing dg-final: no files matched glob pattern "empty-1.C.t??.optimized"
UNRESOLVED: g++.dg/tree-ssa/empty-1.C: error executing dg-final: no files matched glob pattern "empty-1.C.t??.optimized"
FAIL: g++.old-deja/g++.warn/compare1.C (test for excess errors)
=== g++ Summary for unix/-m32 ===
# of expected passes 10953
# of unexpected failures 2
# of expected failures 66
# of unresolved testcases 2
# of unsupported tests 76
Running target unix/-m64
ERROR: g++.dg/opt/nothrow1.C: error executing dg-final: no files matched glob pattern "nothrow1.C.t??.optimized"
UNRESOLVED: g++.dg/opt/nothrow1.C: error executing dg-final: no files matched glob pattern "nothrow1.C.t??.optimized"
FAIL: g++.dg/other/static11.C (test for excess errors)
ERROR: g++.dg/tree-ssa/empty-1.C: error executing dg-final: no files matched glob pattern "empty-1.C.t??.optimized"
UNRESOLVED: g++.dg/tree-ssa/empty-1.C: error executing dg-final: no files matched glob pattern "empty-1.C.t??.optimized"
FAIL: g++.old-deja/g++.warn/compare1.C (test for excess errors)
=== g++ Summary for unix/-m64 ===
# of expected passes 10915
# of unexpected failures 2
# of expected failures 66
# of unresolved testcases 2
# of unsupported tests 79
=== g++ Summary ===
# of expected passes 21868
# of unexpected failures 4
# of expected failures 132
# of unresolved testcases 4
# of unsupported tests 155
/home/gccbuild/build/nightly/build-gcc-treeprof/gcc/testsuite/../g++ version 4.1.0 20050323 (experimental)tree-profiling
=== gcc tests ===
Running target unix/-m32
FAIL: gcc.c-torture/compile/20011119-2.c -O1 (test for excess errors)
FAIL: gcc.dg/20040206-1.c (test for warnings, line 11)
FAIL: gcc.dg/always_inline3.c (test for errors, line 7)
ERROR: gcc.dg/builtins-43.c: error executing dg-final: no files matched glob pattern "builtins-43.c.t??.optimized"
UNRESOLVED: gcc.dg/builtins-43.c: error executing dg-final: no files matched glob pattern "builtins-43.c.t??.optimized"
ERROR: gcc.dg/builtins-44.c: error executing dg-final: no files matched glob pattern "builtins-44.c.t??.optimized"
UNRESOLVED: gcc.dg/builtins-44.c: error executing dg-final: no files matched glob pattern "builtins-44.c.t??.optimized"
ERROR: gcc.dg/builtins-45.c: error executing dg-final: no files matched glob pattern "builtins-45.c.t??.optimized"
UNRESOLVED: gcc.dg/builtins-45.c: error executing dg-final: no files matched glob pattern "builtins-45.c.t??.optimized"
ERROR: gcc.dg/pr15784-4.c: error executing dg-final: no files matched glob pattern "pr15784-4.c.t??.optimized"
UNRESOLVED: gcc.dg/pr15784-4.c: error executing dg-final: no files matched glob pattern "pr15784-4.c.t??.optimized"
ERROR: gcc.dg/tree-ssa/20030709-1.c: error executing dg-final: no files matched glob pattern "20030709-1.c.t??.optimized"
UNRESOLVED: gcc.dg/tree-ssa/20030709-1.c: error executing dg-final: no files matched glob pattern "20030709-1.c.t??.optimized"
ERROR: gcc.dg/tree-ssa/20030728-1.c: error executing dg-final: no files matched glob pattern "20030728-1.c.t??.optimized"
UNRESOLVED: gcc.dg/tree-ssa/20030728-1.c: error executing dg-final: no files matched glob pattern "20030728-1.c.t??.optimized"
ERROR: gcc.dg/tree-ssa/20030814-4.c: error executing dg-final: no files matched glob pattern "20030814-4.c.t??.optimized"
UNRESOLVED: gcc.dg/tree-ssa/20030814-4.c: error executing dg-final: no files matched glob pattern "20030814-4.c.t??.optimized"
ERROR: gcc.dg/tree-ssa/20030814-5.c: error executing dg-final: no files matched glob pattern "20030814-5.c.t??.optimized"
UNRESOLVED: gcc.dg/tree-ssa/20030814-5.c: error executing dg-final: no files matched glob pattern "20030814-5.c.t??.optimized"
ERROR: gcc.dg/tree-ssa/20030821-1.c: error executing dg-final: no files matched glob pattern "20030821-1.c.t??.optimized"
UNRESOLVED: gcc.dg/tree-ssa/20030821-1.c: error executing dg-final: no files matched glob pattern "20030821-1.c.t??.optimized"
ERROR: gcc.dg/tree-ssa/20030824-1.c: error executing dg-final: no files matched glob pattern "20030824-1.c.t??.optimized"
UNRESOLVED: gcc.dg/tree-ssa/20030824-1.c: error executing dg-final: no files matched glob pattern "20030824-1.c.t??.optimized"
ERROR: gcc.dg/tree-ssa/20030824-2.c: error executing dg-final: no files matched glob pattern "20030824-2.c.t??.optimized"
UNRESOLVED: gcc.dg/tree-ssa/20030824-2.c: error executing dg-final: no files matched glob pattern "20030824-2.c.t??.optimized"
ERROR: gcc.dg/tree-ssa/20030825-1.c: error executing dg-final: no files matched glob pattern "20030825-1.c.t??.optimized"
UNRESOLVED: gcc.dg/tree-ssa/20030825-1.c: error executing dg-final: no files matched glob pattern "20030825-1.c.t??.optimized"
ERROR: gcc.dg/tree-ssa/20030907-1.c: error executing dg-final: no files matched glob pattern "20030907-1.c.t??.optimized"
UNRESOLVED: gcc.dg/tree-ssa/20030907-1.c: error executing dg-final: no files matched glob pattern "20030907-1.c.t??.optimized"
ERROR: gcc.dg/tree-ssa/20030922-2.c: error executing dg-final: no files matched glob pattern "20030922-2.c.t??.dom1"
UNRESOLVED: gcc.dg/tree-ssa/20030922-2.c: error executing dg-final: no files matched glob pattern "20030922-2.c.t??.dom1"
ERROR: gcc.dg/tree-ssa/20031015-1.c: error executing dg-final: no files matched glob pattern "20031015-1.c.t??.alias1"
UNRESOLVED: gcc.dg/tree-ssa/20031015-1.c: error executing dg-final: no files matched glob pattern "20031015-1.c.t??.alias1"
ERROR: gcc.dg/tree-ssa/20031021-1.c: error executing dg-final: no files matched glob pattern "20031021-1.c.t??.optimized"
UNRESOLVED: gcc.dg/tree-ssa/20031021-1.c: error executing dg-final: no files matched glob pattern "20031021-1.c.t??.optimized"
ERROR: gcc.dg/tree-ssa/20031022-1.c: error executing dg-final: no files matched glob pattern "20031022-1.c.t??.dom1"
UNRESOLVED: gcc.dg/tree-ssa/20031022-1.c: error executing dg-final: no files matched glob pattern "20031022-1.c.t??.dom1"
ERROR: gcc.dg/tree-ssa/20031106-1.c: error executing dg-final: no files matched glob pattern "20031106-1.c.t??.optimized"
UNRESOLVED: gcc.dg/tree-ssa/20031106-1.c: error executing dg-final: no files matched glob pattern "20031106-1.c.t??.optimized"
ERROR: gcc.dg/tree-ssa/20031106-2.c: error executing dg-final: no files matched glob pattern "20031106-2.c.t??.optimized"
UNRESOLVED: gcc.dg/tree-ssa/20031106-2.c: error executing dg-final: no files matched glob pattern "20031106-2.c.t??.optimized"
ERROR: gcc.dg/tree-ssa/20031106-3.c: error executing dg-final: no files matched glob pattern "20031106-3.c.t??.optimized"
UNRESOLVED: gcc.dg/tree-ssa/20031106-3.c: error executing dg-final: no files matched glob pattern "20031106-3.c.t??.optimized"
ERROR: gcc.dg/tree-ssa/20031106-4.c: error executing dg-final: no files matched glob pattern "20031106-4.c.t??.optimized"
UNRESOLVED: gcc.dg/tree-ssa/20031106-4.c: error executing dg-final: no files matched glob pattern "20031106-4.c.t??.optimized"
ERROR: gcc.dg/tree-ssa/20031106-5.c: error executing dg-final: no files matched glob pattern "20031106-5.c.t??.optimized"
UNRESOLVED: gcc.dg/tree-ssa/20031106-5.c: error executing dg-final: no files matched glob pattern "20031106-5.c.t??.optimized"
ERROR: gcc.dg/tree-ssa/20031106-6.c: error executing dg-final: no files matched glob pattern "20031106-6.c.t??.optimized"
UNRESOLVED: gcc.dg/tree-ssa/20031106-6.c: error executing dg-final: no files matched glob pattern "20031106-6.c.t??.optimized"
ERROR: gcc.dg/tree-ssa/20031216-1.c: error executing dg-final: no files matched glob pattern "20031216-1.c.t??.optimized"
UNRESOLVED: gcc.dg/tree-ssa/20031216-1.c: error executing dg-final: no files matched glob pattern "20031216-1.c.t??.optimized"
ERROR: gcc.dg/tree-ssa/20040204-1.c: error executing dg-final: no files matched glob pattern "20040204-1.c.t??.optimized"
UNRESOLVED: gcc.dg/tree-ssa/20040204-1.c: error executing dg-final: no files matched glob pattern "20040204-1.c.t??.optimized"
ERROR: gcc.dg/tree-ssa/20040430-1.c: error executing dg-final: no files matched glob pattern "20040430-1.c.t??.optimized"
UNRESOLVED: gcc.dg/tree-ssa/20040430-1.c: error executing dg-final: no files matched glob pattern "20040430-1.c.t??.optimized"
FAIL: gcc.dg/tree-ssa/20040513-2.c scan-tree-dump-times link_error 0
ERROR: gcc.dg/tree-ssa/20040517-1.c: error executing dg-final: no files matched glob pattern "20040517-1.c.t??.alias1"
UNRESOLVED: gcc.dg/tree-ssa/20040517-1.c: error executing dg-final: no files matched glob pattern "20040517-1.c.t??.alias1"
ERROR: gcc.dg/tree-ssa/20040615-1.c: error executing dg-final: no files matched glob pattern "20040615-1.c.t??.dom1"
UNRESOLVED: gcc.dg/tree-ssa/20040615-1.c: error executing dg-final: no files matched glob pattern "20040615-1.c.t??.dom1"
ERROR: gcc.dg/tree-ssa/20040624-1.c: error executing dg-final: no files matched glob pattern "20040624-1.c.t??.dom1"
UNRESOLVED: gcc.dg/tree-ssa/20040624-1.c: error executing dg-final: no files matched glob pattern "20040624-1.c.t??.dom1"
ERROR: gcc.dg/tree-ssa/20041002-1.c: error executing dg-final: no files matched glob pattern "20041002-1.c.t??.ssa"
UNRESOLVED: gcc.dg/tree-ssa/20041002-1.c: error executing dg-final: no files matched glob pattern "20041002-1.c.t??.ssa"
ERROR: gcc.dg/tree-ssa/20050215-1.c: error executing dg-final: no files matched glob pattern "20050215-1.c.t??.optimized"
UNRESOLVED: gcc.dg/tree-ssa/20050215-1.c: error executing dg-final: no files matched glob pattern "20050215-1.c.t??.optimized"
ERROR: gcc.dg/tree-ssa/asm-1.c: error executing dg-final: no files matched glob pattern "asm-1.c.t??.optimized"
UNRESOLVED: gcc.dg/tree-ssa/asm-1.c: error executing dg-final: no files matched glob pattern "asm-1.c.t??.optimized"
ERROR: gcc.dg/tree-ssa/asm-2.c: error executing dg-final: no files matched glob pattern "asm-2.c.t??.optimized"
UNRESOLVED: gcc.dg/tree-ssa/asm-2.c: error executing dg-final: no files matched glob pattern "asm-2.c.t??.optimized"
ERROR: gcc.dg/tree-ssa/asm-3.c: error executing dg-final: no files matched glob pattern "asm-3.c.t??.optimized"
UNRESOLVED: gcc.dg/tree-ssa/asm-3.c: error executing dg-final: no files matched glob pattern "asm-3.c.t??.optimized"
ERROR: gcc.dg/tree-ssa/complex-1.c: error executing dg-final: no files matched glob pattern "complex-1.c.t??.optimized"
UNRESOLVED: gcc.dg/tree-ssa/complex-1.c: error executing dg-final: no files matched glob pattern "complex-1.c.t??.optimized"
ERROR: gcc.dg/tree-ssa/complex-2.c: error executing dg-final: no files matched glob pattern "complex-2.c.t??.optimized"
UNRESOLVED: gcc.dg/tree-ssa/complex-2.c: error executing dg-final: no files matched glob pattern "complex-2.c.t??.optimized"
ERROR: gcc.dg/tree-ssa/inline_asm-1.c: error executing dg-final: no files matched glob pattern "inline_asm-1.c.t??.optimized"
UNRESOLVED: gcc.dg/tree-ssa/inline_asm-1.c: error executing dg-final: no files matched glob pattern "inline_asm-1.c.t??.optimized"
ERROR: gcc.dg/tree-ssa/inline_asm-2.c: error executing dg-final: no files matched glob pattern "inline_asm-2.c.t??.alias1"
UNRESOLVED: gcc.dg/tree-ssa/inline_asm-2.c: error executing dg-final: no files matched glob pattern "inline_asm-2.c.t??.alias1"
ERROR: gcc.dg/tree-ssa/phi-opt-1.c: error executing dg-final: no files matched glob pattern "phi-opt-1.c.t??.optimized"
UNRESOLVED: gcc.dg/tree-ssa/phi-opt-1.c: error executing dg-final: no files matched glob pattern "phi-opt-1.c.t??.optimized"
ERROR: gcc.dg/tree-ssa/phi-opt-2.c: error executing dg-final: no files matched glob pattern "phi-opt-2.c.t??.optimized"
UNRESOLVED: gcc.dg/tree-ssa/phi-opt-2.c: error executing dg-final: no files matched glob pattern "phi-opt-2.c.t??.optimized"
ERROR: gcc.dg/tree-ssa/phi-opt-3.c: error executing dg-final: no files matched glob pattern "phi-opt-3.c.t??.optimized"
UNRESOLVED: gcc.dg/tree-ssa/phi-opt-3.c: error executing dg-final: no files matched glob pattern "phi-opt-3.c.t??.optimized"
ERROR: gcc.dg/tree-ssa/phi-opt-4.c: error executing dg-final: no files matched glob pattern "phi-opt-4.c.t??.optimized"
UNRESOLVED: gcc.dg/tree-ssa/phi-opt-4.c: error executing dg-final: no files matched glob pattern "phi-opt-4.c.t??.optimized"
ERROR: gcc.dg/tree-ssa/pr16721.c: error executing dg-final: no files matched glob pattern "pr16721.c.t??.optimized"
UNRESOLVED: gcc.dg/tree-ssa/pr16721.c: error executing dg-final: no files matched glob pattern "pr16721.c.t??.optimized"
ERROR: gcc.dg/tree-ssa/pr18133-1.c: error executing dg-final: no files matched glob pattern "pr18133-1.c.t??.optimized"
UNRESOLVED: gcc.dg/tree-ssa/pr18133-1.c: error executing dg-final: no files matched glob pattern "pr18133-1.c.t??.optimized"
ERROR: gcc.dg/tree-ssa/pr18133-2.c: error executing dg-final: no files matched glob pattern "pr18133-2.c.t??.optimized"
UNRESOLVED: gcc.dg/tree-ssa/pr18133-2.c: error executing dg-final: no files matched glob pattern "pr18133-2.c.t??.optimized"
ERROR: gcc.dg/tree-ssa/pr18134.c: error executing dg-final: no files matched glob pattern "pr18134.c.t??.optimized"
UNRESOLVED: gcc.dg/tree-ssa/pr18134.c: error executing dg-final: no files matched glob pattern "pr18134.c.t??.optimized"
ERROR: gcc.dg/tree-ssa/pr19633.c: error executing dg-final: no files matched glob pattern "pr19633.c.t??.ssa"
UNRESOLVED: gcc.dg/tree-ssa/pr19633.c: error executing dg-final: no files matched glob pattern "pr19633.c.t??.ssa"
ERROR: gcc.dg/tree-ssa/sra-1.c: error executing dg-final: no files matched glob pattern "sra-1.c.t??.optimized"
UNRESOLVED: gcc.dg/tree-ssa/sra-1.c: error executing dg-final: no files matched glob pattern "sra-1.c.t??.optimized"
ERROR: gcc.dg/tree-ssa/sra-2.c: error executing dg-final: no files matched glob pattern "sra-2.c.t??.optimized"
UNRESOLVED: gcc.dg/tree-ssa/sra-2.c: error executing dg-final: no files matched glob pattern "sra-2.c.t??.optimized"
ERROR: gcc.dg/tree-ssa/sra-3.c: error executing dg-final: no files matched glob pattern "sra-3.c.t??.optimized"
UNRESOLVED: gcc.dg/tree-ssa/sra-3.c: error executing dg-final: no files matched glob pattern "sra-3.c.t??.optimized"
ERROR: gcc.dg/tree-ssa/ssa-ccp-11.c: error executing dg-final: no files matched glob pattern "ssa-ccp-11.c.t??.optimized"
UNRESOLVED: gcc.dg/tree-ssa/ssa-ccp-11.c: error executing dg-final: no files matched glob pattern "ssa-ccp-11.c.t??.optimized"
FAIL: gcc.dg/tree-ssa/ssa-dce-2.c scan-tree-dump-times if 0
ERROR: gcc.dg/tree-ssa/structopt-2.c: error executing dg-final: no files matched glob pattern "structopt-2.c.t??.optimized"
UNRESOLVED: gcc.dg/tree-ssa/structopt-2.c: error executing dg-final: no files matched glob pattern "structopt-2.c.t??.optimized"
ERROR: gcc.dg/tree-ssa/structopt-3.c: error executing dg-final: no files matched glob pattern "structopt-3.c.t??.optimized"
UNRESOLVED: gcc.dg/tree-ssa/structopt-3.c: error executing dg-final: no files matched glob pattern "structopt-3.c.t??.optimized"
ERROR: gcc.dg/tree-ssa/tailrecursion-1.c: error executing dg-final: no files matched glob pattern "tailrecursion-1.c.t??.tailr"
UNRESOLVED: gcc.dg/tree-ssa/tailrecursion-1.c: error executing dg-final: no files matched glob pattern "tailrecursion-1.c.t??.tailr"
ERROR: gcc.dg/tree-ssa/tailrecursion-2.c: error executing dg-final: no files matched glob pattern "tailrecursion-2.c.t??.tailr"
UNRESOLVED: gcc.dg/tree-ssa/tailrecursion-2.c: error executing dg-final: no files matched glob pattern "tailrecursion-2.c.t??.tailr"
ERROR: gcc.dg/tree-ssa/tailrecursion-3.c: error executing dg-final: no files matched glob pattern "tailrecursion-3.c.t??.tailr"
UNRESOLVED: gcc.dg/tree-ssa/tailrecursion-3.c: error executing dg-final: no files matched glob pattern "tailrecursion-3.c.t??.tailr"
ERROR: gcc.dg/tree-ssa/tailrecursion-4.c: error executing dg-final: no files matched glob pattern "tailrecursion-4.c.t??.tailr"
UNRESOLVED: gcc.dg/tree-ssa/tailrecursion-4.c: error executing dg-final: no files matched glob pattern "tailrecursion-4.c.t??.tailr"
ERROR: gcc.dg/tree-ssa/tailrecursion-5.c: error executing dg-final: no files matched glob pattern "tailrecursion-5.c.t??.optimized"
UNRESOLVED: gcc.dg/tree-ssa/tailrecursion-5.c: error executing dg-final: no files matched glob pattern "tailrecursion-5.c.t??.optimized"
=== gcc Summary for unix/-m32 ===
# of expected passes 34945
# of unexpected failures 5
# of expected failures 92
# of unresolved testcases 58
# of untested testcases 28
# of unsupported tests 439
Running target unix/-m64
FAIL: gcc.c-torture/compile/20011119-2.c -O1 (test for excess errors)
FAIL: gcc.dg/20040206-1.c (test for warnings, line 11)
FAIL: gcc.dg/altivec-21.c (test for errors, line 13)
FAIL: gcc.dg/altivec-21.c (test for errors, line 14)
FAIL: gcc.dg/always_inline3.c (test for errors, line 7)
ERROR: gcc.dg/builtins-43.c: error executing dg-final: no files matched glob pattern "builtins-43.c.t??.optimized"
UNRESOLVED: gcc.dg/builtins-43.c: error executing dg-final: no files matched glob pattern "builtins-43.c.t??.optimized"
ERROR: gcc.dg/builtins-44.c: error executing dg-final: no files matched glob pattern "builtins-44.c.t??.optimized"
UNRESOLVED: gcc.dg/builtins-44.c: error executing dg-final: no files matched glob pattern "builtins-44.c.t??.optimized"
ERROR: gcc.dg/builtins-45.c: error executing dg-final: no files matched glob pattern "builtins-45.c.t??.optimized"
UNRESOLVED: gcc.dg/builtins-45.c: error executing dg-final: no files matched glob pattern "builtins-45.c.t??.optimized"
FAIL: gcc.dg/ppc64-abi-2.c (test for excess errors)
WARNING: gcc.dg/ppc64-abi-2.c compilation failed to produce executable
ERROR: gcc.dg/pr15784-4.c: error executing dg-final: no files matched glob pattern "pr15784-4.c.t??.optimized"
UNRESOLVED: gcc.dg/pr15784-4.c: error executing dg-final: no files matched glob pattern "pr15784-4.c.t??.optimized"
ERROR: gcc.dg/tree-ssa/20030709-1.c: error executing dg-final: no files matched glob pattern "20030709-1.c.t??.optimized"
UNRESOLVED: gcc.dg/tree-ssa/20030709-1.c: error executing dg-final: no files matched glob pattern "20030709-1.c.t??.optimized"
ERROR: gcc.dg/tree-ssa/20030728-1.c: error executing dg-final: no files matched glob pattern "20030728-1.c.t??.optimized"
UNRESOLVED: gcc.dg/tree-ssa/20030728-1.c: error executing dg-final: no files matched glob pattern "20030728-1.c.t??.optimized"
ERROR: gcc.dg/tree-ssa/20030814-4.c: error executing dg-final: no files matched glob pattern "20030814-4.c.t??.optimized"
UNRESOLVED: gcc.dg/tree-ssa/20030814-4.c: error executing dg-final: no files matched glob pattern "20030814-4.c.t??.optimized"
ERROR: gcc.dg/tree-ssa/20030814-5.c: error executing dg-final: no files matched glob pattern "20030814-5.c.t??.optimized"
UNRESOLVED: gcc.dg/tree-ssa/20030814-5.c: error executing dg-final: no files matched glob pattern "20030814-5.c.t??.optimized"
ERROR: gcc.dg/tree-ssa/20030821-1.c: error executing dg-final: no files matched glob pattern "20030821-1.c.t??.optimized"
UNRESOLVED: gcc.dg/tree-ssa/20030821-1.c: error executing dg-final: no files matched glob pattern "20030821-1.c.t??.optimized"
ERROR: gcc.dg/tree-ssa/20030824-1.c: error executing dg-final: no files matched glob pattern "20030824-1.c.t??.optimized"
UNRESOLVED: gcc.dg/tree-ssa/20030824-1.c: error executing dg-final: no files matched glob pattern "20030824-1.c.t??.optimized"
ERROR: gcc.dg/tree-ssa/20030824-2.c: error executing dg-final: no files matched glob pattern "20030824-2.c.t??.optimized"
UNRESOLVED: gcc.dg/tree-ssa/20030824-2.c: error executing dg-final: no files matched glob pattern "20030824-2.c.t??.optimized"
ERROR: gcc.dg/tree-ssa/20030825-1.c: error executing dg-final: no files matched glob pattern "20030825-1.c.t??.optimized"
UNRESOLVED: gcc.dg/tree-ssa/20030825-1.c: error executing dg-final: no files matched glob pattern "20030825-1.c.t??.optimized"
ERROR: gcc.dg/tree-ssa/20030907-1.c: error executing dg-final: no files matched glob pattern "20030907-1.c.t??.optimized"
UNRESOLVED: gcc.dg/tree-ssa/20030907-1.c: error executing dg-final: no files matched glob pattern "20030907-1.c.t??.optimized"
ERROR: gcc.dg/tree-ssa/20030922-2.c: error executing dg-final: no files matched glob pattern "20030922-2.c.t??.dom1"
UNRESOLVED: gcc.dg/tree-ssa/20030922-2.c: error executing dg-final: no files matched glob pattern "20030922-2.c.t??.dom1"
ERROR: gcc.dg/tree-ssa/20031015-1.c: error executing dg-final: no files matched glob pattern "20031015-1.c.t??.alias1"
UNRESOLVED: gcc.dg/tree-ssa/20031015-1.c: error executing dg-final: no files matched glob pattern "20031015-1.c.t??.alias1"
ERROR: gcc.dg/tree-ssa/20031021-1.c: error executing dg-final: no files matched glob pattern "20031021-1.c.t??.optimized"
UNRESOLVED: gcc.dg/tree-ssa/20031021-1.c: error executing dg-final: no files matched glob pattern "20031021-1.c.t??.optimized"
ERROR: gcc.dg/tree-ssa/20031022-1.c: error executing dg-final: no files matched glob pattern "20031022-1.c.t??.dom1"
UNRESOLVED: gcc.dg/tree-ssa/20031022-1.c: error executing dg-final: no files matched glob pattern "20031022-1.c.t??.dom1"
ERROR: gcc.dg/tree-ssa/20031106-1.c: error executing dg-final: no files matched glob pattern "20031106-1.c.t??.optimized"
UNRESOLVED: gcc.dg/tree-ssa/20031106-1.c: error executing dg-final: no files matched glob pattern "20031106-1.c.t??.optimized"
ERROR: gcc.dg/tree-ssa/20031106-2.c: error executing dg-final: no files matched glob pattern "20031106-2.c.t??.optimized"
UNRESOLVED: gcc.dg/tree-ssa/20031106-2.c: error executing dg-final: no files matched glob pattern "20031106-2.c.t??.optimized"
ERROR: gcc.dg/tree-ssa/20031106-3.c: error executing dg-final: no files matched glob pattern "20031106-3.c.t??.optimized"
UNRESOLVED: gcc.dg/tree-ssa/20031106-3.c: error executing dg-final: no files matched glob pattern "20031106-3.c.t??.optimized"
ERROR: gcc.dg/tree-ssa/20031106-4.c: error executing dg-final: no files matched glob pattern "20031106-4.c.t??.optimized"
UNRESOLVED: gcc.dg/tree-ssa/20031106-4.c: error executing dg-final: no files matched glob pattern "20031106-4.c.t??.optimized"
ERROR: gcc.dg/tree-ssa/20031106-5.c: error executing dg-final: no files matched glob pattern "20031106-5.c.t??.optimized"
UNRESOLVED: gcc.dg/tree-ssa/20031106-5.c: error executing dg-final: no files matched glob pattern "20031106-5.c.t??.optimized"
ERROR: gcc.dg/tree-ssa/20031106-6.c: error executing dg-final: no files matched glob pattern "20031106-6.c.t??.optimized"
UNRESOLVED: gcc.dg/tree-ssa/20031106-6.c: error executing dg-final: no files matched glob pattern "20031106-6.c.t??.optimized"
ERROR: gcc.dg/tree-ssa/20031216-1.c: error executing dg-final: no files matched glob pattern "20031216-1.c.t??.optimized"
UNRESOLVED: gcc.dg/tree-ssa/20031216-1.c: error executing dg-final: no files matched glob pattern "20031216-1.c.t??.optimized"
ERROR: gcc.dg/tree-ssa/20040204-1.c: error executing dg-final: no files matched glob pattern "20040204-1.c.t??.optimized"
UNRESOLVED: gcc.dg/tree-ssa/20040204-1.c: error executing dg-final: no files matched glob pattern "20040204-1.c.t??.optimized"
ERROR: gcc.dg/tree-ssa/20040430-1.c: error executing dg-final: no files matched glob pattern "20040430-1.c.t??.optimized"
UNRESOLVED: gcc.dg/tree-ssa/20040430-1.c: error executing dg-final: no files matched glob pattern "20040430-1.c.t??.optimized"
FAIL: gcc.dg/tree-ssa/20040513-2.c scan-tree-dump-times link_error 0
ERROR: gcc.dg/tree-ssa/20040517-1.c: error executing dg-final: no files matched glob pattern "20040517-1.c.t??.alias1"
UNRESOLVED: gcc.dg/tree-ssa/20040517-1.c: error executing dg-final: no files matched glob pattern "20040517-1.c.t??.alias1"
ERROR: gcc.dg/tree-ssa/20040615-1.c: error executing dg-final: no files matched glob pattern "20040615-1.c.t??.dom1"
UNRESOLVED: gcc.dg/tree-ssa/20040615-1.c: error executing dg-final: no files matched glob pattern "20040615-1.c.t??.dom1"
ERROR: gcc.dg/tree-ssa/20040624-1.c: error executing dg-final: no files matched glob pattern "20040624-1.c.t??.dom1"
UNRESOLVED: gcc.dg/tree-ssa/20040624-1.c: error executing dg-final: no files matched glob pattern "20040624-1.c.t??.dom1"
ERROR: gcc.dg/tree-ssa/20041002-1.c: error executing dg-final: no files matched glob pattern "20041002-1.c.t??.ssa"
UNRESOLVED: gcc.dg/tree-ssa/20041002-1.c: error executing dg-final: no files matched glob pattern "20041002-1.c.t??.ssa"
ERROR: gcc.dg/tree-ssa/20050215-1.c: error executing dg-final: no files matched glob pattern "20050215-1.c.t??.optimized"
UNRESOLVED: gcc.dg/tree-ssa/20050215-1.c: error executing dg-final: no files matched glob pattern "20050215-1.c.t??.optimized"
ERROR: gcc.dg/tree-ssa/asm-1.c: error executing dg-final: no files matched glob pattern "asm-1.c.t??.optimized"
UNRESOLVED: gcc.dg/tree-ssa/asm-1.c: error executing dg-final: no files matched glob pattern "asm-1.c.t??.optimized"
ERROR: gcc.dg/tree-ssa/asm-2.c: error executing dg-final: no files matched glob pattern "asm-2.c.t??.optimized"
UNRESOLVED: gcc.dg/tree-ssa/asm-2.c: error executing dg-final: no files matched glob pattern "asm-2.c.t??.optimized"
ERROR: gcc.dg/tree-ssa/asm-3.c: error executing dg-final: no files matched glob pattern "asm-3.c.t??.optimized"
UNRESOLVED: gcc.dg/tree-ssa/asm-3.c: error executing dg-final: no files matched glob pattern "asm-3.c.t??.optimized"
ERROR: gcc.dg/tree-ssa/complex-1.c: error executing dg-final: no files matched glob pattern "complex-1.c.t??.optimized"
UNRESOLVED: gcc.dg/tree-ssa/complex-1.c: error executing dg-final: no files matched glob pattern "complex-1.c.t??.optimized"
ERROR: gcc.dg/tree-ssa/complex-2.c: error executing dg-final: no files matched glob pattern "complex-2.c.t??.optimized"
UNRESOLVED: gcc.dg/tree-ssa/complex-2.c: error executing dg-final: no files matched glob pattern "complex-2.c.t??.optimized"
ERROR: gcc.dg/tree-ssa/inline_asm-1.c: error executing dg-final: no files matched glob pattern "inline_asm-1.c.t??.optimized"
UNRESOLVED: gcc.dg/tree-ssa/inline_asm-1.c: error executing dg-final: no files matched glob pattern "inline_asm-1.c.t??.optimized"
ERROR: gcc.dg/tree-ssa/inline_asm-2.c: error executing dg-final: no files matched glob pattern "inline_asm-2.c.t??.alias1"
UNRESOLVED: gcc.dg/tree-ssa/inline_asm-2.c: error executing dg-final: no files matched glob pattern "inline_asm-2.c.t??.alias1"
ERROR: gcc.dg/tree-ssa/phi-opt-1.c: error executing dg-final: no files matched glob pattern "phi-opt-1.c.t??.optimized"
UNRESOLVED: gcc.dg/tree-ssa/phi-opt-1.c: error executing dg-final: no files matched glob pattern "phi-opt-1.c.t??.optimized"
ERROR: gcc.dg/tree-ssa/phi-opt-2.c: error executing dg-final: no files matched glob pattern "phi-opt-2.c.t??.optimized"
UNRESOLVED: gcc.dg/tree-ssa/phi-opt-2.c: error executing dg-final: no files matched glob pattern "phi-opt-2.c.t??.optimized"
ERROR: gcc.dg/tree-ssa/phi-opt-3.c: error executing dg-final: no files matched glob pattern "phi-opt-3.c.t??.optimized"
UNRESOLVED: gcc.dg/tree-ssa/phi-opt-3.c: error executing dg-final: no files matched glob pattern "phi-opt-3.c.t??.optimized"
ERROR: gcc.dg/tree-ssa/phi-opt-4.c: error executing dg-final: no files matched glob pattern "phi-opt-4.c.t??.optimized"
UNRESOLVED: gcc.dg/tree-ssa/phi-opt-4.c: error executing dg-final: no files matched glob pattern "phi-opt-4.c.t??.optimized"
ERROR: gcc.dg/tree-ssa/pr16721.c: error executing dg-final: no files matched glob pattern "pr16721.c.t??.optimized"
UNRESOLVED: gcc.dg/tree-ssa/pr16721.c: error executing dg-final: no files matched glob pattern "pr16721.c.t??.optimized"
ERROR: gcc.dg/tree-ssa/pr18133-1.c: error executing dg-final: no files matched glob pattern "pr18133-1.c.t??.optimized"
UNRESOLVED: gcc.dg/tree-ssa/pr18133-1.c: error executing dg-final: no files matched glob pattern "pr18133-1.c.t??.optimized"
ERROR: gcc.dg/tree-ssa/pr18133-2.c: error executing dg-final: no files matched glob pattern "pr18133-2.c.t??.optimized"
UNRESOLVED: gcc.dg/tree-ssa/pr18133-2.c: error executing dg-final: no files matched glob pattern "pr18133-2.c.t??.optimized"
ERROR: gcc.dg/tree-ssa/pr18134.c: error executing dg-final: no files matched glob pattern "pr18134.c.t??.optimized"
UNRESOLVED: gcc.dg/tree-ssa/pr18134.c: error executing dg-final: no files matched glob pattern "pr18134.c.t??.optimized"
ERROR: gcc.dg/tree-ssa/pr19633.c: error executing dg-final: no files matched glob pattern "pr19633.c.t??.ssa"
UNRESOLVED: gcc.dg/tree-ssa/pr19633.c: error executing dg-final: no files matched glob pattern "pr19633.c.t??.ssa"
ERROR: gcc.dg/tree-ssa/sra-1.c: error executing dg-final: no files matched glob pattern "sra-1.c.t??.optimized"
UNRESOLVED: gcc.dg/tree-ssa/sra-1.c: error executing dg-final: no files matched glob pattern "sra-1.c.t??.optimized"
ERROR: gcc.dg/tree-ssa/sra-2.c: error executing dg-final: no files matched glob pattern "sra-2.c.t??.optimized"
UNRESOLVED: gcc.dg/tree-ssa/sra-2.c: error executing dg-final: no files matched glob pattern "sra-2.c.t??.optimized"
ERROR: gcc.dg/tree-ssa/sra-3.c: error executing dg-final: no files matched glob pattern "sra-3.c.t??.optimized"
UNRESOLVED: gcc.dg/tree-ssa/sra-3.c: error executing dg-final: no files matched glob pattern "sra-3.c.t??.optimized"
ERROR: gcc.dg/tree-ssa/ssa-ccp-11.c: error executing dg-final: no files matched glob pattern "ssa-ccp-11.c.t??.optimized"
UNRESOLVED: gcc.dg/tree-ssa/ssa-ccp-11.c: error executing dg-final: no files matched glob pattern "ssa-ccp-11.c.t??.optimized"
FAIL: gcc.dg/tree-ssa/ssa-dce-2.c scan-tree-dump-times if 0
ERROR: gcc.dg/tree-ssa/structopt-2.c: error executing dg-final: no files matched glob pattern "structopt-2.c.t??.optimized"
UNRESOLVED: gcc.dg/tree-ssa/structopt-2.c: error executing dg-final: no files matched glob pattern "structopt-2.c.t??.optimized"
ERROR: gcc.dg/tree-ssa/structopt-3.c: error executing dg-final: no files matched glob pattern "structopt-3.c.t??.optimized"
UNRESOLVED: gcc.dg/tree-ssa/structopt-3.c: error executing dg-final: no files matched glob pattern "structopt-3.c.t??.optimized"
ERROR: gcc.dg/tree-ssa/tailrecursion-1.c: error executing dg-final: no files matched glob pattern "tailrecursion-1.c.t??.tailr"
UNRESOLVED: gcc.dg/tree-ssa/tailrecursion-1.c: error executing dg-final: no files matched glob pattern "tailrecursion-1.c.t??.tailr"
ERROR: gcc.dg/tree-ssa/tailrecursion-2.c: error executing dg-final: no files matched glob pattern "tailrecursion-2.c.t??.tailr"
UNRESOLVED: gcc.dg/tree-ssa/tailrecursion-2.c: error executing dg-final: no files matched glob pattern "tailrecursion-2.c.t??.tailr"
ERROR: gcc.dg/tree-ssa/tailrecursion-3.c: error executing dg-final: no files matched glob pattern "tailrecursion-3.c.t??.tailr"
UNRESOLVED: gcc.dg/tree-ssa/tailrecursion-3.c: error executing dg-final: no files matched glob pattern "tailrecursion-3.c.t??.tailr"
ERROR: gcc.dg/tree-ssa/tailrecursion-4.c: error executing dg-final: no files matched glob pattern "tailrecursion-4.c.t??.tailr"
UNRESOLVED: gcc.dg/tree-ssa/tailrecursion-4.c: error executing dg-final: no files matched glob pattern "tailrecursion-4.c.t??.tailr"
ERROR: gcc.dg/tree-ssa/tailrecursion-5.c: error executing dg-final: no files matched glob pattern "tailrecursion-5.c.t??.optimized"
UNRESOLVED: gcc.dg/tree-ssa/tailrecursion-5.c: error executing dg-final: no files matched glob pattern "tailrecursion-5.c.t??.optimized"
FAIL: gcc.dg/vect/vect-46.c scan-tree-dump-times vectorized 1 loops 1
FAIL: gcc.dg/vect/vect-50.c scan-tree-dump-times vectorized 1 loops 1
FAIL: gcc.dg/vect/vect-50.c scan-tree-dump-times Vectorizing an unaligned access 2
FAIL: gcc.dg/vect/vect-50.c scan-tree-dump-times Alignment of access forced using peeling 1
FAIL: gcc.dg/vect/vect-52.c scan-tree-dump-times vectorized 1 loops 1
FAIL: gcc.dg/vect/vect-52.c scan-tree-dump-times Vectorizing an unaligned access 2
FAIL: gcc.dg/vect/vect-58.c scan-tree-dump-times vectorized 1 loops 1
FAIL: gcc.dg/vect/vect-58.c scan-tree-dump-times Alignment of access forced using peeling 1
FAIL: gcc.dg/vect/vect-60.c scan-tree-dump-times vectorized 1 loops 1
FAIL: gcc.dg/vect/vect-60.c scan-tree-dump-times Vectorizing an unaligned access 2
FAIL: gcc.dg/vect/vect-87.c scan-tree-dump-times vectorized 1 loops 1
FAIL: gcc.dg/vect/vect-87.c scan-tree-dump-times Alignment of access forced using peeling 1
FAIL: gcc.dg/vect/vect-88.c scan-tree-dump-times vectorized 1 loops 1
FAIL: gcc.dg/vect/vect-88.c scan-tree-dump-times Alignment of access forced using peeling 1
FAIL: gcc.dg/vect/vect-92.c scan-tree-dump-times vectorized 1 loops 3
FAIL: gcc.dg/vect/vect-92.c scan-tree-dump-times Alignment of access forced using peeling 3
FAIL: gcc.dg/vmx/varargs-1.c -O3 -fomit-frame-pointer (test for excess errors)
FAIL: gcc.dg/vmx/varargs-1.c -O3 -fomit-frame-pointer -funroll-loops (test for excess errors)
FAIL: gcc.dg/vmx/varargs-1.c -O3 -fomit-frame-pointer -funroll-all-loops -finline-functions (test for excess errors)
FAIL: gcc.dg/vmx/varargs-1.c -O3 -g (test for excess errors)
=== gcc Summary for unix/-m64 ===
# of expected passes 34927
# of unexpected failures 28
# of expected failures 99
# of unresolved testcases 58
# of untested testcases 28
# of unsupported tests 436
=== gcc Summary ===
# of expected passes 69872
# of unexpected failures 33
# of expected failures 191
# of unresolved testcases 116
# of untested testcases 56
# of unsupported tests 875
/home/gccbuild/build/nightly/build-gcc-treeprof/gcc/xgcc version 4.1.0 20050323 (experimental)tree-profiling
=== gfortran tests ===
Running target unix/-m32
FAIL: gfortran.dg/endfile.f90 -O0 (test for excess errors)
WARNING: gfortran.dg/endfile.f90 -O0 compilation failed to produce executable
FAIL: gfortran.dg/endfile.f90 -O1 (test for excess errors)
WARNING: gfortran.dg/endfile.f90 -O1 compilation failed to produce executable
FAIL: gfortran.dg/endfile.f90 -O2 (test for excess errors)
WARNING: gfortran.dg/endfile.f90 -O2 compilation failed to produce executable
FAIL: gfortran.dg/endfile.f90 -O3 -fomit-frame-pointer (test for excess errors)
WARNING: gfortran.dg/endfile.f90 -O3 -fomit-frame-pointer compilation failed to produce executable
FAIL: gfortran.dg/endfile.f90 -O3 -fomit-frame-pointer -funroll-loops (test for excess errors)
WARNING: gfortran.dg/endfile.f90 -O3 -fomit-frame-pointer -funroll-loops compilation failed to produce executable
FAIL: gfortran.dg/endfile.f90 -O3 -fomit-frame-pointer -funroll-all-loops -finline-functions (test for excess errors)
WARNING: gfortran.dg/endfile.f90 -O3 -fomit-frame-pointer -funroll-all-loops -finline-functions compilation failed to produce executable
FAIL: gfortran.dg/endfile.f90 -O3 -g (test for excess errors)
WARNING: gfortran.dg/endfile.f90 -O3 -g compilation failed to produce executable
FAIL: gfortran.dg/endfile.f90 -Os (test for excess errors)
WARNING: gfortran.dg/endfile.f90 -Os compilation failed to produce executable
FAIL: gfortran.dg/endfile_2.f90 -O0 (test for excess errors)
WARNING: gfortran.dg/endfile_2.f90 -O0 compilation failed to produce executable
FAIL: gfortran.dg/endfile_2.f90 -O1 (test for excess errors)
WARNING: gfortran.dg/endfile_2.f90 -O1 compilation failed to produce executable
FAIL: gfortran.dg/endfile_2.f90 -O2 (test for excess errors)
WARNING: gfortran.dg/endfile_2.f90 -O2 compilation failed to produce executable
FAIL: gfortran.dg/endfile_2.f90 -O3 -fomit-frame-pointer (test for excess errors)
WARNING: gfortran.dg/endfile_2.f90 -O3 -fomit-frame-pointer compilation failed to produce executable
FAIL: gfortran.dg/endfile_2.f90 -O3 -fomit-frame-pointer -funroll-loops (test for excess errors)
WARNING: gfortran.dg/endfile_2.f90 -O3 -fomit-frame-pointer -funroll-loops compilation failed to produce executable
FAIL: gfortran.dg/endfile_2.f90 -O3 -fomit-frame-pointer -funroll-all-loops -finline-functions (test for excess errors)
WARNING: gfortran.dg/endfile_2.f90 -O3 -fomit-frame-pointer -funroll-all-loops -finline-functions compilation failed to produce executable
FAIL: gfortran.dg/endfile_2.f90 -O3 -g (test for excess errors)
WARNING: gfortran.dg/endfile_2.f90 -O3 -g compilation failed to produce executable
FAIL: gfortran.dg/endfile_2.f90 -Os (test for excess errors)
WARNING: gfortran.dg/endfile_2.f90 -Os compilation failed to produce executable
FAIL: gfortran.dg/eof_1.f90 -O0 (test for excess errors)
WARNING: gfortran.dg/eof_1.f90 -O0 compilation failed to produce executable
FAIL: gfortran.dg/eof_1.f90 -O1 (test for excess errors)
WARNING: gfortran.dg/eof_1.f90 -O1 compilation failed to produce executable
FAIL: gfortran.dg/eof_1.f90 -O2 (test for excess errors)
WARNING: gfortran.dg/eof_1.f90 -O2 compilation failed to produce executable
FAIL: gfortran.dg/eof_1.f90 -O3 -fomit-frame-pointer (test for excess errors)
WARNING: gfortran.dg/eof_1.f90 -O3 -fomit-frame-pointer compilation failed to produce executable
FAIL: gfortran.dg/eof_1.f90 -O3 -fomit-frame-pointer -funroll-loops (test for excess errors)
WARNING: gfortran.dg/eof_1.f90 -O3 -fomit-frame-pointer -funroll-loops compilation failed to produce executable
FAIL: gfortran.dg/eof_1.f90 -O3 -fomit-frame-pointer -funroll-all-loops -finline-functions (test for excess errors)
WARNING: gfortran.dg/eof_1.f90 -O3 -fomit-frame-pointer -funroll-all-loops -finline-functions compilation failed to produce executable
FAIL: gfortran.dg/eof_1.f90 -O3 -g (test for excess errors)
WARNING: gfortran.dg/eof_1.f90 -O3 -g compilation failed to produce executable
FAIL: gfortran.dg/eof_1.f90 -Os (test for excess errors)
WARNING: gfortran.dg/eof_1.f90 -Os compilation failed to produce executable
FAIL: gfortran.dg/eof_2.f90 -O0 (test for excess errors)
WARNING: gfortran.dg/eof_2.f90 -O0 compilation failed to produce executable
FAIL: gfortran.dg/eof_2.f90 -O1 (test for excess errors)
WARNING: gfortran.dg/eof_2.f90 -O1 compilation failed to produce executable
FAIL: gfortran.dg/eof_2.f90 -O2 (test for excess errors)
WARNING: gfortran.dg/eof_2.f90 -O2 compilation failed to produce executable
FAIL: gfortran.dg/eof_2.f90 -O3 -fomit-frame-pointer (test for excess errors)
WARNING: gfortran.dg/eof_2.f90 -O3 -fomit-frame-pointer compilation failed to produce executable
FAIL: gfortran.dg/eof_2.f90 -O3 -fomit-frame-pointer -funroll-loops (test for excess errors)
WARNING: gfortran.dg/eof_2.f90 -O3 -fomit-frame-pointer -funroll-loops compilation failed to produce executable
FAIL: gfortran.dg/eof_2.f90 -O3 -fomit-frame-pointer -funroll-all-loops -finline-functions (test for excess errors)
WARNING: gfortran.dg/eof_2.f90 -O3 -fomit-frame-pointer -funroll-all-loops -finline-functions compilation failed to produce executable
FAIL: gfortran.dg/eof_2.f90 -O3 -g (test for excess errors)
WARNING: gfortran.dg/eof_2.f90 -O3 -g compilation failed to produce executable
FAIL: gfortran.dg/eof_2.f90 -Os (test for excess errors)
WARNING: gfortran.dg/eof_2.f90 -Os compilation failed to produce executable
FAIL: gfortran.dg/eor_1.f90 -O (test for excess errors)
FAIL: gfortran.dg/open_new.f90 -O (test for excess errors)
FAIL: gfortran.dg/open_readonly_1.f90 -O0 (test for excess errors)
WARNING: gfortran.dg/open_readonly_1.f90 -O0 compilation failed to produce executable
FAIL: gfortran.dg/open_readonly_1.f90 -O1 (test for excess errors)
WARNING: gfortran.dg/open_readonly_1.f90 -O1 compilation failed to produce executable
FAIL: gfortran.dg/open_readonly_1.f90 -O2 (test for excess errors)
WARNING: gfortran.dg/open_readonly_1.f90 -O2 compilation failed to produce executable
FAIL: gfortran.dg/open_readonly_1.f90 -O3 -fomit-frame-pointer (test for excess errors)
WARNING: gfortran.dg/open_readonly_1.f90 -O3 -fomit-frame-pointer compilation failed to produce executable
FAIL: gfortran.dg/open_readonly_1.f90 -O3 -fomit-frame-pointer -funroll-loops (test for excess errors)
WARNING: gfortran.dg/open_readonly_1.f90 -O3 -fomit-frame-pointer -funroll-loops compilation failed to produce executable
FAIL: gfortran.dg/open_readonly_1.f90 -O3 -fomit-frame-pointer -funroll-all-loops -finline-functions (test for excess errors)
WARNING: gfortran.dg/open_readonly_1.f90 -O3 -fomit-frame-pointer -funroll-all-loops -finline-functions compilation failed to produce executable
FAIL: gfortran.dg/open_readonly_1.f90 -O3 -g (test for excess errors)
WARNING: gfortran.dg/open_readonly_1.f90 -O3 -g compilation failed to produce executable
FAIL: gfortran.dg/open_readonly_1.f90 -Os (test for excess errors)
WARNING: gfortran.dg/open_readonly_1.f90 -Os compilation failed to produce executable
FAIL: gfortran.dg/pr17708.f90 -O0 (test for warnings, line 5)
FAIL: gfortran.dg/pr17708.f90 -O0 (test for warnings, line 7)
FAIL: gfortran.dg/pr17708.f90 -O0 (test for excess errors)
WARNING: gfortran.dg/pr17708.f90 -O0 compilation failed to produce executable
FAIL: gfortran.dg/pr17708.f90 -O1 (test for warnings, line 5)
FAIL: gfortran.dg/pr17708.f90 -O1 (test for warnings, line 7)
FAIL: gfortran.dg/pr17708.f90 -O1 (test for excess errors)
WARNING: gfortran.dg/pr17708.f90 -O1 compilation failed to produce executable
FAIL: gfortran.dg/pr17708.f90 -O2 (test for warnings, line 5)
FAIL: gfortran.dg/pr17708.f90 -O2 (test for warnings, line 7)
FAIL: gfortran.dg/pr17708.f90 -O2 (test for excess errors)
WARNING: gfortran.dg/pr17708.f90 -O2 compilation failed to produce executable
FAIL: gfortran.dg/pr17708.f90 -O3 -fomit-frame-pointer (test for warnings, line 5)
FAIL: gfortran.dg/pr17708.f90 -O3 -fomit-frame-pointer (test for warnings, line 7)
FAIL: gfortran.dg/pr17708.f90 -O3 -fomit-frame-pointer (test for excess errors)
WARNING: gfortran.dg/pr17708.f90 -O3 -fomit-frame-pointer compilation failed to produce executable
FAIL: gfortran.dg/pr17708.f90 -O3 -fomit-frame-pointer -funroll-loops (test for warnings, line 5)
FAIL: gfortran.dg/pr17708.f90 -O3 -fomit-frame-pointer -funroll-loops (test for warnings, line 7)
FAIL: gfortran.dg/pr17708.f90 -O3 -fomit-frame-pointer -funroll-loops (test for excess errors)
WARNING: gfortran.dg/pr17708.f90 -O3 -fomit-frame-pointer -funroll-loops compilation failed to produce executable
FAIL: gfortran.dg/pr17708.f90 -O3 -fomit-frame-pointer -funroll-all-loops -finline-functions (test for warnings, line 5)
FAIL: gfortran.dg/pr17708.f90 -O3 -fomit-frame-pointer -funroll-all-loops -finline-functions (test for warnings, line 7)
FAIL: gfortran.dg/pr17708.f90 -O3 -fomit-frame-pointer -funroll-all-loops -finline-functions (test for excess errors)
WARNING: gfortran.dg/pr17708.f90 -O3 -fomit-frame-pointer -funroll-all-loops -finline-functions compilation failed to produce executable
FAIL: gfortran.dg/pr17708.f90 -O3 -g (test for warnings, line 5)
FAIL: gfortran.dg/pr17708.f90 -O3 -g (test for warnings, line 7)
FAIL: gfortran.dg/pr17708.f90 -O3 -g (test for excess errors)
WARNING: gfortran.dg/pr17708.f90 -O3 -g compilation failed to produce executable
FAIL: gfortran.dg/pr17708.f90 -Os (test for warnings, line 5)
FAIL: gfortran.dg/pr17708.f90 -Os (test for warnings, line 7)
FAIL: gfortran.dg/pr17708.f90 -Os (test for excess errors)
WARNING: gfortran.dg/pr17708.f90 -Os compilation failed to produce executable
XPASS: gfortran.dg/ret_pointer_1.f90 -O0 execution test
XPASS: gfortran.dg/ret_pointer_1.f90 -O1 execution test
FAIL: gfortran.dg/g77/19990826-3.f -O (test for excess errors)
FAIL: gfortran.dg/g77/20000629-1.f -O (test for excess errors)
FAIL: gfortran.dg/g77/20001111.f -O0 (test for excess errors)
WARNING: gfortran.dg/g77/20001111.f -O0 compilation failed to produce executable
FAIL: gfortran.dg/g77/20001111.f -O1 (test for excess errors)
WARNING: gfortran.dg/g77/20001111.f -O1 compilation failed to produce executable
FAIL: gfortran.dg/g77/20001111.f -O2 (test for excess errors)
WARNING: gfortran.dg/g77/20001111.f -O2 compilation failed to produce executable
FAIL: gfortran.dg/g77/20001111.f -O3 -fomit-frame-pointer (test for excess errors)
WARNING: gfortran.dg/g77/20001111.f -O3 -fomit-frame-pointer compilation failed to produce executable
FAIL: gfortran.dg/g77/20001111.f -O3 -fomit-frame-pointer -funroll-loops (test for excess errors)
WARNING: gfortran.dg/g77/20001111.f -O3 -fomit-frame-pointer -funroll-loops compilation failed to produce executable
FAIL: gfortran.dg/g77/20001111.f -O3 -fomit-frame-pointer -funroll-all-loops -finline-functions (test for excess errors)
WARNING: gfortran.dg/g77/20001111.f -O3 -fomit-frame-pointer -funroll-all-loops -finline-functions compilation failed to produce executable
FAIL: gfortran.dg/g77/20001111.f -O3 -g (test for excess errors)
WARNING: gfortran.dg/g77/20001111.f -O3 -g compilation failed to produce executable
FAIL: gfortran.dg/g77/20001111.f -Os (test for excess errors)
WARNING: gfortran.dg/g77/20001111.f -Os compilation failed to produce executable
FAIL: gfortran.dg/g77/20010116.f -O0 (test for excess errors)
WARNING: gfortran.dg/g77/20010116.f -O0 compilation failed to produce executable
FAIL: gfortran.dg/g77/20010116.f -O1 (test for excess errors)
WARNING: gfortran.dg/g77/20010116.f -O1 compilation failed to produce executable
FAIL: gfortran.dg/g77/20010116.f -O2 (test for excess errors)
WARNING: gfortran.dg/g77/20010116.f -O2 compilation failed to produce executable
FAIL: gfortran.dg/g77/20010116.f -O3 -fomit-frame-pointer (test for excess errors)
WARNING: gfortran.dg/g77/20010116.f -O3 -fomit-frame-pointer compilation failed to produce executable
FAIL: gfortran.dg/g77/20010116.f -O3 -fomit-frame-pointer -funroll-loops (test for excess errors)
WARNING: gfortran.dg/g77/20010116.f -O3 -fomit-frame-pointer -funroll-loops compilation failed to produce executable
FAIL: gfortran.dg/g77/20010116.f -O3 -fomit-frame-pointer -funroll-all-loops -finline-functions (test for excess errors)
WARNING: gfortran.dg/g77/20010116.f -O3 -fomit-frame-pointer -funroll-all-loops -finline-functions compilation failed to produce executable
FAIL: gfortran.dg/g77/20010116.f -O3 -g (test for excess errors)
WARNING: gfortran.dg/g77/20010116.f -O3 -g compilation failed to produce executable
FAIL: gfortran.dg/g77/20010116.f -Os (test for excess errors)
WARNING: gfortran.dg/g77/20010116.f -Os compilation failed to produce executable
FAIL: gfortran.dg/g77/20010519-1.f -O (test for excess errors)
FAIL: gfortran.dg/g77/20030115-1.f -O (test for excess errors)
FAIL: gfortran.dg/g77/980310-3.f -O (test for excess errors)
FAIL: gfortran.dg/g77/980310-4.f -O (test for excess errors)
FAIL: gfortran.dg/g77/980310-7.f -O (test for excess errors)
FAIL: gfortran.dg/g77/check0.f -O (test for errors, line 9)
FAIL: gfortran.dg/g77/check0.f -O (test for errors, line 10)
FAIL: gfortran.dg/g77/check0.f -O (test for excess errors)
FAIL: gfortran.dg/g77/dnrm2.f -O0 (test for excess errors)
WARNING: gfortran.dg/g77/dnrm2.f -O0 compilation failed to produce executable
FAIL: gfortran.dg/g77/dnrm2.f -O1 (test for excess errors)
WARNING: gfortran.dg/g77/dnrm2.f -O1 compilation failed to produce executable
FAIL: gfortran.dg/g77/dnrm2.f -O2 (test for excess errors)
WARNING: gfortran.dg/g77/dnrm2.f -O2 compilation failed to produce executable
FAIL: gfortran.dg/g77/dnrm2.f -O3 -fomit-frame-pointer (test for excess errors)
WARNING: gfortran.dg/g77/dnrm2.f -O3 -fomit-frame-pointer compilation failed to produce executable
FAIL: gfortran.dg/g77/dnrm2.f -O3 -fomit-frame-pointer -funroll-loops (test for excess errors)
WARNING: gfortran.dg/g77/dnrm2.f -O3 -fomit-frame-pointer -funroll-loops compilation failed to produce executable
FAIL: gfortran.dg/g77/dnrm2.f -O3 -fomit-frame-pointer -funroll-all-loops -finline-functions (test for excess errors)
WARNING: gfortran.dg/g77/dnrm2.f -O3 -fomit-frame-pointer -funroll-all-loops -finline-functions compilation failed to produce executable
FAIL: gfortran.dg/g77/dnrm2.f -O3 -g (test for excess errors)
WARNING: gfortran.dg/g77/dnrm2.f -O3 -g compilation failed to produce executable
FAIL: gfortran.dg/g77/dnrm2.f -Os (test for excess errors)
WARNING: gfortran.dg/g77/dnrm2.f -Os compilation failed to produce executable
FAIL: gfortran.dg/g77/ffixed-form-2.f -O (test for excess errors)
FAIL: gfortran.dg/g77/ffree-form-2.f -O (test for excess errors)
FAIL: gfortran.dg/g77/pr9258.f -O (test for excess errors)
FAIL: gfortran.fortran-torture/compile/io_end.f90, "-O"
FAIL: gfortran.fortran-torture/execute/alternate_return.f90 compilation, -O0
FAIL: gfortran.fortran-torture/execute/alternate_return.f90 compilation, -O1
FAIL: gfortran.fortran-torture/execute/alternate_return.f90 compilation, -O2
FAIL: gfortran.fortran-torture/execute/alternate_return.f90 compilation, -O3 -fomit-frame-pointer
FAIL: gfortran.fortran-torture/execute/alternate_return.f90 compilation, -O3 -fomit-frame-pointer -funroll-loops
FAIL: gfortran.fortran-torture/execute/alternate_return.f90 compilation, -O3 -fomit-frame-pointer -funroll-all-loops -finline-functions
FAIL: gfortran.fortran-torture/execute/alternate_return.f90 compilation, -O3 -g
FAIL: gfortran.fortran-torture/execute/alternate_return.f90 compilation, -Os
FAIL: gfortran.fortran-torture/execute/arithmeticif.f90 compilation, -O0
FAIL: gfortran.fortran-torture/execute/arithmeticif.f90 compilation, -O1
FAIL: gfortran.fortran-torture/execute/arithmeticif.f90 compilation, -O2
FAIL: gfortran.fortran-torture/execute/arithmeticif.f90 compilation, -O3 -fomit-frame-pointer
FAIL: gfortran.fortran-torture/execute/arithmeticif.f90 compilation, -O3 -fomit-frame-pointer -funroll-loops
FAIL: gfortran.fortran-torture/execute/arithmeticif.f90 compilation, -O3 -fomit-frame-pointer -funroll-all-loops -finline-functions
FAIL: gfortran.fortran-torture/execute/arithmeticif.f90 compilation, -O3 -g
FAIL: gfortran.fortran-torture/execute/arithmeticif.f90 compilation, -Os
FAIL: gfortran.fortran-torture/execute/direct_io.f90 compilation, -O0
FAIL: gfortran.fortran-torture/execute/direct_io.f90 compilation, -O1
FAIL: gfortran.fortran-torture/execute/direct_io.f90 compilation, -O2
FAIL: gfortran.fortran-torture/execute/direct_io.f90 compilation, -O3 -fomit-frame-pointer
FAIL: gfortran.fortran-torture/execute/direct_io.f90 compilation, -O3 -fomit-frame-pointer -funroll-loops
FAIL: gfortran.fortran-torture/execute/direct_io.f90 compilation, -O3 -fomit-frame-pointer -funroll-all-loops -finline-functions
FAIL: gfortran.fortran-torture/execute/direct_io.f90 compilation, -O3 -g
FAIL: gfortran.fortran-torture/execute/direct_io.f90 compilation, -Os
FAIL: gfortran.fortran-torture/execute/forall_3.f90 execution, -O1
FAIL: gfortran.fortran-torture/execute/forall_3.f90 execution, -O2
FAIL: gfortran.fortran-torture/execute/forall_3.f90 execution, -O3 -fomit-frame-pointer
FAIL: gfortran.fortran-torture/execute/forall_3.f90 execution, -O3 -fomit-frame-pointer -funroll-loops
FAIL: gfortran.fortran-torture/execute/forall_3.f90 execution, -O3 -fomit-frame-pointer -funroll-all-loops -finline-functions
FAIL: gfortran.fortran-torture/execute/forall_3.f90 execution, -O3 -g
FAIL: gfortran.fortran-torture/execute/forall_3.f90 execution, -Os
FAIL: gfortran.fortran-torture/execute/read_eof.f90 compilation, -O0
FAIL: gfortran.fortran-torture/execute/read_eof.f90 compilation, -O1
FAIL: gfortran.fortran-torture/execute/read_eof.f90 compilation, -O2
FAIL: gfortran.fortran-torture/execute/read_eof.f90 compilation, -O3 -fomit-frame-pointer
FAIL: gfortran.fortran-torture/execute/read_eof.f90 compilation, -O3 -fomit-frame-pointer -funroll-loops
FAIL: gfortran.fortran-torture/execute/read_eof.f90 compilation, -O3 -fomit-frame-pointer -funroll-all-loops -finline-functions
FAIL: gfortran.fortran-torture/execute/read_eof.f90 compilation, -O3 -g
FAIL: gfortran.fortran-torture/execute/read_eof.f90 compilation, -Os
=== gfortran Summary for unix/-m32 ===
# of expected passes 5347
# of unexpected failures 143
# of unexpected successes 2
# of expected failures 24
# of untested testcases 32
# of unsupported tests 8
Running target unix/-m64
FAIL: gfortran.dg/endfile.f90 -O0 (test for excess errors)
WARNING: gfortran.dg/endfile.f90 -O0 compilation failed to produce executable
FAIL: gfortran.dg/endfile.f90 -O1 (test for excess errors)
WARNING: gfortran.dg/endfile.f90 -O1 compilation failed to produce executable
FAIL: gfortran.dg/endfile.f90 -O2 (test for excess errors)
WARNING: gfortran.dg/endfile.f90 -O2 compilation failed to produce executable
FAIL: gfortran.dg/endfile.f90 -O3 -fomit-frame-pointer (test for excess errors)
WARNING: gfortran.dg/endfile.f90 -O3 -fomit-frame-pointer compilation failed to produce executable
FAIL: gfortran.dg/endfile.f90 -O3 -fomit-frame-pointer -funroll-loops (test for excess errors)
WARNING: gfortran.dg/endfile.f90 -O3 -fomit-frame-pointer -funroll-loops compilation failed to produce executable
FAIL: gfortran.dg/endfile.f90 -O3 -fomit-frame-pointer -funroll-all-loops -finline-functions (test for excess errors)
WARNING: gfortran.dg/endfile.f90 -O3 -fomit-frame-pointer -funroll-all-loops -finline-functions compilation failed to produce executable
FAIL: gfortran.dg/endfile.f90 -O3 -g (test for excess errors)
WARNING: gfortran.dg/endfile.f90 -O3 -g compilation failed to produce executable
FAIL: gfortran.dg/endfile.f90 -Os (test for excess errors)
WARNING: gfortran.dg/endfile.f90 -Os compilation failed to produce executable
FAIL: gfortran.dg/endfile_2.f90 -O0 (test for excess errors)
WARNING: gfortran.dg/endfile_2.f90 -O0 compilation failed to produce executable
FAIL: gfortran.dg/endfile_2.f90 -O1 (test for excess errors)
WARNING: gfortran.dg/endfile_2.f90 -O1 compilation failed to produce executable
FAIL: gfortran.dg/endfile_2.f90 -O2 (test for excess errors)
WARNING: gfortran.dg/endfile_2.f90 -O2 compilation failed to produce executable
FAIL: gfortran.dg/endfile_2.f90 -O3 -fomit-frame-pointer (test for excess errors)
WARNING: gfortran.dg/endfile_2.f90 -O3 -fomit-frame-pointer compilation failed to produce executable
FAIL: gfortran.dg/endfile_2.f90 -O3 -fomit-frame-pointer -funroll-loops (test for excess errors)
WARNING: gfortran.dg/endfile_2.f90 -O3 -fomit-frame-pointer -funroll-loops compilation failed to produce executable
FAIL: gfortran.dg/endfile_2.f90 -O3 -fomit-frame-pointer -funroll-all-loops -finline-functions (test for excess errors)
WARNING: gfortran.dg/endfile_2.f90 -O3 -fomit-frame-pointer -funroll-all-loops -finline-functions compilation failed to produce executable
FAIL: gfortran.dg/endfile_2.f90 -O3 -g (test for excess errors)
WARNING: gfortran.dg/endfile_2.f90 -O3 -g compilation failed to produce executable
FAIL: gfortran.dg/endfile_2.f90 -Os (test for excess errors)
WARNING: gfortran.dg/endfile_2.f90 -Os compilation failed to produce executable
FAIL: gfortran.dg/eof_1.f90 -O0 (test for excess errors)
WARNING: gfortran.dg/eof_1.f90 -O0 compilation failed to produce executable
FAIL: gfortran.dg/eof_1.f90 -O1 (test for excess errors)
WARNING: gfortran.dg/eof_1.f90 -O1 compilation failed to produce executable
FAIL: gfortran.dg/eof_1.f90 -O2 (test for excess errors)
WARNING: gfortran.dg/eof_1.f90 -O2 compilation failed to produce executable
FAIL: gfortran.dg/eof_1.f90 -O3 -fomit-frame-pointer (test for excess errors)
WARNING: gfortran.dg/eof_1.f90 -O3 -fomit-frame-pointer compilation failed to produce executable
FAIL: gfortran.dg/eof_1.f90 -O3 -fomit-frame-pointer -funroll-loops (test for excess errors)
WARNING: gfortran.dg/eof_1.f90 -O3 -fomit-frame-pointer -funroll-loops compilation failed to produce executable
FAIL: gfortran.dg/eof_1.f90 -O3 -fomit-frame-pointer -funroll-all-loops -finline-functions (test for excess errors)
WARNING: gfortran.dg/eof_1.f90 -O3 -fomit-frame-pointer -funroll-all-loops -finline-functions compilation failed to produce executable
FAIL: gfortran.dg/eof_1.f90 -O3 -g (test for excess errors)
WARNING: gfortran.dg/eof_1.f90 -O3 -g compilation failed to produce executable
FAIL: gfortran.dg/eof_1.f90 -Os (test for excess errors)
WARNING: gfortran.dg/eof_1.f90 -Os compilation failed to produce executable
FAIL: gfortran.dg/eof_2.f90 -O0 (test for excess errors)
WARNING: gfortran.dg/eof_2.f90 -O0 compilation failed to produce executable
FAIL: gfortran.dg/eof_2.f90 -O1 (test for excess errors)
WARNING: gfortran.dg/eof_2.f90 -O1 compilation failed to produce executable
FAIL: gfortran.dg/eof_2.f90 -O2 (test for excess errors)
WARNING: gfortran.dg/eof_2.f90 -O2 compilation failed to produce executable
FAIL: gfortran.dg/eof_2.f90 -O3 -fomit-frame-pointer (test for excess errors)
WARNING: gfortran.dg/eof_2.f90 -O3 -fomit-frame-pointer compilation failed to produce executable
FAIL: gfortran.dg/eof_2.f90 -O3 -fomit-frame-pointer -funroll-loops (test for excess errors)
WARNING: gfortran.dg/eof_2.f90 -O3 -fomit-frame-pointer -funroll-loops compilation failed to produce executable
FAIL: gfortran.dg/eof_2.f90 -O3 -fomit-frame-pointer -funroll-all-loops -finline-functions (test for excess errors)
WARNING: gfortran.dg/eof_2.f90 -O3 -fomit-frame-pointer -funroll-all-loops -finline-functions compilation failed to produce executable
FAIL: gfortran.dg/eof_2.f90 -O3 -g (test for excess errors)
WARNING: gfortran.dg/eof_2.f90 -O3 -g compilation failed to produce executable
FAIL: gfortran.dg/eof_2.f90 -Os (test for excess errors)
WARNING: gfortran.dg/eof_2.f90 -Os compilation failed to produce executable
FAIL: gfortran.dg/eor_1.f90 -O (test for excess errors)
FAIL: gfortran.dg/open_new.f90 -O (test for excess errors)
FAIL: gfortran.dg/open_readonly_1.f90 -O0 (test for excess errors)
WARNING: gfortran.dg/open_readonly_1.f90 -O0 compilation failed to produce executable
FAIL: gfortran.dg/open_readonly_1.f90 -O1 (test for excess errors)
WARNING: gfortran.dg/open_readonly_1.f90 -O1 compilation failed to produce executable
FAIL: gfortran.dg/open_readonly_1.f90 -O2 (test for excess errors)
WARNING: gfortran.dg/open_readonly_1.f90 -O2 compilation failed to produce executable
FAIL: gfortran.dg/open_readonly_1.f90 -O3 -fomit-frame-pointer (test for excess errors)
WARNING: gfortran.dg/open_readonly_1.f90 -O3 -fomit-frame-pointer compilation failed to produce executable
FAIL: gfortran.dg/open_readonly_1.f90 -O3 -fomit-frame-pointer -funroll-loops (test for excess errors)
WARNING: gfortran.dg/open_readonly_1.f90 -O3 -fomit-frame-pointer -funroll-loops compilation failed to produce executable
FAIL: gfortran.dg/open_readonly_1.f90 -O3 -fomit-frame-pointer -funroll-all-loops -finline-functions (test for excess errors)
WARNING: gfortran.dg/open_readonly_1.f90 -O3 -fomit-frame-pointer -funroll-all-loops -finline-functions compilation failed to produce executable
FAIL: gfortran.dg/open_readonly_1.f90 -O3 -g (test for excess errors)
WARNING: gfortran.dg/open_readonly_1.f90 -O3 -g compilation failed to produce executable
FAIL: gfortran.dg/open_readonly_1.f90 -Os (test for excess errors)
WARNING: gfortran.dg/open_readonly_1.f90 -Os compilation failed to produce executable
FAIL: gfortran.dg/pr17708.f90 -O0 (test for warnings, line 5)
FAIL: gfortran.dg/pr17708.f90 -O0 (test for warnings, line 7)
FAIL: gfortran.dg/pr17708.f90 -O0 (test for excess errors)
WARNING: gfortran.dg/pr17708.f90 -O0 compilation failed to produce executable
FAIL: gfortran.dg/pr17708.f90 -O1 (test for warnings, line 5)
FAIL: gfortran.dg/pr17708.f90 -O1 (test for warnings, line 7)
FAIL: gfortran.dg/pr17708.f90 -O1 (test for excess errors)
WARNING: gfortran.dg/pr17708.f90 -O1 compilation failed to produce executable
FAIL: gfortran.dg/pr17708.f90 -O2 (test for warnings, line 5)
FAIL: gfortran.dg/pr17708.f90 -O2 (test for warnings, line 7)
FAIL: gfortran.dg/pr17708.f90 -O2 (test for excess errors)
WARNING: gfortran.dg/pr17708.f90 -O2 compilation failed to produce executable
FAIL: gfortran.dg/pr17708.f90 -O3 -fomit-frame-pointer (test for warnings, line 5)
FAIL: gfortran.dg/pr17708.f90 -O3 -fomit-frame-pointer (test for warnings, line 7)
FAIL: gfortran.dg/pr17708.f90 -O3 -fomit-frame-pointer (test for excess errors)
WARNING: gfortran.dg/pr17708.f90 -O3 -fomit-frame-pointer compilation failed to produce executable
FAIL: gfortran.dg/pr17708.f90 -O3 -fomit-frame-pointer -funroll-loops (test for warnings, line 5)
FAIL: gfortran.dg/pr17708.f90 -O3 -fomit-frame-pointer -funroll-loops (test for warnings, line 7)
FAIL: gfortran.dg/pr17708.f90 -O3 -fomit-frame-pointer -funroll-loops (test for excess errors)
WARNING: gfortran.dg/pr17708.f90 -O3 -fomit-frame-pointer -funroll-loops compilation failed to produce executable
FAIL: gfortran.dg/pr17708.f90 -O3 -fomit-frame-pointer -funroll-all-loops -finline-functions (test for warnings, line 5)
FAIL: gfortran.dg/pr17708.f90 -O3 -fomit-frame-pointer -funroll-all-loops -finline-functions (test for warnings, line 7)
FAIL: gfortran.dg/pr17708.f90 -O3 -fomit-frame-pointer -funroll-all-loops -finline-functions (test for excess errors)
WARNING: gfortran.dg/pr17708.f90 -O3 -fomit-frame-pointer -funroll-all-loops -finline-functions compilation failed to produce executable
FAIL: gfortran.dg/pr17708.f90 -O3 -g (test for warnings, line 5)
FAIL: gfortran.dg/pr17708.f90 -O3 -g (test for warnings, line 7)
FAIL: gfortran.dg/pr17708.f90 -O3 -g (test for excess errors)
WARNING: gfortran.dg/pr17708.f90 -O3 -g compilation failed to produce executable
FAIL: gfortran.dg/pr17708.f90 -Os (test for warnings, line 5)
FAIL: gfortran.dg/pr17708.f90 -Os (test for warnings, line 7)
FAIL: gfortran.dg/pr17708.f90 -Os (test for excess errors)
WARNING: gfortran.dg/pr17708.f90 -Os compilation failed to produce executable
XPASS: gfortran.dg/ret_pointer_1.f90 -O0 execution test
XPASS: gfortran.dg/ret_pointer_1.f90 -O1 execution test
XPASS: gfortran.dg/ret_pointer_1.f90 -O2 execution test
XPASS: gfortran.dg/ret_pointer_1.f90 -O3 -fomit-frame-pointer execution test
XPASS: gfortran.dg/ret_pointer_1.f90 -O3 -fomit-frame-pointer -funroll-loops execution test
XPASS: gfortran.dg/ret_pointer_1.f90 -O3 -fomit-frame-pointer -funroll-all-loops -finline-functions execution test
XPASS: gfortran.dg/ret_pointer_1.f90 -O3 -g execution test
XPASS: gfortran.dg/ret_pointer_1.f90 -Os execution test
FAIL: gfortran.dg/g77/19990826-3.f -O (test for excess errors)
FAIL: gfortran.dg/g77/20000629-1.f -O (test for excess errors)
FAIL: gfortran.dg/g77/20001111.f -O0 (test for excess errors)
WARNING: gfortran.dg/g77/20001111.f -O0 compilation failed to produce executable
FAIL: gfortran.dg/g77/20001111.f -O1 (test for excess errors)
WARNING: gfortran.dg/g77/20001111.f -O1 compilation failed to produce executable
FAIL: gfortran.dg/g77/20001111.f -O2 (test for excess errors)
WARNING: gfortran.dg/g77/20001111.f -O2 compilation failed to produce executable
FAIL: gfortran.dg/g77/20001111.f -O3 -fomit-frame-pointer (test for excess errors)
WARNING: gfortran.dg/g77/20001111.f -O3 -fomit-frame-pointer compilation failed to produce executable
FAIL: gfortran.dg/g77/20001111.f -O3 -fomit-frame-pointer -funroll-loops (test for excess errors)
WARNING: gfortran.dg/g77/20001111.f -O3 -fomit-frame-pointer -funroll-loops compilation failed to produce executable
FAIL: gfortran.dg/g77/20001111.f -O3 -fomit-frame-pointer -funroll-all-loops -finline-functions (test for excess errors)
WARNING: gfortran.dg/g77/20001111.f -O3 -fomit-frame-pointer -funroll-all-loops -finline-functions compilation failed to produce executable
FAIL: gfortran.dg/g77/20001111.f -O3 -g (test for excess errors)
WARNING: gfortran.dg/g77/20001111.f -O3 -g compilation failed to produce executable
FAIL: gfortran.dg/g77/20001111.f -Os (test for excess errors)
WARNING: gfortran.dg/g77/20001111.f -Os compilation failed to produce executable
FAIL: gfortran.dg/g77/20010116.f -O0 (test for excess errors)
WARNING: gfortran.dg/g77/20010116.f -O0 compilation failed to produce executable
FAIL: gfortran.dg/g77/20010116.f -O1 (test for excess errors)
WARNING: gfortran.dg/g77/20010116.f -O1 compilation failed to produce executable
FAIL: gfortran.dg/g77/20010116.f -O2 (test for excess errors)
WARNING: gfortran.dg/g77/20010116.f -O2 compilation failed to produce executable
FAIL: gfortran.dg/g77/20010116.f -O3 -fomit-frame-pointer (test for excess errors)
WARNING: gfortran.dg/g77/20010116.f -O3 -fomit-frame-pointer compilation failed to produce executable
FAIL: gfortran.dg/g77/20010116.f -O3 -fomit-frame-pointer -funroll-loops (test for excess errors)
WARNING: gfortran.dg/g77/20010116.f -O3 -fomit-frame-pointer -funroll-loops compilation failed to produce executable
FAIL: gfortran.dg/g77/20010116.f -O3 -fomit-frame-pointer -funroll-all-loops -finline-functions (test for excess errors)
WARNING: gfortran.dg/g77/20010116.f -O3 -fomit-frame-pointer -funroll-all-loops -finline-functions compilation failed to produce executable
FAIL: gfortran.dg/g77/20010116.f -O3 -g (test for excess errors)
WARNING: gfortran.dg/g77/20010116.f -O3 -g compilation failed to produce executable
FAIL: gfortran.dg/g77/20010116.f -Os (test for excess errors)
WARNING: gfortran.dg/g77/20010116.f -Os compilation failed to produce executable
FAIL: gfortran.dg/g77/20010519-1.f -O (test for excess errors)
FAIL: gfortran.dg/g77/20030115-1.f -O (test for excess errors)
FAIL: gfortran.dg/g77/980310-3.f -O (test for excess errors)
FAIL: gfortran.dg/g77/980310-4.f -O (test for excess errors)
FAIL: gfortran.dg/g77/980310-7.f -O (test for excess errors)
FAIL: gfortran.dg/g77/cabs.f -O0 execution test
FAIL: gfortran.dg/g77/cabs.f -O1 execution test
FAIL: gfortran.dg/g77/cabs.f -O2 execution test
FAIL: gfortran.dg/g77/cabs.f -O3 -fomit-frame-pointer execution test
FAIL: gfortran.dg/g77/cabs.f -O3 -fomit-frame-pointer -funroll-loops execution test
FAIL: gfortran.dg/g77/cabs.f -O3 -fomit-frame-pointer -funroll-all-loops -finline-functions execution test
FAIL: gfortran.dg/g77/cabs.f -O3 -g execution test
FAIL: gfortran.dg/g77/cabs.f -Os execution test
FAIL: gfortran.dg/g77/check0.f -O (test for errors, line 9)
FAIL: gfortran.dg/g77/check0.f -O (test for errors, line 10)
FAIL: gfortran.dg/g77/check0.f -O (test for excess errors)
FAIL: gfortran.dg/g77/dnrm2.f -O0 (test for excess errors)
WARNING: gfortran.dg/g77/dnrm2.f -O0 compilation failed to produce executable
FAIL: gfortran.dg/g77/dnrm2.f -O1 (test for excess errors)
WARNING: gfortran.dg/g77/dnrm2.f -O1 compilation failed to produce executable
FAIL: gfortran.dg/g77/dnrm2.f -O2 (test for excess errors)
WARNING: gfortran.dg/g77/dnrm2.f -O2 compilation failed to produce executable
FAIL: gfortran.dg/g77/dnrm2.f -O3 -fomit-frame-pointer (test for excess errors)
WARNING: gfortran.dg/g77/dnrm2.f -O3 -fomit-frame-pointer compilation failed to produce executable
FAIL: gfortran.dg/g77/dnrm2.f -O3 -fomit-frame-pointer -funroll-loops (test for excess errors)
WARNING: gfortran.dg/g77/dnrm2.f -O3 -fomit-frame-pointer -funroll-loops compilation failed to produce executable
FAIL: gfortran.dg/g77/dnrm2.f -O3 -fomit-frame-pointer -funroll-all-loops -finline-functions (test for excess errors)
WARNING: gfortran.dg/g77/dnrm2.f -O3 -fomit-frame-pointer -funroll-all-loops -finline-functions compilation failed to produce executable
FAIL: gfortran.dg/g77/dnrm2.f -O3 -g (test for excess errors)
WARNING: gfortran.dg/g77/dnrm2.f -O3 -g compilation failed to produce executable
FAIL: gfortran.dg/g77/dnrm2.f -Os (test for excess errors)
WARNING: gfortran.dg/g77/dnrm2.f -Os compilation failed to produce executable
FAIL: gfortran.dg/g77/ffixed-form-2.f -O (test for excess errors)
FAIL: gfortran.dg/g77/ffree-form-2.f -O (test for excess errors)
FAIL: gfortran.dg/g77/pr9258.f -O (test for excess errors)
FAIL: gfortran.fortran-torture/compile/io_end.f90, "-O"
FAIL: gfortran.fortran-torture/execute/alternate_return.f90 compilation, -O0
FAIL: gfortran.fortran-torture/execute/alternate_return.f90 compilation, -O1
FAIL: gfortran.fortran-torture/execute/alternate_return.f90 compilation, -O2
FAIL: gfortran.fortran-torture/execute/alternate_return.f90 compilation, -O3 -fomit-frame-pointer
FAIL: gfortran.fortran-torture/execute/alternate_return.f90 compilation, -O3 -fomit-frame-pointer -funroll-loops
FAIL: gfortran.fortran-torture/execute/alternate_return.f90 compilation, -O3 -fomit-frame-pointer -funroll-all-loops -finline-functions
FAIL: gfortran.fortran-torture/execute/alternate_return.f90 compilation, -O3 -g
FAIL: gfortran.fortran-torture/execute/alternate_return.f90 compilation, -Os
FAIL: gfortran.fortran-torture/execute/arithmeticif.f90 compilation, -O0
FAIL: gfortran.fortran-torture/execute/arithmeticif.f90 compilation, -O1
FAIL: gfortran.fortran-torture/execute/arithmeticif.f90 compilation, -O2
FAIL: gfortran.fortran-torture/execute/arithmeticif.f90 compilation, -O3 -fomit-frame-pointer
FAIL: gfortran.fortran-torture/execute/arithmeticif.f90 compilation, -O3 -fomit-frame-pointer -funroll-loops
FAIL: gfortran.fortran-torture/execute/arithmeticif.f90 compilation, -O3 -fomit-frame-pointer -funroll-all-loops -finline-functions
FAIL: gfortran.fortran-torture/execute/arithmeticif.f90 compilation, -O3 -g
FAIL: gfortran.fortran-torture/execute/arithmeticif.f90 compilation, -Os
FAIL: gfortran.fortran-torture/execute/direct_io.f90 compilation, -O0
FAIL: gfortran.fortran-torture/execute/direct_io.f90 compilation, -O1
FAIL: gfortran.fortran-torture/execute/direct_io.f90 compilation, -O2
FAIL: gfortran.fortran-torture/execute/direct_io.f90 compilation, -O3 -fomit-frame-pointer
FAIL: gfortran.fortran-torture/execute/direct_io.f90 compilation, -O3 -fomit-frame-pointer -funroll-loops
FAIL: gfortran.fortran-torture/execute/direct_io.f90 compilation, -O3 -fomit-frame-pointer -funroll-all-loops -finline-functions
FAIL: gfortran.fortran-torture/execute/direct_io.f90 compilation, -O3 -g
FAIL: gfortran.fortran-torture/execute/direct_io.f90 compilation, -Os
FAIL: gfortran.fortran-torture/execute/forall_3.f90 execution, -O0
FAIL: gfortran.fortran-torture/execute/forall_3.f90 execution, -O1
FAIL: gfortran.fortran-torture/execute/forall_3.f90 execution, -O2
FAIL: gfortran.fortran-torture/execute/forall_3.f90 execution, -O3 -fomit-frame-pointer
FAIL: gfortran.fortran-torture/execute/forall_3.f90 execution, -O3 -fomit-frame-pointer -funroll-loops
FAIL: gfortran.fortran-torture/execute/forall_3.f90 execution, -O3 -fomit-frame-pointer -funroll-all-loops -finline-functions
FAIL: gfortran.fortran-torture/execute/forall_3.f90 execution, -O3 -g
FAIL: gfortran.fortran-torture/execute/forall_3.f90 execution, -Os
FAIL: gfortran.fortran-torture/execute/intrinsic_abs.f90 execution, -O0
FAIL: gfortran.fortran-torture/execute/intrinsic_abs.f90 execution, -O1
FAIL: gfortran.fortran-torture/execute/intrinsic_abs.f90 execution, -O2
FAIL: gfortran.fortran-torture/execute/intrinsic_abs.f90 execution, -O3 -fomit-frame-pointer
FAIL: gfortran.fortran-torture/execute/intrinsic_abs.f90 execution, -O3 -fomit-frame-pointer -funroll-loops
FAIL: gfortran.fortran-torture/execute/intrinsic_abs.f90 execution, -O3 -fomit-frame-pointer -funroll-all-loops -finline-functions
FAIL: gfortran.fortran-torture/execute/intrinsic_abs.f90 execution, -O3 -g
FAIL: gfortran.fortran-torture/execute/intrinsic_abs.f90 execution, -Os
FAIL: gfortran.fortran-torture/execute/power.f90 execution, -O0
FAIL: gfortran.fortran-torture/execute/power.f90 execution, -O1
FAIL: gfortran.fortran-torture/execute/power.f90 execution, -O2
FAIL: gfortran.fortran-torture/execute/power.f90 execution, -O3 -fomit-frame-pointer
FAIL: gfortran.fortran-torture/execute/power.f90 execution, -O3 -fomit-frame-pointer -funroll-loops
FAIL: gfortran.fortran-torture/execute/power.f90 execution, -O3 -fomit-frame-pointer -funroll-all-loops -finline-functions
FAIL: gfortran.fortran-torture/execute/power.f90 execution, -O3 -g
FAIL: gfortran.fortran-torture/execute/power.f90 execution, -Os
FAIL: gfortran.fortran-torture/execute/read_eof.f90 compilation, -O0
FAIL: gfortran.fortran-torture/execute/read_eof.f90 compilation, -O1
FAIL: gfortran.fortran-torture/execute/read_eof.f90 compilation, -O2
FAIL: gfortran.fortran-torture/execute/read_eof.f90 compilation, -O3 -fomit-frame-pointer
FAIL: gfortran.fortran-torture/execute/read_eof.f90 compilation, -O3 -fomit-frame-pointer -funroll-loops
FAIL: gfortran.fortran-torture/execute/read_eof.f90 compilation, -O3 -fomit-frame-pointer -funroll-all-loops -finline-functions
FAIL: gfortran.fortran-torture/execute/read_eof.f90 compilation, -O3 -g
FAIL: gfortran.fortran-torture/execute/read_eof.f90 compilation, -Os
=== gfortran Summary for unix/-m64 ===
# of expected passes 5322
# of unexpected failures 168
# of unexpected successes 8
# of expected failures 18
# of untested testcases 32
# of unsupported tests 8
=== gfortran Summary ===
# of expected passes 10669
# of unexpected failures 311
# of unexpected successes 10
# of expected failures 42
# of untested testcases 64
# of unsupported tests 16
/home/gccbuild/build/nightly/build-gcc-treeprof/gcc/testsuite/../gfortran version 4.1.0 20050323 (experimental)tree-profiling
=== objc tests ===
Running target unix/-m32
=== objc Summary for unix/-m32 ===
# of expected passes 1534
# of unsupported tests 10
Running target unix/-m64
=== objc Summary for unix/-m64 ===
# of expected passes 1534
# of unsupported tests 10
=== objc Summary ===
# of expected passes 3068
# of unsupported tests 20
/home/gccbuild/build/nightly/build-gcc-treeprof/gcc/xgcc version 4.1.0 20050323 (experimental)tree-profiling
=== libffi tests ===
Running target unix/-m32
=== libffi Summary for unix/-m32 ===
# of expected passes 219
# of unsupported tests 2
Running target unix/-m64
FAIL: libffi.call/float3.c execution test
=== libffi Summary for unix/-m64 ===
# of expected passes 218
# of unexpected failures 1
# of unsupported tests 2
=== libffi Summary ===
# of expected passes 437
# of unexpected failures 1
# of unsupported tests 4
=== libjava tests ===
Running target unix/-m32
FAIL: Array_3 -O3 execution - source compiled test
FAIL: Array_3 -O3 execution - bytecode->native test
FAIL: stringconst -O3 compilation from bytecode
FAIL: stringconst2 -O3 compilation from bytecode
=== libjava Summary for unix/-m32 ===
# of expected passes 3778
# of unexpected failures 4
# of expected failures 10
# of untested testcases 14
Running target unix/-m64
FAIL: PR16923.c compilation
FAIL: Array_3 -O3 execution - source compiled test
FAIL: Array_3 -O3 execution - bytecode->native test
WARNING: program timed out.
FAIL: FileHandleGcTest execution - gij test
WARNING: program timed out.
FAIL: FileHandleGcTest execution - gij test
FAIL: PR18699 execution - gij test
FAIL: PR18699 execution - gij test
WARNING: program timed out.
FAIL: Process_3 execution - gij test
WARNING: program timed out.
FAIL: SyncTest execution - gij test
WARNING: program timed out.
FAIL: SyncTest execution - gij test
WARNING: program timed out.
FAIL: Thread_Monitor execution - gij test
WARNING: program timed out.
FAIL: Thread_Monitor execution - gij test
WARNING: program timed out.
FAIL: Thread_Wait_2 execution - gij test
WARNING: program timed out.
FAIL: Thread_Wait_2 execution - gij test
FAIL: stringconst -O3 compilation from bytecode
FAIL: stringconst2 -O3 compilation from bytecode
=== libjava Summary for unix/-m64 ===
# of expected passes 3754
# of unexpected failures 16
# of expected failures 10
# of untested testcases 25
=== libjava Summary ===
# of expected passes 7532
# of unexpected failures 20
# of expected failures 20
# of untested testcases 39
=== libmudflap tests ===
Running target unix/-m32
=== libmudflap Summary for unix/-m32 ===
# of expected passes 1308
Running target unix/-m64
FAIL: libmudflap.c/fail27-frag.c output pattern test
FAIL: libmudflap.c/fail27-frag.c (-O2) output pattern test
FAIL: libmudflap.c/fail27-frag.c (-O3) output pattern test
=== libmudflap Summary for unix/-m64 ===
# of expected passes 1305
# of unexpected failures 3
=== libmudflap Summary ===
# of expected passes 2613
# of unexpected failures 3
=== libstdc++-v3 check-abi Summary ===
# of added symbols: 59
# of missing symbols: 0
# of incompatible symbols: 0
using: /home/gccbuild/gcc_treeprof_anoncvs/gcc/libstdc++-v3/config/abi/powerpc-linux-gnu/baseline_symbols.txt
=== libstdc++ tests ===
Running target unix/-m32
XPASS: 26_numerics/cmath/c99_classification_macros_c.cc (test for excess errors)
FAIL: ext/rope/4.cc execution test
=== libstdc++ Summary for unix/-m32 ===
# of expected passes 3575
# of unexpected failures 1
# of unexpected successes 1
# of expected failures 9
Running target unix/-m64
FAIL: 22_locale/messages/members/char/1.cc execution test
FAIL: 22_locale/messages/members/char/2.cc execution test
FAIL: 22_locale/messages/members/char/wrapped_env.cc execution test
FAIL: 22_locale/messages/members/char/wrapped_locale.cc execution test
FAIL: 22_locale/messages_byname/named_equivalence.cc execution test
XPASS: 26_numerics/cmath/c99_classification_macros_c.cc (test for excess errors)
XPASS: 27_io/fpos/14320-1.cc execution test
XPASS: ext/array_allocator/2.cc execution test
=== libstdc++ Summary for unix/-m64 ===
# of expected passes 3568
# of unexpected failures 5
# of unexpected successes 3
# of expected failures 10
=== libstdc++ Summary ===
# of expected passes 7143
# of unexpected failures 6
# of unexpected successes 4
# of expected failures 19
Compiler version: 4.1.0 20050323 (experimental)tree-profiling
Platform: powerpc64-unknown-linux-gnu
configure flags: --prefix=/opt/gcc-nightly/treeprof-20050328 --build=powerpc64-linux --host=powerpc64-linux --target=powerpc64-linux --with-cpu=default32 --with-as=/opt/gcc-nightly/binutils-2.15.94.0.2.2/bin/as --with-ld=/opt/gcc-nightly/binutils-2.15.94.0.2.2/bin/ld --enable-threads=posix --enable-shared --enable-__cxa_atexit --with-mpfr=/opt/gcc-nightly/gmp --enable-languages=c,c++,f95,java,objc