This is the mail archive of the
gcc-testresults@gcc.gnu.org
mailing list for the GCC project.
Results for 4.1.0 20050326 (experimental) testsuite on sparc-unknown-linux-gnu
- From: Christian Joensson <chj at j-son dot org>
- To: gcc-testresults at gcc dot gnu dot org
- Date: Mon, 28 Mar 2005 09:06:05 +0200
- Subject: Results for 4.1.0 20050326 (experimental) testsuite on sparc-unknown-linux-gnu
Aurora SPARC Linux release 2.0 (Kashmir FC3) UltraSparc IIi (Sabre) sun4u:
binutils-2.15.92.0.2-5.sparc
bison-1.875c-2.sparc
dejagnu-1.4.4-2.noarch
expect-5.42.1-1.sparc
gcc-3.4.2-6.fc3.sparc
gcc4-4.0.0-0.8sparc.sparc
glibc-2.3.3-99.sparc64
glibc-2.3.3-99.sparcv9
glibc-devel-2.3.3-99.sparc
glibc-devel-2.3.3-99.sparc64
glibc-headers-2.3.3-99.sparc64
glibc-headers-2.3.3-99.sparc
glibc-kernheaders-2.6-20sparc.sparc
gmp-4.1.4-3sparc.sparc
gmp-4.1.4-3sparc.sparc64
gmp-devel-4.1.4-3sparc.sparc
gmp-devel-4.1.4-3sparc.sparc64
kernel-2.6.11-1.1166sp1.sparc64
package kernel-devel is not installed
package kernel-smp is not installed
libgcc-3.4.2-6.fc3.sparc
libgcc-3.4.2-6.fc3.sparc64
libstdc++-3.4.2-6.fc3.sparc64
libstdc++-3.4.2-6.fc3.sparc
libstdc++-devel-3.4.2-6.fc3.sparc64
libstdc++-devel-3.4.2-6.fc3.sparc
make-3.80-5.sparc
nptl-devel-2.3.3-99.sparcv9
tcl-8.4.7-2.sparc
LAST_UPDATED: Sat Mar 26 23:04:07 UTC 2005
=== acats tests ===
FAIL: c32001e
FAIL: c52011a
FAIL: c52103x
FAIL: c52104x
FAIL: c64105b
FAIL: c95086b
FAIL: cd2b11a
FAIL: cd2b11b
FAIL: cxa4006
FAIL: cxa4017
=== acats Summary ===
# of expected passes 2310
# of unexpected failures 10
Native configuration is sparc-unknown-linux-gnu
=== gcc tests ===
Running target unix
FAIL: gcc.c-torture/compile/20011119-2.c -O1 (test for excess errors)
FAIL: gcc.c-torture/unsorted/uuarg.c, -O3 -fomit-frame-pointer
FAIL: gcc.c-torture/unsorted/uuarg.c, -O3 -g
FAIL: gcc.dg/vect/vect-96.c scan-tree-dump-times Alignment of access forced using peeling 1
=== gcc Summary ===
# of expected passes 33319
# of unexpected failures 4
# of expected failures 102
# of untested testcases 28
# of unsupported tests 516
/usr/local/src/trunk/objdir32/gcc/xgcc version 4.1.0 20050326 (experimental)
=== g++ tests ===
Running target unix
XPASS: g++.old-deja/g++.other/init5.C execution test
=== g++ Summary ===
# of expected passes 10866
# of unexpected successes 1
# of expected failures 66
# of unsupported tests 89
/usr/local/src/trunk/objdir32/gcc/testsuite/../g++ version 4.1.0 20050326 (experimental)
=== libstdc++-v3 check-abi Summary ===
# of added symbols: 59
# of missing symbols: 0
# of incompatible symbols: 0
using: /usr/local/src/trunk/gcc/libstdc++-v3/config/abi/sparc-linux-gnu/baseline_symbols.txt
=== libstdc++ tests ===
Running target unix
XPASS: 26_numerics/cmath/c99_classification_macros_c.cc (test for excess errors)
=== libstdc++ Summary ===
# of expected passes 3620
# of unexpected successes 1
# of expected failures 8
Compiler version: 4.1.0 20050326 (experimental)
Platform: sparc-unknown-linux-gnu
configure flags: sparc-linux --enable-__cxa_atexit --disable-multilib --enable-shared --enable-languages=c,ada,c++
Counting all warnings,
there are 418 warnings in stage0 of this bootstrap.
Number of warnings per file:
325 libiberty/cp-demangle.c
35 libiberty/concat.c
15 libiberty/regex.c
15 libiberty/argv.c
6 libmudflap/mf-runtime.c
5 libiberty/choose-temp.c
5 libiberty/alloca.c
5 include/xregex2.h
2 raise.c
2 libiberty/pex-unix.c
2 libiberty/mkstemps.c
1 libmath/stubs.c
Number of warning types:
385 traditional C rejects ISO C style function definitions
15 signed and unsigned type in conditional expression
3 ISO C90 does not support \`static' or type qualifiers in parameter array declarators
2 variable \`???' might be clobbered by \`???' or \`???'
2 pointer targets in assignment differ in signedness
2 ISO C90 does not support \`???' or type qualifiers in parameter array declarators
2 implicit declaration of function \`???'
2 format \`???' expects type \`???', but argument 6 has type \`???'
2 format \`???' expects type \`???', but argument 4 has type \`???'
2 format \`???' expects type \`???', but argument 15 has type \`???'
1 incompatible implicit declaration of built-in function \`???'
Counting all warnings,
there are 7 warnings in stage3 of this bootstrap.
Number of warnings per file:
4 gcc/gcc.c
3 gengtype-lex.c
Number of warning types:
4 string length \`???' is greater than the length \`???' ISO C89 compilers are required to support
3 old-style function definition