This is the mail archive of the
gcc-testresults@gcc.gnu.org
mailing list for the GCC project.
Results for gcc testsuite on i686-pc-cygwin
- From: "David Billinghurst" <David dot Billinghurst at riotinto dot com>
- To: <gcc-testresults at gcc dot gnu dot org>
- Date: 27 Mar 2005 18:51:48 +1000
- Subject: Results for gcc testsuite on i686-pc-cygwin
LAST_UPDATED: Sun Mar 27 08:41:46 GMT 2005
FAIL: ce2401e
FAIL: ce2401f
FAIL: ce2401h
FAIL: ce2401i
FAIL: ce2401j
FAIL: ce2401k
FAIL: ce2401l
FAIL: ce2402a
FAIL: ce2403a
FAIL: ce2404a
FAIL: ce2404b
FAIL: ce2405b
FAIL: ce2406a
FAIL: ce2407a
FAIL: ce2407b
FAIL: ce2408a
FAIL: ce2408b
FAIL: ce2409a
FAIL: ce2409b
FAIL: ce2410a
FAIL: ce2410b
FAIL: ce2411a
FAIL: ce3002b
FAIL: ce3002c
FAIL: ce3002d
FAIL: ce3002f
FAIL: ce3102a
FAIL: ce3102b
FAIL: ce3102d
FAIL: ce3102e
FAIL: ce3102f
FAIL: ce3102g
FAIL: ce3102h
FAIL: ce3102i
FAIL: ce3102j
FAIL: ce3102k
FAIL: ce3103a
FAIL: ce3104a
FAIL: ce3104b
FAIL: ce3104c
FAIL: ce3106a
FAIL: ce3106b
FAIL: ce3107a
FAIL: ce3107b
FAIL: ce3108a
FAIL: ce3108b
FAIL: ce3110a
FAIL: ce3112c
FAIL: ce3112d
FAIL: ce3114a
FAIL: ce3115a
FAIL: ce3201a
FAIL: ce3202a
FAIL: ce3206a
FAIL: ce3207a
FAIL: ce3301a
FAIL: ce3302a
FAIL: ce3303a
FAIL: ce3304a
FAIL: ce3305a
FAIL: ce3306a
FAIL: ce3401a
FAIL: ce3402a
FAIL: ce3402c
FAIL: ce3402d
FAIL: ce3402e
FAIL: ce3403a
FAIL: ce3403b
FAIL: ce3403c
FAIL: ce3403d
FAIL: ce3403e
FAIL: ce3403f
FAIL: ce3404a
FAIL: ce3404b
FAIL: ce3404c
FAIL: ce3404d
FAIL: ce3405a
FAIL: ce3405c
FAIL: ce3405d
FAIL: ce3406a
FAIL: ce3406b
FAIL: ce3406c
FAIL: ce3406d
FAIL: ce3407a
FAIL: ce3407b
FAIL: ce3407c
FAIL: ce3408a
FAIL: ce3408b
FAIL: ce3408c
FAIL: ce3409a
FAIL: ce3409b
FAIL: ce3409c
FAIL: ce3409d
FAIL: ce3409e
FAIL: ce3410a
FAIL: ce3410b
FAIL: ce3410c
FAIL: ce3410d
FAIL: ce3410e
FAIL: ce3411a
FAIL: ce3411c
FAIL: ce3412a
FAIL: ce3413a
FAIL: ce3413b
FAIL: ce3413c
FAIL: ce3414a
FAIL: ce3601a
FAIL: ce3602a
FAIL: ce3602b
FAIL: ce3602c
FAIL: ce3602d
FAIL: ce3603a
FAIL: ce3604a
FAIL: ce3604b
FAIL: ce3605a
FAIL: ce3605b
FAIL: ce3605c
FAIL: ce3605d
FAIL: ce3605e
FAIL: ce3606a
FAIL: ce3606b
FAIL: ce3701a
FAIL: ce3704a
FAIL: ce3704b
FAIL: ce3704c
FAIL: ce3704d
FAIL: ce3704e
FAIL: ce3704f
FAIL: ce3704m
FAIL: ce3704n
FAIL: ce3704o
FAIL: ce3705a
FAIL: ce3705b
FAIL: ce3705c
FAIL: ce3705d
FAIL: ce3705e
FAIL: ce3706c
FAIL: ce3706d
FAIL: ce3706f
FAIL: ce3706g
FAIL: ce3707a
FAIL: ce3708a
FAIL: ce3801a
FAIL: ce3801b
FAIL: ce3804a
FAIL: ce3804b
FAIL: ce3804c
FAIL: ce3804d
FAIL: ce3804e
FAIL: ce3804f
FAIL: ce3804g
FAIL: ce3804h
FAIL: ce3804i
FAIL: ce3804j
FAIL: ce3804m
FAIL: ce3804o
FAIL: ce3804p
FAIL: ce3805a
FAIL: ce3805b
FAIL: ce3806a
FAIL: ce3806b
FAIL: ce3806c
FAIL: ce3806d
FAIL: ce3806e
FAIL: ce3806f
FAIL: ce3806g
FAIL: ce3806h
FAIL: ce3809a
FAIL: ce3809b
FAIL: ce3810a
FAIL: ce3810b
FAIL: ce3815a
FAIL: ce3901a
FAIL: ce3902b
FAIL: ce3904a
FAIL: ce3904b
FAIL: ce3905a
FAIL: ce3905b
FAIL: ce3905c
FAIL: ce3905l
FAIL: ce3906a
FAIL: ce3906b
FAIL: ce3906c
FAIL: ce3906d
FAIL: ce3906e
FAIL: ce3906f
FAIL: ce3907a
FAIL: ce3908a
=== acats Summary ===
# of expected passes 1496
# of unexpected failures 263
# of unsupported tests 349
Native configuration is i686-pc-cygwin
=== g++ tests ===
Running target unix
=== g++ Summary ===
=== gfortran tests ===
Running target unix
=== gfortran Summary ===
=== objc tests ===
Running target unix
=== objc Summary ===
Compiler version: gcc
Platform: i686-pc-cygwin
configure
flags: --prefix=/usr/local/gcc-4_1 --enable-threads=posix --disable-libgcj
--enable-sjlj-exceptions --with-system-zlib --enable-nls --disable-libmud
flap --enable-version-specific-runtime-libs --without-included-gettext --d
isable-shared --enable-languages=c,ada,c++,f95,java,objc
NOTICE
This e-mail and any attachments are private and confidential and may
contain privileged information. If you are not an authorised recipient,
the copying or distribution of this e-mail and any attachments is
prohibited and you must not read, print or act in reliance on this e-mail
or attachments.
This notice should not be removed.