This is the mail archive of the
gcc-testresults@gcc.gnu.org
mailing list for the GCC project.
Results for 4.1.0 20050326 (experimental) testsuite on powerpc64-suse-linux-gnu
- From: aj at suse dot de (Andreas Jaeger)
- To: gcc-testresults at gcc dot gnu dot org
- Date: Sat, 26 Mar 2005 22:09:31 UT
- Subject: Results for 4.1.0 20050326 (experimental) testsuite on powerpc64-suse-linux-gnu
Bootstrap and regtesting on powerpc64-suse-linux-gnu.
CVS sources: mainline.
LAST_UPDATED: Sat Mar 26 19:43:43 UTC 2005
=== acats tests ===
FAIL: c32001e
FAIL: c52011a
FAIL: c52103x
FAIL: c64105b
FAIL: c95086b
FAIL: cd2b11a
FAIL: cd2b11b
FAIL: cdd2a02
FAIL: cxa4006
FAIL: cxa4017
=== acats Summary ===
# of expected passes 2310
# of unexpected failures 10
Native configuration is powerpc64-suse-linux-gnu
=== gcc tests ===
Running target unix
FAIL: gcc.c-torture/compile/20000127-1.c -O0 (test for excess errors)
FAIL: gcc.c-torture/compile/20011119-2.c -O1 (test for excess errors)
FAIL: gcc.c-torture/compile/921109-1.c -O0 (test for excess errors)
FAIL: gcc.c-torture/compile/930421-1.c -O0 (test for excess errors)
FAIL: gcc.c-torture/execute/20010118-1.c compilation, -O0
UNRESOLVED: gcc.c-torture/execute/20010118-1.c execution, -O0
XPASS: gcc.c-torture/execute/20020720-1.c compilation, -O1
UNRESOLVED: gcc.c-torture/execute/20020720-1.c execution, -O2
UNRESOLVED: gcc.c-torture/execute/20020720-1.c execution, -O3 -fomit-frame-pointer
UNRESOLVED: gcc.c-torture/execute/20020720-1.c execution, -O3 -g
UNRESOLVED: gcc.c-torture/execute/20020720-1.c execution, -Os
FAIL: gcc.c-torture/unsorted/BUG17.c, -O0
FAIL: gcc.c-torture/unsorted/uuarg.c, -O3 -fomit-frame-pointer
FAIL: gcc.c-torture/unsorted/uuarg.c, -O3 -g
XPASS: gcc.dg/cpp/cmdlne-dI-M.c scan-file (^|\\\\n)cmdlne-dI-M.*:[^\\\\n]*cmdlne-dI-M.c
XPASS: gcc.dg/cpp/cmdlne-dM-M.c scan-file (^|\\\\n)cmdlne-dM-M[^\\\\n]*:[^\\\\n]*cmdlne-dM-M.c
FAIL: gcc.dg/altivec-20.c (test for excess errors)
FAIL: gcc.dg/sequence-pt-1.c (test for excess errors)
FAIL: gcc.dg/vmx/7c-01.c -O0 (test for excess errors)
FAIL: gcc.dg/vmx/7c-01.c -O1 (test for excess errors)
FAIL: gcc.dg/vmx/7c-01.c -O2 (test for excess errors)
FAIL: gcc.dg/vmx/7c-01.c -O3 -fomit-frame-pointer (test for excess errors)
FAIL: gcc.dg/vmx/7c-01.c -O3 -g (test for excess errors)
FAIL: gcc.dg/vmx/7c-01.c -Os (test for excess errors)
FAIL: gcc.dg/vmx/bug-1.c -O0 (test for excess errors)
WARNING: gcc.dg/vmx/bug-1.c -O0 compilation failed to produce executable
FAIL: gcc.dg/vmx/bug-1.c -O1 (test for excess errors)
WARNING: gcc.dg/vmx/bug-1.c -O1 compilation failed to produce executable
FAIL: gcc.dg/vmx/bug-1.c -O2 (test for excess errors)
WARNING: gcc.dg/vmx/bug-1.c -O2 compilation failed to produce executable
FAIL: gcc.dg/vmx/bug-1.c -O3 -fomit-frame-pointer (test for excess errors)
WARNING: gcc.dg/vmx/bug-1.c -O3 -fomit-frame-pointer compilation failed to produce executable
FAIL: gcc.dg/vmx/bug-1.c -O3 -fomit-frame-pointer -funroll-loops (test for excess errors)
WARNING: gcc.dg/vmx/bug-1.c -O3 -fomit-frame-pointer -funroll-loops compilation failed to produce executable
FAIL: gcc.dg/vmx/bug-1.c -O3 -fomit-frame-pointer -funroll-all-loops -finline-functions (test for excess errors)
WARNING: gcc.dg/vmx/bug-1.c -O3 -fomit-frame-pointer -funroll-all-loops -finline-functions compilation failed to produce executable
FAIL: gcc.dg/vmx/bug-1.c -O3 -g (test for excess errors)
WARNING: gcc.dg/vmx/bug-1.c -O3 -g compilation failed to produce executable
FAIL: gcc.dg/vmx/bug-1.c -Os (test for excess errors)
WARNING: gcc.dg/vmx/bug-1.c -Os compilation failed to produce executable
FAIL: gcc.dg/vmx/eg-5.c -O0 (test for excess errors)
WARNING: gcc.dg/vmx/eg-5.c -O0 compilation failed to produce executable
FAIL: gcc.dg/vmx/eg-5.c -O1 (test for excess errors)
WARNING: gcc.dg/vmx/eg-5.c -O1 compilation failed to produce executable
FAIL: gcc.dg/vmx/eg-5.c -O2 (test for excess errors)
WARNING: gcc.dg/vmx/eg-5.c -O2 compilation failed to produce executable
FAIL: gcc.dg/vmx/eg-5.c -O3 -fomit-frame-pointer (test for excess errors)
WARNING: gcc.dg/vmx/eg-5.c -O3 -fomit-frame-pointer compilation failed to produce executable
FAIL: gcc.dg/vmx/eg-5.c -O3 -g (test for excess errors)
WARNING: gcc.dg/vmx/eg-5.c -O3 -g compilation failed to produce executable
FAIL: gcc.dg/vmx/eg-5.c -Os (test for excess errors)
WARNING: gcc.dg/vmx/eg-5.c -Os compilation failed to produce executable
FAIL: gcc.dg/vmx/gcc-bug-b.c -O1 (test for excess errors)
FAIL: gcc.dg/vmx/gcc-bug-b.c -O2 (test for excess errors)
FAIL: gcc.dg/vmx/gcc-bug-b.c -O3 -fomit-frame-pointer (test for excess errors)
FAIL: gcc.dg/vmx/gcc-bug-b.c -O3 -g (test for excess errors)
FAIL: gcc.dg/vmx/gcc-bug-b.c -Os (test for excess errors)
FAIL: gcc.dg/vmx/ira2.c -O1 (test for excess errors)
FAIL: gcc.dg/vmx/ira2.c -O2 (test for excess errors)
FAIL: gcc.dg/vmx/ira2.c -O3 -fomit-frame-pointer (test for excess errors)
FAIL: gcc.dg/vmx/ira2.c -O3 -g (test for excess errors)
FAIL: gcc.dg/vmx/ira2.c -Os (test for excess errors)
FAIL: gcc.dg/vmx/ops.c -O1 (test for excess errors)
FAIL: gcc.dg/vmx/ops.c -O2 (test for excess errors)
FAIL: gcc.dg/vmx/ops.c -O3 -fomit-frame-pointer (test for excess errors)
FAIL: gcc.dg/vmx/ops.c -O3 -g (test for excess errors)
FAIL: gcc.dg/vmx/ops.c -Os (test for excess errors)
FAIL: gcc.dg/vmx/varargs-4.c -O0 (test for excess errors)
WARNING: gcc.dg/vmx/varargs-4.c -O0 compilation failed to produce executable
FAIL: gcc.dg/vmx/varargs-4.c -O1 (test for excess errors)
WARNING: gcc.dg/vmx/varargs-4.c -O1 compilation failed to produce executable
FAIL: gcc.dg/vmx/varargs-4.c -O2 (test for excess errors)
WARNING: gcc.dg/vmx/varargs-4.c -O2 compilation failed to produce executable
FAIL: gcc.dg/vmx/varargs-4.c -O3 -fomit-frame-pointer (test for excess errors)
WARNING: gcc.dg/vmx/varargs-4.c -O3 -fomit-frame-pointer compilation failed to produce executable
FAIL: gcc.dg/vmx/varargs-4.c -O3 -fomit-frame-pointer -funroll-loops (test for excess errors)
WARNING: gcc.dg/vmx/varargs-4.c -O3 -fomit-frame-pointer -funroll-loops compilation failed to produce executable
FAIL: gcc.dg/vmx/varargs-4.c -O3 -fomit-frame-pointer -funroll-all-loops -finline-functions (test for excess errors)
WARNING: gcc.dg/vmx/varargs-4.c -O3 -fomit-frame-pointer -funroll-all-loops -finline-functions compilation failed to produce executable
FAIL: gcc.dg/vmx/varargs-4.c -O3 -g (test for excess errors)
WARNING: gcc.dg/vmx/varargs-4.c -O3 -g compilation failed to produce executable
FAIL: gcc.dg/vmx/varargs-4.c -Os (test for excess errors)
WARNING: gcc.dg/vmx/varargs-4.c -Os compilation failed to produce executable
=== gcc Summary ===
# of expected passes 34568
# of unexpected failures 53
# of unexpected successes 3
# of expected failures 103
# of unresolved testcases 5
# of untested testcases 28
# of unsupported tests 445
/abuild/aj/gcc2/gcc/xgcc version 4.1.0 20050326 (experimental)
=== gfortran tests ===
Running target unix
FAIL: gfortran.dg/int_1.f90 -O0 (test for excess errors)
WARNING: gfortran.dg/int_1.f90 -O0 compilation failed to produce executable
XPASS: gfortran.dg/ret_pointer_1.f90 -O0 execution test
XPASS: gfortran.dg/ret_pointer_1.f90 -O1 execution test
FAIL: gfortran.fortran-torture/execute/forall_3.f90 execution, -O1
FAIL: gfortran.fortran-torture/execute/forall_3.f90 execution, -O2
FAIL: gfortran.fortran-torture/execute/forall_3.f90 execution, -O3 -fomit-frame-pointer
FAIL: gfortran.fortran-torture/execute/forall_3.f90 execution, -O3 -fomit-frame-pointer -funroll-loops
FAIL: gfortran.fortran-torture/execute/forall_3.f90 execution, -O3 -fomit-frame-pointer -funroll-all-loops -finline-functions
FAIL: gfortran.fortran-torture/execute/forall_3.f90 execution, -O3 -g
FAIL: gfortran.fortran-torture/execute/forall_3.f90 execution, -Os
FAIL: gfortran.fortran-torture/execute/intrinsic_si_kind.f90 compilation, -O0
FAIL: gfortran.fortran-torture/execute/iolength_1.f90 compilation, -O0
FAIL: gfortran.fortran-torture/execute/st_function_2.f90 compilation, -O0
=== gfortran Summary ===
# of expected passes 5606
# of unexpected failures 11
# of unexpected successes 2
# of expected failures 24
# of untested testcases 3
# of unsupported tests 8
/abuild/aj/gcc2/gcc/testsuite/../gfortran version 4.1.0 20050326 (experimental)
=== g++ tests ===
Running target unix
FAIL: g++.dg/expr/cast3.C (test for excess errors)
=== g++ Summary ===
# of expected passes 10958
# of unexpected failures 1
# of expected failures 66
# of unsupported tests 76
/abuild/aj/gcc2/gcc/testsuite/../g++ version 4.1.0 20050326 (experimental)
=== objc tests ===
Running target unix
=== objc Summary ===
# of expected passes 1534
# of unsupported tests 10
/abuild/aj/gcc2/gcc/xgcc version 4.1.0 20050326 (experimental)
=== treelang tests ===
Running target unix
=== treelang Summary ===
# of expected passes 48
=== libmudflap tests ===
Running target unix
FAIL: libmudflap.cth/pass40-frag.c execution test
FAIL: libmudflap.cth/pass40-frag.c output pattern test
WARNING: program timed out.
FAIL: libmudflap.cth/pass39-frag.c (-O2) (rerun 8) execution test
FAIL: libmudflap.cth/pass39-frag.c (-O2) (rerun 8) output pattern test
FAIL: libmudflap.cth/pass40-frag.c (-O2) execution test
FAIL: libmudflap.cth/pass40-frag.c (-O2) output pattern test
FAIL: libmudflap.cth/pass40-frag.c (-O3) execution test
FAIL: libmudflap.cth/pass40-frag.c (-O3) output pattern test
=== libmudflap Summary ===
# of expected passes 1300
# of unexpected failures 8
=== libstdc++-v3 check-abi Summary ===
# of added symbols: 59
# of missing symbols: 0
# of incompatible symbols: 0
using: /aj-cvs/gcc/libstdc++-v3/config/abi/powerpc-linux-gnu/baseline_symbols.txt
=== libstdc++ tests ===
Running target unix
XPASS: 26_numerics/cmath/c99_classification_macros_c.cc (test for excess errors)
XPASS: ext/array_allocator/2.cc execution test
=== libstdc++ Summary ===
# of expected passes 3619
# of unexpected successes 2
# of expected failures 8
Compiler version: 4.1.0 20050326 (experimental)
Platform: powerpc64-suse-linux-gnu
configure flags: --prefix=/opt/gcc/4.1-devel --enable-checking=misc,tree,gc,rtl,rtlflag,assert --enable-threads=posix --enable-clocale=gnu --enable-__cxa_atexit --enable-shared --with-system-zlib --with-cpu=default32 powerpc64-suse-linux-gnu --enable-languages=c,ada,c++,f95,objc,treelang
Version of binutils: GNU ld version 2.15.94.0.2.2 20041220 (SuSE Linux)
Version of glibc (/lib/libc.so.6): 2.3.4 (20050218)