This is the mail archive of the gcc-testresults@gcc.gnu.org mailing list for the GCC project.
Index Nav: | [Date Index] [Subject Index] [Author Index] [Thread Index] | |
---|---|---|
Message Nav: | [Date Prev] [Date Next] | [Thread Prev] [Thread Next] |
Other format: | [Raw text] |
LAST_UPDATED: Sat Mar 26 09:07:50 UTC 2005 Native configuration is ia64-hp-hpux11.23 === g++ tests === Running target unix/-milp32 FAIL: g++.dg/opt/longbranch1.C (test for excess errors) XPASS: g++.dg/other/packed1.C execution test FAIL: g++.dg/warn/weak1.C (test for excess errors) WARNING: g++.dg/warn/weak1.C compilation failed to produce executable FAIL: g++.old-deja/g++.eh/badalloc1.C execution test FAIL: g++.old-deja/g++.law/profile1.C execution test FAIL: g++.old-deja/g++.warn/compare1.C (test for warnings, line 11) FAIL: g++.old-deja/g++.warn/compare1.C (test for warnings, line 24) FAIL: g++.old-deja/g++.warn/compare1.C (test for excess errors) === g++ Summary for unix/-milp32 === # of expected passes 10364 # of unexpected failures 7 # of unexpected successes 1 # of expected failures 75 # of unsupported tests 100 Running target unix/-mlp64 FAIL: g++.dg/opt/longbranch1.C (test for excess errors) XPASS: g++.dg/other/packed1.C execution test FAIL: g++.dg/warn/weak1.C (test for excess errors) WARNING: g++.dg/warn/weak1.C compilation failed to produce executable FAIL: g++.old-deja/g++.eh/badalloc1.C execution test FAIL: g++.old-deja/g++.law/profile1.C execution test FAIL: g++.old-deja/g++.warn/compare1.C (test for warnings, line 11) FAIL: g++.old-deja/g++.warn/compare1.C (test for warnings, line 24) FAIL: g++.old-deja/g++.warn/compare1.C (test for excess errors) === g++ Summary for unix/-mlp64 === # of expected passes 10332 # of unexpected failures 7 # of unexpected successes 1 # of expected failures 75 # of unsupported tests 102 === g++ Summary === # of expected passes 20696 # of unexpected failures 14 # of unexpected successes 2 # of expected failures 150 # of unsupported tests 202 /scratch/gcc/nightly-2005-03-26-4.0/ia64-hp-hpux11.23/build_gcc/build/gcc/testsuite/../g++ version 4.0.0 20050326 (prerelease) === gcc tests === Running target unix/-milp32 FAIL: gcc.c-torture/compile/20011119-2.c -O1 (test for excess errors) FAIL: gcc.c-torture/execute/bf64-1.c execution, -O1 FAIL: gcc.dg/20020219-1.c execution test FAIL: gcc.dg/20021014-1.c execution test FAIL: gcc.dg/cleanup-5.c (test for excess errors) WARNING: gcc.dg/cleanup-5.c compilation failed to produce executable FAIL: gcc.dg/ia64-fptr-1.c (test for excess errors) WARNING: gcc.dg/ia64-fptr-1.c compilation failed to produce executable FAIL: gcc.dg/nest.c execution test FAIL: gcc.dg/transparent-union-1.c (test for excess errors) FAIL: gcc.dg/transparent-union-2.c (test for excess errors) FAIL: largefile.c -O0 -g (test for excess errors) FAIL: largefile.c -O0 (test for excess errors) FAIL: largefile.c -O1 (test for excess errors) FAIL: largefile.c -O2 (test for excess errors) FAIL: largefile.c -O3 -fomit-frame-pointer (test for excess errors) FAIL: largefile.c -O3 -g (test for excess errors) FAIL: largefile.c -Os (test for excess errors) XPASS: gcc.dg/vect/vect-22.c scan-tree-dump-times vectorized 3 loops 1 XPASS: gcc.dg/vect/vect-44.c scan-tree-dump-times Alignment of access forced using peeling 1 XPASS: gcc.dg/vect/vect-50.c scan-tree-dump-times Alignment of access forced using peeling 1 XPASS: gcc.dg/vect/vect-54.c scan-tree-dump-times Alignment of access forced using peeling 1 XPASS: gcc.dg/vect/vect-58.c scan-tree-dump-times Alignment of access forced using peeling 1 FAIL: gcc.dg/vect/vect-76.c execution test === gcc Summary for unix/-milp32 === # of expected passes 32336 # of unexpected failures 17 # of unexpected successes 5 # of expected failures 133 # of untested testcases 35 # of unsupported tests 482 Running target unix/-mlp64 FAIL: gcc.c-torture/compile/20011119-2.c -O1 (test for excess errors) FAIL: gcc.c-torture/execute/bf64-1.c execution, -O1 FAIL: gcc.dg/20021014-1.c execution test FAIL: gcc.dg/cleanup-5.c (test for excess errors) WARNING: gcc.dg/cleanup-5.c compilation failed to produce executable FAIL: gcc.dg/ia64-fptr-1.c (test for excess errors) WARNING: gcc.dg/ia64-fptr-1.c compilation failed to produce executable WARNING: program timed out. FAIL: gcc.dg/nest.c execution test FAIL: gcc.dg/transparent-union-1.c (test for excess errors) FAIL: gcc.dg/transparent-union-2.c (test for excess errors) FAIL: largefile.c -O0 -g (test for excess errors) FAIL: largefile.c -O0 (test for excess errors) FAIL: largefile.c -O1 (test for excess errors) FAIL: largefile.c -O2 (test for excess errors) FAIL: largefile.c -O3 -fomit-frame-pointer (test for excess errors) FAIL: largefile.c -O3 -g (test for excess errors) FAIL: largefile.c -Os (test for excess errors) XPASS: gcc.dg/vect/vect-22.c scan-tree-dump-times vectorized 3 loops 1 XPASS: gcc.dg/vect/vect-44.c scan-tree-dump-times Alignment of access forced using peeling 1 XPASS: gcc.dg/vect/vect-50.c scan-tree-dump-times Alignment of access forced using peeling 1 XPASS: gcc.dg/vect/vect-54.c scan-tree-dump-times Alignment of access forced using peeling 1 XPASS: gcc.dg/vect/vect-58.c scan-tree-dump-times Alignment of access forced using peeling 1 FAIL: gcc.dg/vect/vect-76.c execution test === gcc Summary for unix/-mlp64 === # of expected passes 32336 # of unexpected failures 16 # of unexpected successes 5 # of expected failures 133 # of untested testcases 35 # of unsupported tests 483 === gcc Summary === # of expected passes 64672 # of unexpected failures 33 # of unexpected successes 10 # of expected failures 266 # of untested testcases 70 # of unsupported tests 965 /scratch/gcc/nightly-2005-03-26-4.0/ia64-hp-hpux11.23/build_gcc/build/gcc/xgcc version 4.0.0 20050326 (prerelease) === libstdc++ tests === Running target unix/-milp32 FAIL: 23_containers/deque/cons/2.cc execution test === libstdc++ Summary for unix/-milp32 === # of expected passes 2531 # of unexpected failures 1 # of expected failures 7 # of unsupported tests 10 Running target unix/-mlp64 === libstdc++ Summary for unix/-mlp64 === # of expected passes 2532 # of expected failures 7 # of unsupported tests 10 === libstdc++ Summary === # of expected passes 5063 # of unexpected failures 1 # of expected failures 14 # of unsupported tests 20 Compiler version: 4.0.0 20050326 (prerelease) Platform: ia64-hp-hpux11.23 configure flags: --prefix=/scratch/gcc/nightly-2005-03-26-4.0/ia64-hp-hpux11.23/build_gcc/install --enable-threads --disable-libmudflap --with-gnu-as --with-as=/usr/local/tools/gcc-3.3.1/bin/as --enable-languages=c,c++
Index Nav: | [Date Index] [Subject Index] [Author Index] [Thread Index] | |
---|---|---|
Message Nav: | [Date Prev] [Date Next] | [Thread Prev] [Thread Next] |