This is the mail archive of the
gcc-testresults@gcc.gnu.org
mailing list for the GCC project.
Results for 4.1.0 20050326 (experimental) testsuite on powerpc64-unknown-linux-gnu
- From: Jon Grimm <jgrimm at jupiter dot ltc dot austin dot ibm dot com>
- To: gcc-testresults at gcc dot gnu dot org
- Date: Sat, 26 Mar 2005 06:58:42 -0600
- Subject: Results for 4.1.0 20050326 (experimental) testsuite on powerpc64-unknown-linux-gnu
Linux 2.6.9-1.849_EL ppc64
GNU C Library stable release version 2.3.3
GNU ld version 2.15.94 20050124
GNU assembler 2.15.94 20050124
GNU Make 3.80
DejaGnu:
Expect version is 5.40.0
Tcl version is 8.4
Framework version is 1.4.4
64-bit biarch default64
Linux 2.6.9-1.849_EL ppc64
GNU C Library stable release version 2.3.3
GNU ld version 2.15.92
GNU assembler 2.15.92
GNU Make 3.80
DejaGnu:
Expect version is 5.42.1
Tcl version is 8.4.7
Framework version is 1.4.4
64-bit biarch default64
LAST_UPDATED: Sat Mar 26 09:19:37 UTC 2005
Native configuration is powerpc64-unknown-linux-gnu
=== g++ tests ===
Running target unix/-m32
FAIL: g++.dg/expr/cast3.C (test for excess errors)
=== g++ Summary for unix/-m32 ===
# of expected passes 10958
# of unexpected failures 1
# of expected failures 66
# of unsupported tests 76
Running target unix/-m64
=== g++ Summary for unix/-m64 ===
# of expected passes 10921
# of expected failures 66
# of unsupported tests 79
=== g++ Summary ===
# of expected passes 21879
# of unexpected failures 1
# of expected failures 132
# of unsupported tests 155
/home/jgrimm/build/nightly/build-gcc-mline64/gcc/testsuite/../g++ version 4.1.0 20050326 (experimental)
=== gcc tests ===
Running target unix/-m32
FAIL: gcc.c-torture/compile/20000127-1.c -O0 (test for excess errors)
FAIL: gcc.c-torture/compile/20011119-2.c -O1 (test for excess errors)
FAIL: gcc.c-torture/compile/921109-1.c -O0 (test for excess errors)
FAIL: gcc.c-torture/compile/930421-1.c -O0 (test for excess errors)
FAIL: gcc.c-torture/execute/20010118-1.c compilation, -O0
UNRESOLVED: gcc.c-torture/execute/20010118-1.c execution, -O0
XPASS: gcc.c-torture/execute/20020720-1.c compilation, -O1
UNRESOLVED: gcc.c-torture/execute/20020720-1.c execution, -O2
UNRESOLVED: gcc.c-torture/execute/20020720-1.c execution, -O3 -fomit-frame-pointer
UNRESOLVED: gcc.c-torture/execute/20020720-1.c execution, -O3 -g
UNRESOLVED: gcc.c-torture/execute/20020720-1.c execution, -Os
FAIL: gcc.c-torture/unsorted/BUG17.c, -O0
FAIL: gcc.c-torture/unsorted/uuarg.c, -O3 -fomit-frame-pointer
FAIL: gcc.c-torture/unsorted/uuarg.c, -O3 -g
FAIL: gcc.dg/sequence-pt-1.c (test for excess errors)
FAIL: gcc.dg/vect/vect-92.c execution test
=== gcc Summary for unix/-m32 ===
# of expected passes 35498
# of unexpected failures 10
# of unexpected successes 1
# of expected failures 105
# of unresolved testcases 5
# of untested testcases 28
# of unsupported tests 445
Running target unix/-m64
FAIL: gcc.c-torture/compile/20000127-1.c -O0 (test for excess errors)
FAIL: gcc.c-torture/compile/20011119-2.c -O1 (test for excess errors)
FAIL: gcc.c-torture/compile/921109-1.c -O0 (test for excess errors)
FAIL: gcc.c-torture/compile/930421-1.c -O0 (test for excess errors)
FAIL: gcc.c-torture/execute/20010118-1.c compilation, -O0
UNRESOLVED: gcc.c-torture/execute/20010118-1.c execution, -O0
UNRESOLVED: gcc.c-torture/execute/20020720-1.c execution, -O1
UNRESOLVED: gcc.c-torture/execute/20020720-1.c execution, -O2
UNRESOLVED: gcc.c-torture/execute/20020720-1.c execution, -O3 -fomit-frame-pointer
UNRESOLVED: gcc.c-torture/execute/20020720-1.c execution, -O3 -g
UNRESOLVED: gcc.c-torture/execute/20020720-1.c execution, -Os
FAIL: gcc.c-torture/execute/930106-1.c compilation, -O0
UNRESOLVED: gcc.c-torture/execute/930106-1.c execution, -O0
FAIL: gcc.c-torture/unsorted/BUG17.c, -O0
FAIL: gcc.c-torture/unsorted/uuarg.c, -O3 -fomit-frame-pointer
FAIL: gcc.c-torture/unsorted/uuarg.c, -O3 -g
FAIL: gcc.dg/altivec-21.c (test for errors, line 13)
FAIL: gcc.dg/altivec-21.c (test for errors, line 14)
FAIL: gcc.dg/ppc64-abi-2.c (test for excess errors)
WARNING: gcc.dg/ppc64-abi-2.c compilation failed to produce executable
FAIL: gcc.dg/sequence-pt-1.c (test for excess errors)
XPASS: gcc.dg/tree-ssa/sra-2.c scan-tree-dump-times link_error 0
FAIL: gcc.dg/vmx/varargs-1.c -O3 -fomit-frame-pointer (test for excess errors)
WARNING: gcc.dg/vmx/varargs-1.c -O3 -fomit-frame-pointer compilation failed to produce executable
FAIL: gcc.dg/vmx/varargs-1.c -O3 -fomit-frame-pointer -funroll-loops (test for excess errors)
WARNING: gcc.dg/vmx/varargs-1.c -O3 -fomit-frame-pointer -funroll-loops compilation failed to produce executable
FAIL: gcc.dg/vmx/varargs-1.c -O3 -fomit-frame-pointer -funroll-all-loops -finline-functions (test for excess errors)
WARNING: gcc.dg/vmx/varargs-1.c -O3 -fomit-frame-pointer -funroll-all-loops -finline-functions compilation failed to produce executable
FAIL: gcc.dg/vmx/varargs-1.c -O3 -g (test for excess errors)
WARNING: gcc.dg/vmx/varargs-1.c -O3 -g compilation failed to produce executable
=== gcc Summary for unix/-m64 ===
# of expected passes 35486
# of unexpected failures 17
# of unexpected successes 1
# of expected failures 112
# of unresolved testcases 7
# of untested testcases 28
# of unsupported tests 442
=== gcc Summary ===
# of expected passes 70984
# of unexpected failures 27
# of unexpected successes 2
# of expected failures 217
# of unresolved testcases 12
# of untested testcases 56
# of unsupported tests 887
/home/jgrimm/build/nightly/build-gcc-mline64/gcc/xgcc version 4.1.0 20050326 (experimental)
=== gfortran tests ===
Running target unix/-m32
FAIL: gfortran.dg/int_1.f90 -O0 (test for excess errors)
WARNING: gfortran.dg/int_1.f90 -O0 compilation failed to produce executable
XPASS: gfortran.dg/ret_pointer_1.f90 -O0 execution test
XPASS: gfortran.dg/ret_pointer_1.f90 -O1 execution test
FAIL: gfortran.fortran-torture/execute/forall_3.f90 execution, -O0
FAIL: gfortran.fortran-torture/execute/forall_3.f90 execution, -O1
FAIL: gfortran.fortran-torture/execute/forall_3.f90 execution, -O2
FAIL: gfortran.fortran-torture/execute/forall_3.f90 execution, -O3 -fomit-frame-pointer
FAIL: gfortran.fortran-torture/execute/forall_3.f90 execution, -O3 -fomit-frame-pointer -funroll-loops
FAIL: gfortran.fortran-torture/execute/forall_3.f90 execution, -O3 -fomit-frame-pointer -funroll-all-loops -finline-functions
FAIL: gfortran.fortran-torture/execute/forall_3.f90 execution, -O3 -g
FAIL: gfortran.fortran-torture/execute/forall_3.f90 execution, -Os
FAIL: gfortran.fortran-torture/execute/intrinsic_si_kind.f90 compilation, -O0
FAIL: gfortran.fortran-torture/execute/iolength_1.f90 compilation, -O0
FAIL: gfortran.fortran-torture/execute/st_function_2.f90 compilation, -O0
=== gfortran Summary for unix/-m32 ===
# of expected passes 5603
# of unexpected failures 12
# of unexpected successes 2
# of expected failures 24
# of untested testcases 3
# of unsupported tests 8
Running target unix/-m64
FAIL: gfortran.dg/int_1.f90 -O0 (test for excess errors)
WARNING: gfortran.dg/int_1.f90 -O0 compilation failed to produce executable
XPASS: gfortran.dg/ret_pointer_1.f90 -O0 execution test
XPASS: gfortran.dg/ret_pointer_1.f90 -O1 execution test
XPASS: gfortran.dg/ret_pointer_1.f90 -O2 execution test
XPASS: gfortran.dg/ret_pointer_1.f90 -O3 -fomit-frame-pointer execution test
XPASS: gfortran.dg/ret_pointer_1.f90 -O3 -fomit-frame-pointer -funroll-loops execution test
XPASS: gfortran.dg/ret_pointer_1.f90 -O3 -fomit-frame-pointer -funroll-all-loops -finline-functions execution test
XPASS: gfortran.dg/ret_pointer_1.f90 -O3 -g execution test
XPASS: gfortran.dg/ret_pointer_1.f90 -Os execution test
FAIL: gfortran.fortran-torture/execute/forall_3.f90 execution, -O0
FAIL: gfortran.fortran-torture/execute/forall_3.f90 execution, -O1
FAIL: gfortran.fortran-torture/execute/forall_3.f90 execution, -O2
FAIL: gfortran.fortran-torture/execute/forall_3.f90 execution, -O3 -fomit-frame-pointer
FAIL: gfortran.fortran-torture/execute/forall_3.f90 execution, -O3 -fomit-frame-pointer -funroll-loops
FAIL: gfortran.fortran-torture/execute/forall_3.f90 execution, -O3 -fomit-frame-pointer -funroll-all-loops -finline-functions
FAIL: gfortran.fortran-torture/execute/forall_3.f90 execution, -O3 -g
FAIL: gfortran.fortran-torture/execute/forall_3.f90 execution, -Os
FAIL: gfortran.fortran-torture/execute/intrinsic_si_kind.f90 compilation, -O0
FAIL: gfortran.fortran-torture/execute/iolength_1.f90 compilation, -O0
FAIL: gfortran.fortran-torture/execute/st_function_2.f90 compilation, -O0
=== gfortran Summary for unix/-m64 ===
# of expected passes 5603
# of unexpected failures 12
# of unexpected successes 8
# of expected failures 18
# of untested testcases 3
# of unsupported tests 8
=== gfortran Summary ===
# of expected passes 11206
# of unexpected failures 24
# of unexpected successes 10
# of expected failures 42
# of untested testcases 6
# of unsupported tests 16
/home/jgrimm/build/nightly/build-gcc-mline64/gcc/testsuite/../gfortran version 4.1.0 20050326 (experimental)
=== objc tests ===
Running target unix/-m32
=== objc Summary for unix/-m32 ===
# of expected passes 1534
# of unsupported tests 10
Running target unix/-m64
=== objc Summary for unix/-m64 ===
# of expected passes 1534
# of unsupported tests 10
=== objc Summary ===
# of expected passes 3068
# of unsupported tests 20
/home/jgrimm/build/nightly/build-gcc-mline64/gcc/xgcc version 4.1.0 20050326 (experimental)
=== libmudflap tests ===
Running target unix/-m32
FAIL: libmudflap.cth/pass40-frag.c execution test
FAIL: libmudflap.cth/pass40-frag.c output pattern test
FAIL: libmudflap.cth/pass40-frag.c (-O2) execution test
FAIL: libmudflap.cth/pass40-frag.c (-O2) output pattern test
FAIL: libmudflap.cth/pass40-frag.c (-O3) execution test
FAIL: libmudflap.cth/pass40-frag.c (-O3) output pattern test
=== libmudflap Summary for unix/-m32 ===
# of expected passes 1302
# of unexpected failures 6
Running target unix/-m64
FAIL: libmudflap.c/fail27-frag.c output pattern test
FAIL: libmudflap.c/fail27-frag.c (-O2) output pattern test
FAIL: libmudflap.c/fail27-frag.c (-O3) output pattern test
=== libmudflap Summary for unix/-m64 ===
# of expected passes 1305
# of unexpected failures 3
=== libmudflap Summary ===
# of expected passes 2607
# of unexpected failures 9
=== libstdc++-v3 check-abi Summary ===
# of added symbols: 545
# of missing symbols: 486
# of incompatible symbols: 486
using: /home/jgrimm/src/gcc_mline64_anoncvs/gcc/libstdc++-v3/config/abi/powerpc-linux-gnu/baseline_symbols.txt
=== libstdc++ tests ===
Running target unix/-m32
FAIL: 22_locale/messages/members/char/1.cc execution test
FAIL: 22_locale/messages/members/char/2.cc execution test
FAIL: 22_locale/messages/members/char/wrapped_env.cc execution test
FAIL: 22_locale/messages/members/char/wrapped_locale.cc execution test
FAIL: 22_locale/messages_byname/named_equivalence.cc execution test
XPASS: 26_numerics/cmath/c99_classification_macros_c.cc (test for excess errors)
XPASS: ext/array_allocator/2.cc execution test
=== libstdc++ Summary for unix/-m32 ===
# of expected passes 3614
# of unexpected failures 5
# of unexpected successes 2
# of expected failures 8
Running target unix/-m64
XPASS: 26_numerics/cmath/c99_classification_macros_c.cc (test for excess errors)
XPASS: 27_io/fpos/14320-1.cc execution test
XPASS: ext/array_allocator/2.cc execution test
=== libstdc++ Summary for unix/-m64 ===
# of expected passes 3619
# of unexpected successes 3
# of expected failures 7
=== libstdc++ Summary ===
# of expected passes 7233
# of unexpected failures 5
# of unexpected successes 5
# of expected failures 15
Compiler version: 4.1.0 20050326 (experimental)
Platform: powerpc64-unknown-linux-gnu
configure flags: --prefix=/home/jgrimm/opt/gcc-nightly/mline64-20050326 --build=powerpc64-linux --host=powerpc64-linux --target=powerpc64-linux --with-cpu=default64 --with-as=/home/jgrimm/tools/binutils/bin/as --with-ld=/home/jgrimm/tools/binutils/bin/ld --enable-threads=posix --enable-shared --enable-__cxa_atexit --with-mpfr=/home/jgrimm/opt/gcc-nightly/gmp64 --enable-languages=c,c++,f95,objc