This is the mail archive of the
gcc-testresults@gcc.gnu.org
mailing list for the GCC project.
Results for 4.0.0 20050323 (prerelease) testsuite on sparc-sun-solaris2.9
- From: Bradley J Lucier <lucier at math dot purdue dot edu>
- To: gcc-testresults at gcc dot gnu dot org
- Date: Thu, 24 Mar 2005 03:19:11 -0500 (EST)
- Subject: Results for 4.0.0 20050323 (prerelease) testsuite on sparc-sun-solaris2.9
LAST_UPDATED: Wed Mar 23 01:37:24 UTC 2005
Native configuration is sparc-sun-solaris2.9
=== g++ tests ===
Running target unix/-m64
FAIL: g++.old-deja/g++.warn/compare1.C (test for excess errors)
=== g++ Summary for unix/-m64 ===
# of expected passes 10647
# of unexpected failures 1
# of expected failures 71
# of unsupported tests 143
Running target unix
FAIL: g++.old-deja/g++.warn/compare1.C (test for excess errors)
=== g++ Summary for unix ===
# of expected passes 10679
# of unexpected failures 1
# of expected failures 71
# of unsupported tests 141
=== g++ Summary ===
# of expected passes 21326
# of unexpected failures 2
# of expected failures 142
# of unsupported tests 284
/export/users/lucier/programs/gcc/4.0.0/objdir/gcc/testsuite/../g++ version 4.0.0 20050323 (prerelease)
=== gcc tests ===
Running target unix/-m64
FAIL: gcc.c-torture/compile/20040323-1.c (test for excess errors)
FAIL: gcc.c-torture/compile/20040323-1.c (test for excess errors)
FAIL: gcc.c-torture/compile/20040323-1.c (test for excess errors)
FAIL: gcc.c-torture/compile/20040323-1.c (test for excess errors)
FAIL: gcc.c-torture/compile/20040323-1.c (test for excess errors)
FAIL: gcc.c-torture/compile/20040323-1.c (test for excess errors)
=== gcc Summary for unix/-m64 ===
# of expected passes 34008
# of unexpected failures 6
# of expected failures 101
# of untested testcases 28
# of unsupported tests 530
Running target unix
FAIL: gcc.c-torture/compile/20040323-1.c (test for excess errors)
FAIL: gcc.c-torture/compile/20040323-1.c (test for excess errors)
FAIL: gcc.c-torture/compile/20040323-1.c (test for excess errors)
FAIL: gcc.c-torture/compile/20040323-1.c (test for excess errors)
FAIL: gcc.c-torture/compile/20040323-1.c (test for excess errors)
FAIL: gcc.c-torture/compile/20040323-1.c (test for excess errors)
=== gcc Summary for unix ===
# of expected passes 34013
# of unexpected failures 6
# of expected failures 101
# of untested testcases 28
# of unsupported tests 528
=== gcc Summary ===
# of expected passes 68021
# of unexpected failures 12
# of expected failures 202
# of untested testcases 56
# of unsupported tests 1058
/export/users/lucier/programs/gcc/4.0.0/objdir/gcc/xgcc version 4.0.0 20050323 (prerelease)
=== gfortran tests ===
Running target unix/-m64
XPASS: gfortran.dg/ret_pointer_1.f90 execution test
XPASS: gfortran.dg/ret_pointer_1.f90 execution test
XPASS: gfortran.dg/ret_pointer_1.f90 execution test
XPASS: gfortran.dg/ret_pointer_1.f90 execution test
XPASS: gfortran.dg/ret_pointer_1.f90 execution test
XPASS: gfortran.dg/ret_pointer_1.f90 execution test
XPASS: gfortran.dg/ret_pointer_1.f90 execution test
XPASS: gfortran.dg/ret_pointer_1.f90 execution test
FAIL: gfortran.fortran-torture/execute/forall_3.f90 execution, -O0
FAIL: gfortran.fortran-torture/execute/forall_3.f90 execution, -O1
=== gfortran Summary for unix/-m64 ===
# of expected passes 5576
# of unexpected failures 2
# of unexpected successes 8
# of expected failures 18
# of unsupported tests 8
Running target unix
XPASS: gfortran.dg/ret_pointer_1.f90 execution test
XPASS: gfortran.dg/ret_pointer_1.f90 execution test
XPASS: gfortran.dg/ret_pointer_1.f90 execution test
XPASS: gfortran.dg/ret_pointer_1.f90 execution test
XPASS: gfortran.dg/ret_pointer_1.f90 execution test
XPASS: gfortran.dg/ret_pointer_1.f90 execution test
XPASS: gfortran.dg/ret_pointer_1.f90 execution test
FAIL: gfortran.fortran-torture/execute/forall_3.f90 execution, -O1
=== gfortran Summary for unix ===
# of expected passes 5577
# of unexpected failures 1
# of unexpected successes 7
# of expected failures 19
# of unsupported tests 8
=== gfortran Summary ===
# of expected passes 11153
# of unexpected failures 3
# of unexpected successes 15
# of expected failures 37
# of unsupported tests 16
/export/users/lucier/programs/gcc/4.0.0/objdir/gcc/testsuite/../gfortran version 4.0.0 20050323 (prerelease)
=== objc tests ===
Running target unix/-m64
=== objc Summary for unix/-m64 ===
# of expected passes 1534
# of unsupported tests 10
Running target unix
=== objc Summary for unix ===
# of expected passes 1534
# of unsupported tests 10
=== objc Summary ===
# of expected passes 3068
# of unsupported tests 20
/export/users/lucier/programs/gcc/4.0.0/objdir/gcc/xgcc version 4.0.0 20050323 (prerelease)
=== libffi tests ===
Running target unix/-m64
=== libffi Summary for unix/-m64 ===
# of expected passes 219
# of unsupported tests 2
Running target unix
=== libffi Summary for unix ===
# of expected passes 219
# of unsupported tests 2
=== libffi Summary ===
# of expected passes 438
# of unsupported tests 4
=== libjava tests ===
Running target unix/-m64
FAIL: PR16923.c compilation
FAIL: Array_3 execution - gij test
FAIL: Array_3 execution - gij test
FAIL: FileHandleGcTest execution - source compiled test
FAIL: FileHandleGcTest execution - gij test
FAIL: FileHandleGcTest execution - bytecode->native test
FAIL: FileHandleGcTest -O3 execution - source compiled test
FAIL: FileHandleGcTest execution - gij test
FAIL: FileHandleGcTest -O3 execution - bytecode->native test
FAIL: Throw_2 execution - gij test
FAIL: Throw_2 execution - gij test
=== libjava Summary for unix/-m64 ===
# of expected passes 3750
# of unexpected failures 11
# of expected failures 14
# of untested testcases 26
Running target unix
FAIL: PR16923.c compilation
FAIL: Array_3 execution - gij test
FAIL: Array_3 execution - gij test
FAIL: FileHandleGcTest execution - source compiled test
FAIL: FileHandleGcTest execution - gij test
FAIL: FileHandleGcTest execution - bytecode->native test
FAIL: FileHandleGcTest -O3 execution - source compiled test
FAIL: FileHandleGcTest execution - gij test
FAIL: FileHandleGcTest -O3 execution - bytecode->native test
WARNING: program timed out.
FAIL: Thread_Wait_2 execution - gij test
=== libjava Summary for unix ===
# of expected passes 3752
# of unexpected failures 10
# of expected failures 14
# of untested testcases 25
=== libjava Summary ===
# of expected passes 7502
# of unexpected failures 21
# of expected failures 28
# of untested testcases 51
=== libstdc++ tests ===
Running target unix/-m64
FAIL: 22_locale/locale/cons/12658_thread-1.cc execution test
FAIL: 22_locale/num_put/put/char/14220.cc execution test
=== libstdc++ Summary for unix/-m64 ===
# of expected passes 3617
# of unexpected failures 2
# of expected failures 10
Running target unix
FAIL: 22_locale/locale/cons/12658_thread-1.cc execution test
FAIL: 22_locale/num_put/put/wchar_t/14220.cc execution test
=== libstdc++ Summary for unix ===
# of expected passes 3617
# of unexpected failures 2
# of expected failures 10
=== libstdc++ Summary ===
# of expected passes 7234
# of unexpected failures 4
# of expected failures 20
Compiler version: 4.0.0 20050323 (prerelease)
Platform: sparc-sun-solaris2.9
configure flags: --host=sparc-sun-solaris2.9 --build=sparc-sun-solaris2.9 --target=sparc-sun-solaris2.9 --prefix=/export/users/lucier/local/gcc-4.0.0 --with-gmp=/pkgs/gmp-4.1.4 --with-mpfr=/pkgs/gmp-4.1.4 --disable-checking --enable-languages=c,c++,f95,java,objc
BOOT_CFLAGS=-g -O2
Counting all warnings,
there are 27 warnings in stage3 of this bootstrap.
Number of warnings per file:
8 gcc/unwind-dw2.c
7 /pkgs/gnu/share/bison.simple
3 gengtype-lex.c
2 gcc/objc/lang-specs.h
2 gcc/gcc.c
1 gcc/java/jvspec.c
1 gcc/fortran/trans-common.c
1 gcc/fortran/simplify.c
1 gcc/fortran/resolve.c
1 gcc/fortran/expr.c
Number of warning types:
8 old-style function definition
5 string length \`???' is greater than the length \`???' ISO C89 compilers are required to support
4 missing braces around initializer
4 control may reach end of non-void function \`???' being inlined
4 (near initialization for \`???')
2 comparison between signed and unsigned