This is the mail archive of the
gcc-testresults@gcc.gnu.org
mailing list for the GCC project.
Results for 4.1.0 20050323 (experimental) testsuite on i686-pc-linux-gnu
- From: Andrew Pinski <pinskia at physics dot uc dot edu>
- To: gcc-testresults at gcc dot gnu dot org
- Date: Wed, 23 Mar 2005 07:48:30 -0500
- Subject: Results for 4.1.0 20050323 (experimental) testsuite on i686-pc-linux-gnu
LAST_UPDATED: Wed Mar 23 05:03:43 UTC 2005
Native configuration is i686-pc-linux-gnu
=== g++ tests ===
Running target unix
XPASS: g++.old-deja/g++.other/init5.C execution test
FAIL: g++.old-deja/g++.warn/compare1.C (test for excess errors)
=== g++ Summary ===
# of expected passes 10969
# of unexpected failures 1
# of unexpected successes 1
# of expected failures 66
# of unsupported tests 60
/home/gates/pinskia/src/gnu/gcc/src/objdir.linux/gcc/testsuite/../g++ version 4.1.0 20050323 (experimental)
=== gcc tests ===
Running target unix
WARNING: program timed out.
FAIL: gcc.c-torture/compile/20001226-1.c (test for excess errors)
FAIL: gcc.c-torture/compile/20011119-2.c (test for excess errors)
FAIL: gcc.c-torture/unsorted/uuarg.c, -O3 -fomit-frame-pointer
FAIL: gcc.c-torture/unsorted/uuarg.c, -O3 -g
XPASS: gcc.dg/vect/vect-22.c scan-tree-dump-times vectorized 3 loops 1
=== gcc Summary ===
# of expected passes 35033
# of unexpected failures 4
# of unexpected successes 1
# of expected failures 101
# of untested testcases 28
# of unsupported tests 328
/home/gates/pinskia/src/gnu/gcc/src/objdir.linux/gcc/xgcc version 4.1.0 20050323 (experimental)
=== gfortran tests ===
Running target unix
XPASS: gfortran.dg/ret_pointer_1.f90 execution test
XPASS: gfortran.dg/ret_pointer_1.f90 execution test
XPASS: gfortran.dg/ret_pointer_1.f90 execution test
XPASS: gfortran.dg/ret_pointer_1.f90 execution test
XPASS: gfortran.dg/ret_pointer_1.f90 execution test
FAIL: gfortran.fortran-torture/execute/forall_3.f90 execution, -O1
=== gfortran Summary ===
# of expected passes 5609
# of unexpected failures 1
# of unexpected successes 5
# of expected failures 21
/home/gates/pinskia/src/gnu/gcc/src/objdir.linux/gcc/testsuite/../gfortran version 4.1.0 20050323 (experimental)
=== objc tests ===
Running target unix
=== objc Summary ===
# of expected passes 1534
# of unsupported tests 10
/home/gates/pinskia/src/gnu/gcc/src/objdir.linux/gcc/xgcc version 4.1.0 20050323 (experimental)
=== libffi tests ===
Running target unix
=== libffi Summary ===
# of expected passes 219
# of unsupported tests 2
=== libjava tests ===
Running target unix
FAIL: Array_3 -O3 execution - bytecode->native test
=== libjava Summary ===
# of expected passes 3786
# of unexpected failures 1
# of expected failures 10
# of untested testcases 9
=== libmudflap tests ===
Running target unix
FAIL: libmudflap.cth/pass40-frag.c execution test
FAIL: libmudflap.cth/pass40-frag.c output pattern test
FAIL: libmudflap.cth/pass40-frag.c (-O2) execution test
FAIL: libmudflap.cth/pass40-frag.c (-O2) output pattern test
FAIL: libmudflap.cth/pass40-frag.c (-O3) execution test
FAIL: libmudflap.cth/pass40-frag.c (-O3) output pattern test
=== libmudflap Summary ===
# of expected passes 1302
# of unexpected failures 6
=== libstdc++-v3 check-abi Summary ===
# of added symbols: 50
# of missing symbols: 0
# of incompatible symbols: 0
using: /home/peshtigo/pinskia/src/gnu/gcc/src/libstdc++-v3/config/abi/i486-linux-gnu/baseline_symbols.txt
=== libstdc++ tests ===
Running target unix
XPASS: 26_numerics/cmath/c99_classification_macros_c.cc (test for excess errors)
=== libstdc++ Summary ===
# of expected passes 3620
# of unexpected successes 1
# of expected failures 8
Compiler version: 4.1.0 20050323 (experimental)
Platform: i686-pc-linux-gnu
configure flags: --target=i686-pc-linux-gnu --host=i686-pc-linux-gnu --enable-__cxa_atexit --prefix=/home/gates/pinskia/linux --enable-threads=posix --enable-shared --enable-languages=c,c++,f95,java,objc