This is the mail archive of the
gcc-testresults@gcc.gnu.org
mailing list for the GCC project.
Results for 4.0.0 20050320 (prerelease) testsuite on hppa2.0w-hp-hpux11.11
- From: CodeSourcery Automatic Testing System <gcc at codesourcery dot com>
- To: gcc-testresults at gcc dot gnu dot org
- Date: Sun, 20 Mar 2005 20:11:42 -0800
- Subject: Results for 4.0.0 20050320 (prerelease) testsuite on hppa2.0w-hp-hpux11.11
LAST_UPDATED: Sun Mar 20 09:16:51 UTC 2005
Native configuration is hppa2.0w-hp-hpux11.11
=== g++ tests ===
Running target unix
=== g++ Summary ===
# of expected passes 10459
# of expected failures 71
# of unsupported tests 128
/scratch/gcc/nightly-2005-03-20-4.0/hppa2.0w-hp-hpux11.11/build_gcc/build/gcc/testsuite/../g++ version 4.0.0 20050320 (prerelease)
=== gcc tests ===
Running target unix
FAIL: gcc.c-torture/compile/20011119-1.c -O0 (test for excess errors)
FAIL: gcc.c-torture/compile/20011119-1.c -O1 (test for excess errors)
FAIL: gcc.c-torture/compile/20011119-1.c -O2 (test for excess errors)
FAIL: gcc.c-torture/compile/20011119-1.c -O3 -fomit-frame-pointer (test for excess errors)
FAIL: gcc.c-torture/compile/20011119-1.c -O3 -g (test for excess errors)
FAIL: gcc.c-torture/compile/20011119-1.c -Os (test for excess errors)
FAIL: gcc.c-torture/compile/20011119-2.c -O0 (test for excess errors)
FAIL: gcc.c-torture/compile/20011119-2.c -O1 (test for excess errors)
FAIL: gcc.c-torture/compile/20011119-2.c -O2 (test for excess errors)
FAIL: gcc.c-torture/compile/20011119-2.c -O3 -fomit-frame-pointer (test for excess errors)
FAIL: gcc.c-torture/compile/20011119-2.c -O3 -g (test for excess errors)
FAIL: gcc.c-torture/compile/20011119-2.c -Os (test for excess errors)
FAIL: gcc.c-torture/compile/981001-2.c -O0 (test for excess errors)
FAIL: gcc.c-torture/compile/981001-2.c -O1 (test for excess errors)
FAIL: gcc.c-torture/compile/981001-2.c -O2 (test for excess errors)
FAIL: gcc.c-torture/compile/981001-2.c -O3 -fomit-frame-pointer (test for excess errors)
FAIL: gcc.c-torture/compile/981001-2.c -O3 -g (test for excess errors)
FAIL: gcc.c-torture/compile/981001-2.c -Os (test for excess errors)
XPASS: gcc.dg/const-elim-1.c scan-assembler-not L\\\\\$?C[^A-Z]
FAIL: gcc.dg/special/weak-1.c execution test
=== gcc Summary ===
# of expected passes 32030
# of unexpected failures 19
# of unexpected successes 1
# of expected failures 76
# of untested testcases 28
# of unsupported tests 537
/scratch/gcc/nightly-2005-03-20-4.0/hppa2.0w-hp-hpux11.11/build_gcc/build/gcc/xgcc version 4.0.0 20050320 (prerelease)
=== libstdc++ tests ===
Running target unix
=== libstdc++ Summary ===
# of expected passes 3581
# of expected failures 8
# of unsupported tests 19
Compiler version: 4.0.0 20050320 (prerelease)
Platform: hppa2.0w-hp-hpux11.11
configure flags: --prefix=/scratch/gcc/nightly-2005-03-20-4.0/hppa2.0w-hp-hpux11.11/build_gcc/install --enable-threads --disable-libmudflap --with-gnu-as --with-as=/usr/local/tools/gcc-3.3.1/bin/as --enable-languages=c,c++