This is the mail archive of the
gcc-testresults@gcc.gnu.org
mailing list for the GCC project.
ACATS results for version 4.1.0 20050318 (experimental) on powerpc-apple-darwin7.8.0
- From: Andrew Reynolds <awreynolds at mac dot com>
- To: gcc-testresults at gcc dot gnu dot org
- Date: Sun, 20 Mar 2005 13:28:19 -0500
- Subject: ACATS results for version 4.1.0 20050318 (experimental) on powerpc-apple-darwin7.8.0
=== acats configuration ===
target gcc is /Users/drew/Developer/Compiler/gcc-ssh/build/gcc/xgcc
-B/Users/drew/Developer/Compiler/gcc-ssh/build/gcc/
Reading specs from
/Users/drew/Developer/Compiler/gcc-ssh/build/gcc/specs Target:
powerpc-apple-darwin7.8.0 Configured with: ../configure
--prefix=/usr/local/ada --enable-languages=c,ada Thread model: posix
gcc version 4.1.0 20050318 (experimental)
host=ppc-darwin
target=powerpc-apple-darwin7.8.0
gnatmake is /Users/drew/Developer/Compiler/gcc-ssh/build/gcc/gnatmake
=== acats support ===
Generating support files... done.
Compiling support files... done.
=== acats tests ===
Running chapter a ...
Running chapter c2 ...
FAIL: c250002
Running chapter c3 ...
FAIL: c32001e
Running chapter c4 ...
Running chapter c5 ...
FAIL: c52011a
FAIL: c52103x
Running chapter c6 ...
FAIL: c64105b
Running chapter c7 ...
Running chapter c8 ...
Running chapter c9 ...
FAIL: c95086b
FAIL: c954025
Running chapter ca ...
Running chapter cb ...
Running chapter cc ...
Running chapter cd ...
FAIL: cd2b11a
FAIL: cd2b11b
FAIL: cdd2a02
Running chapter ce ...
Running chapter cxa ...
FAIL: cxa4006
FAIL: cxa4017
FAIL: cxaca01
Running chapter cxb ...
Running chapter cxf ...
Running chapter cxg ...
Running chapter cxh ...
Running chapter cz ...
Running chapter d ...
Running chapter e ...
Running chapter gcc ...
Running chapter l ...
=== acats Summary ===
# of expected passes 2307
# of unexpected failures 13
*** FAILURES: c250002 c32001e c52011a c52103x c64105b c95086b c954025
cd2b11a cd2b11b cdd2a02 cxa4006 cxa4017 cxaca01