This is the mail archive of the gcc-testresults@gcc.gnu.org mailing list for the GCC project.
Index Nav: | [Date Index] [Subject Index] [Author Index] [Thread Index] | |
---|---|---|
Message Nav: | [Date Prev] [Date Next] | [Thread Prev] [Thread Next] |
Other format: | [Raw text] |
LAST_UPDATED: Fri Mar 18 09:01:09 UTC 2005 Native configuration is i686-pc-linux-gnu === g++ tests === Running target unix XPASS: g++.dg/rtti/tinfo1.C scan-assembler _ZTIP9CTemplateIhE: XPASS: g++.dg/rtti/tinfo1.C scan-assembler-not .globl[ \\t]+_ZTIP9CTemplateIhE WARNING: g++.old-deja/g++.mike/p10769a.C compilation failed to produce executable WARNING: g++.old-deja/g++.other/enum5.C compilation failed to produce executable WARNING: g++.old-deja/g++.pt/friend44.C compilation failed to produce executable === g++ Summary === # of expected passes 9830 # of unexpected successes 2 # of expected failures 72 # of unsupported tests 43 /scratch/gcc/nightly-2005-03-18-3.4/i686-pc-linux-gnu/build_gcc/build/gcc/testsuite/../g++ version 3.4.4 20050318 (prerelease) === gcc tests === Running target unix FAIL: gcc.c-torture/execute/va-arg-25.c execution, -Os === gcc Summary === # of expected passes 25040 # of unexpected failures 1 # of expected failures 69 # of untested testcases 7 # of unsupported tests 207 /scratch/gcc/nightly-2005-03-18-3.4/i686-pc-linux-gnu/build_gcc/build/gcc/xgcc version 3.4.4 20050318 (prerelease) === libstdc++ tests === Running target unix XPASS: 22_locale/locale/cons/12658_thread.cc execution test XPASS: 26_numerics/c99_classification_macros_c.cc (test for excess errors) === libstdc++ Summary === # of expected passes 2735 # of unexpected successes 2 # of expected failures 5 Compiler version: 3.4.4 20050318 (prerelease) Platform: i686-pc-linux-gnu configure flags: --prefix=/home/gcc/scratch/nightly-2005-03-18-3.4/i686-pc-linux-gnu/build_gcc/install --enable-languages=c,c++ --enable-threads --disable-libmudflap
Index Nav: | [Date Index] [Subject Index] [Author Index] [Thread Index] | |
---|---|---|
Message Nav: | [Date Prev] [Date Next] | [Thread Prev] [Thread Next] |