This is the mail archive of the gcc-testresults@gcc.gnu.org mailing list for the GCC project.
Index Nav: | [Date Index] [Subject Index] [Author Index] [Thread Index] | |
---|---|---|
Message Nav: | [Date Prev] [Date Next] | [Thread Prev] [Thread Next] |
Other format: | [Raw text] |
LAST_UPDATED: Fri Mar 18 00:18:49 UTC 2005 Native configuration is ia64-unknown-linux-gnu === gcc tests === Running target unix FAIL: gcc.dg/20021014-1.c (test for excess errors) FAIL: gcc.dg/nest.c (test for excess errors) XPASS: gcc.dg/tree-ssa/loop-1.c scan-assembler-times foo 5 XPASS: gcc.dg/vect/vect-22.c scan-tree-dump-times vectorized 3 loops 1 XPASS: gcc.dg/vect/vect-44.c scan-tree-dump-times Alignment of access forced using peeling 1 XPASS: gcc.dg/vect/vect-50.c scan-tree-dump-times Alignment of access forced using peeling 1 FAIL: gcc.dg/vect/vect-92.c execution test FAIL: gcc.dg/vect/vect-93.c scan-tree-dump-times Alignment of access forced using peeling 2 XPASS: gcc.dg/vect/vect-93.c scan-tree-dump-times Alignment of access forced using peeling 3 === gcc Summary === # of expected passes 32794 # of unexpected failures 4 # of unexpected successes 5 # of expected failures 130 # of untested testcases 28 # of unsupported tests 464 /export/build/gnu/gcc/build-ia64-linux/gcc/xgcc version 4.1.0 20050317 (experimental) === gfortran tests === Running target unix XPASS: gfortran.dg/ret_pointer_1.f90 -O0 execution test XPASS: gfortran.dg/ret_pointer_1.f90 -O1 execution test XPASS: gfortran.dg/ret_pointer_1.f90 -O2 execution test XPASS: gfortran.dg/ret_pointer_1.f90 -O3 -fomit-frame-pointer execution test XPASS: gfortran.dg/ret_pointer_1.f90 -O3 -fomit-frame-pointer -funroll-loops execution test XPASS: gfortran.dg/ret_pointer_1.f90 -O3 -fomit-frame-pointer -funroll-all-loops -finline-functions execution test XPASS: gfortran.dg/ret_pointer_1.f90 -O3 -g execution test XPASS: gfortran.dg/ret_pointer_1.f90 -Os execution test FAIL: gfortran.fortran-torture/execute/forall_3.f90 execution, -O0 FAIL: gfortran.fortran-torture/execute/forall_3.f90 execution, -O1 FAIL: gfortran.fortran-torture/execute/forall_3.f90 execution, -O2 FAIL: gfortran.fortran-torture/execute/forall_3.f90 execution, -O3 -fomit-frame-pointer FAIL: gfortran.fortran-torture/execute/forall_3.f90 execution, -O3 -fomit-frame-pointer -funroll-loops FAIL: gfortran.fortran-torture/execute/forall_3.f90 execution, -O3 -fomit-frame-pointer -funroll-all-loops -finline-functions FAIL: gfortran.fortran-torture/execute/forall_3.f90 execution, -O3 -g FAIL: gfortran.fortran-torture/execute/forall_3.f90 execution, -Os === gfortran Summary === # of expected passes 5568 # of unexpected failures 8 # of unexpected successes 8 # of expected failures 18 # of unsupported tests 8 /export/build/gnu/gcc/build-ia64-linux/gcc/testsuite/../gfortran version 4.1.0 20050317 (experimental) === g++ tests === Running target unix WARNING: program timed out. FAIL: g++.dg/opt/longbranch1.C (test for excess errors) FAIL: g++.dg/other/stdarg3.C (test for excess errors) FAIL: g++.old-deja/g++.law/profile1.C (test for excess errors) === g++ Summary === # of expected passes 10423 # of unexpected failures 3 # of expected failures 67 # of unsupported tests 90 /export/build/gnu/gcc/build-ia64-linux/gcc/testsuite/../g++ version 4.1.0 20050317 (experimental) === objc tests === Running target unix === objc Summary === # of expected passes 1532 # of unsupported tests 11 /export/build/gnu/gcc/build-ia64-linux/gcc/xgcc version 4.1.0 20050317 (experimental) === libffi tests === Running target unix === libffi Summary === # of expected passes 219 # of unsupported tests 2 === libjava tests === Running target unix FAIL: Array_3 -O3 execution - bytecode->native test === libjava Summary === # of expected passes 3786 # of unexpected failures 1 # of expected failures 10 # of untested testcases 9 === libmudflap tests === Running target unix === libmudflap Summary === # of expected passes 1308 === libstdc++ tests === Running target unix XPASS: 26_numerics/cmath/c99_classification_macros_c.cc (test for excess errors) XPASS: 27_io/fpos/14320-1.cc execution test === libstdc++ Summary === # of expected passes 3618 # of unexpected successes 2 # of expected failures 7 Compiler version: 4.1.0 20050317 (experimental) Platform: ia64-unknown-linux-gnu configure flags: --enable-clocale=gnu --with-system-zlib --with-demangler-in-ld --enable-threads=posix --enable-haifa --disable-checking --prefix=/usr/gcc-4.1 --with-local-prefix=/usr/local --enable-languages=c,c++,f95,java,objc
Index Nav: | [Date Index] [Subject Index] [Author Index] [Thread Index] | |
---|---|---|
Message Nav: | [Date Prev] [Date Next] | [Thread Prev] [Thread Next] |