This is the mail archive of the
gcc-testresults@gcc.gnu.org
mailing list for the GCC project.
Results for 4.0.0 20050317 (prerelease) testsuite onx86_64-unknown-linux-gnu
- From: Laurent GUERBY <laurent at guerby dot net>
- To: gcc-testresults at gcc dot gnu dot org
- Date: Fri, 18 Mar 2005 19:09:41 +0100
- Subject: Results for 4.0.0 20050317 (prerelease) testsuite onx86_64-unknown-linux-gnu
LAST_UPDATED: Thu Mar 17 23:03:26 UTC 2005
=== acats tests ===
FAIL: cdd2a02
FAIL: cxa4006
FAIL: cxa4017
=== acats Summary ===
# of expected passes 2317
# of unexpected failures 3
Native configuration is x86_64-unknown-linux-gnu
=== gcc tests ===
Running target unix
FAIL: gcc.c-torture/compile/20011119-2.c -O1 (test for excess errors)
XPASS: gcc.dg/vect/vect-22.c scan-tree-dump-times vectorized 3 loops 1
=== gcc Summary ===
# of expected passes 33047
# of unexpected failures 1
# of unexpected successes 1
# of expected failures 105
# of untested testcases 28
# of unsupported tests 426
/home/guerby/work/gcc/build/build-20050318T022903/gcc/xgcc version 4.0.0 20050317 (prerelease)
Compiler version: 4.0.0 20050317 (prerelease)
Platform: x86_64-unknown-linux-gnu
configure flags: --prefix=/home/guerby/work/gcc/install/install-20050318T022903 --enable-__cxa_atexit --disable-nls --enable-threads=posix --enable-checking --enable-languages=c,ada