This is the mail archive of the
gcc-testresults@gcc.gnu.org
mailing list for the GCC project.
Results for 4.0.0 20050315 (prerelease) testsuite on sparc-sun-solaris2.7
- From: eric at localhost dot localhost (Eric Botcazou)
- To: gcc-testresults at gcc dot gnu dot org
- Date: Tue, 15 Mar 2005 22:44:48 +0100 (CET)
- Subject: Results for 4.0.0 20050315 (prerelease) testsuite on sparc-sun-solaris2.7
LAST_UPDATED: Tue Mar 15 05:31:40 GMT 2005
Native configuration is sparc-sun-solaris2.7
=== g++ tests ===
Running target unix
=== g++ Summary ===
# of expected passes 10650
# of expected failures 71
# of unsupported tests 117
/opt/build/eric/gcc-4_0-branch/gcc/testsuite/../g++ version 4.0.0 20050315 (prerelease)
=== gcc tests ===
Running target unix
=== gcc Summary ===
# of expected passes 32762
# of expected failures 107
# of untested testcases 28
# of unsupported tests 527
/opt/build/eric/gcc-4_0-branch/gcc/xgcc version 4.0.0 20050315 (prerelease)
=== gfortran tests ===
Running target unix
XPASS: gfortran.dg/ret_pointer_1.f90 -O0 execution test
XPASS: gfortran.dg/ret_pointer_1.f90 -O1 execution test
XPASS: gfortran.dg/ret_pointer_1.f90 -O2 execution test
XPASS: gfortran.dg/ret_pointer_1.f90 -O3 -fomit-frame-pointer execution test
XPASS: gfortran.dg/ret_pointer_1.f90 -O3 -fomit-frame-pointer -funroll-loops execution test
XPASS: gfortran.dg/ret_pointer_1.f90 -O3 -fomit-frame-pointer -funroll-all-loops -finline-functions execution test
XPASS: gfortran.dg/ret_pointer_1.f90 -O3 -g execution test
FAIL: gfortran.fortran-torture/execute/forall_3.f90 execution, -O1
=== gfortran Summary ===
# of expected passes 5527
# of unexpected failures 1
# of unexpected successes 7
# of expected failures 19
# of unsupported tests 8
/opt/build/eric/gcc-4_0-branch/gcc/testsuite/../gfortran version 4.0.0 20050315 (prerelease)
=== objc tests ===
Running target unix
=== objc Summary ===
# of expected passes 1534
# of unsupported tests 10
/opt/build/eric/gcc-4_0-branch/gcc/xgcc version 4.0.0 20050315 (prerelease)
=== libffi tests ===
Running target unix
=== libffi Summary ===
# of expected passes 219
# of unsupported tests 2
=== libjava tests ===
Running target unix
FAIL: PR16923.c compilation
FAIL: Array_3 execution - gij test
FAIL: Array_3 execution - gij test
FAIL: FileHandleGcTest execution - source compiled test
FAIL: FileHandleGcTest execution - gij test
FAIL: FileHandleGcTest execution - bytecode->native test
FAIL: FileHandleGcTest -O3 execution - source compiled test
FAIL: FileHandleGcTest execution - gij test
FAIL: FileHandleGcTest -O3 execution - bytecode->native test
=== libjava Summary ===
# of expected passes 3754
# of unexpected failures 9
# of expected failures 14
# of untested testcases 24
=== libstdc++ tests ===
Running target unix
=== libstdc++ Summary ===
# of expected passes 3617
# of expected failures 10
Compiler version: 4.0.0 20050315 (prerelease)
Platform: sparc-sun-solaris2.7
configure flags: --prefix=/opt/build/eric/local/gcc --with-gmp=/opt/build/eric/local --with-mpfr=/opt/build/eric/local --with-local-prefix=/opt/build/eric/local --enable-checking=release --disable-multilib --enable-languages=c,c++,f95,java,objc
BOOT_CFLAGS=-g -O2