This is the mail archive of the
gcc-testresults@gcc.gnu.org
mailing list for the GCC project.
Results for 4.1.0-tree-profiling 20050301 (experimental) testsuite on powerpc64-unknown-linux-gnu
- From: Janis Johnson <janis187 at us dot ibm dot com>
- To: gcc-testresults at gcc dot gnu dot org
- Date: Mon, 14 Mar 2005 07:38:15 -0800
- Subject: Results for 4.1.0-tree-profiling 20050301 (experimental) testsuite on powerpc64-unknown-linux-gnu
Linux 2.4.21-17.EL ppc64
GNU C Library stable release version 2.3.2
GNU ld version 2.15.94.0.2.2 20041220
GNU assembler 2.15.94.0.2.2 20041220
GNU Make version 3.79.1
DejaGnu:
Expect version is 5.40.0
Tcl version is 8.4
Framework version is 1.4.4
32-bit biarch default32
CVS branch: tree-profiling-branch
This hardware does not support VMX instructions.
LAST_UPDATED: Mon Mar 14 11:32:01 UTC 2005
Native configuration is powerpc64-unknown-linux-gnu
=== g++ tests ===
Running target unix/-m32
ERROR: g++.dg/opt/nothrow1.C: error executing dg-final: no files matched glob pattern "nothrow1.C.t??.optimized"
UNRESOLVED: g++.dg/opt/nothrow1.C: error executing dg-final: no files matched glob pattern "nothrow1.C.t??.optimized"
FAIL: g++.dg/other/static11.C (test for excess errors)
ERROR: g++.dg/tree-ssa/empty-1.C: error executing dg-final: no files matched glob pattern "empty-1.C.t??.optimized"
UNRESOLVED: g++.dg/tree-ssa/empty-1.C: error executing dg-final: no files matched glob pattern "empty-1.C.t??.optimized"
=== g++ Summary for unix/-m32 ===
# of expected passes 10795
# of unexpected failures 1
# of expected failures 70
# of unresolved testcases 2
# of unsupported tests 76
Running target unix/-m64
ERROR: g++.dg/opt/nothrow1.C: error executing dg-final: no files matched glob pattern "nothrow1.C.t??.optimized"
UNRESOLVED: g++.dg/opt/nothrow1.C: error executing dg-final: no files matched glob pattern "nothrow1.C.t??.optimized"
FAIL: g++.dg/other/static11.C (test for excess errors)
ERROR: g++.dg/tree-ssa/empty-1.C: error executing dg-final: no files matched glob pattern "empty-1.C.t??.optimized"
UNRESOLVED: g++.dg/tree-ssa/empty-1.C: error executing dg-final: no files matched glob pattern "empty-1.C.t??.optimized"
=== g++ Summary for unix/-m64 ===
# of expected passes 10757
# of unexpected failures 1
# of expected failures 70
# of unresolved testcases 2
# of unsupported tests 79
=== g++ Summary ===
# of expected passes 21552
# of unexpected failures 2
# of expected failures 140
# of unresolved testcases 4
# of unsupported tests 155
/home/gccbuild/build/nightly/build-gcc-treeprof/gcc/testsuite/../g++ version 4.1.0-tree-profiling 20050301 (experimental)
=== gcc tests ===
Running target unix/-m32
FAIL: gcc.dg/20040206-1.c (test for warnings, line 11)
FAIL: gcc.dg/always_inline3.c (test for errors, line 7)
ERROR: gcc.dg/builtins-43.c: error executing dg-final: no files matched glob pattern "builtins-43.c.t??.optimized"
UNRESOLVED: gcc.dg/builtins-43.c: error executing dg-final: no files matched glob pattern "builtins-43.c.t??.optimized"
ERROR: gcc.dg/builtins-44.c: error executing dg-final: no files matched glob pattern "builtins-44.c.t??.optimized"
UNRESOLVED: gcc.dg/builtins-44.c: error executing dg-final: no files matched glob pattern "builtins-44.c.t??.optimized"
ERROR: gcc.dg/builtins-45.c: error executing dg-final: no files matched glob pattern "builtins-45.c.t??.optimized"
UNRESOLVED: gcc.dg/builtins-45.c: error executing dg-final: no files matched glob pattern "builtins-45.c.t??.optimized"
ERROR: gcc.dg/tree-ssa/20030709-1.c: error executing dg-final: no files matched glob pattern "20030709-1.c.t??.optimized"
UNRESOLVED: gcc.dg/tree-ssa/20030709-1.c: error executing dg-final: no files matched glob pattern "20030709-1.c.t??.optimized"
ERROR: gcc.dg/tree-ssa/20030728-1.c: error executing dg-final: no files matched glob pattern "20030728-1.c.t??.optimized"
UNRESOLVED: gcc.dg/tree-ssa/20030728-1.c: error executing dg-final: no files matched glob pattern "20030728-1.c.t??.optimized"
ERROR: gcc.dg/tree-ssa/20030814-4.c: error executing dg-final: no files matched glob pattern "20030814-4.c.t??.optimized"
UNRESOLVED: gcc.dg/tree-ssa/20030814-4.c: error executing dg-final: no files matched glob pattern "20030814-4.c.t??.optimized"
ERROR: gcc.dg/tree-ssa/20030814-5.c: error executing dg-final: no files matched glob pattern "20030814-5.c.t??.optimized"
UNRESOLVED: gcc.dg/tree-ssa/20030814-5.c: error executing dg-final: no files matched glob pattern "20030814-5.c.t??.optimized"
ERROR: gcc.dg/tree-ssa/20030821-1.c: error executing dg-final: no files matched glob pattern "20030821-1.c.t??.optimized"
UNRESOLVED: gcc.dg/tree-ssa/20030821-1.c: error executing dg-final: no files matched glob pattern "20030821-1.c.t??.optimized"
ERROR: gcc.dg/tree-ssa/20030824-1.c: error executing dg-final: no files matched glob pattern "20030824-1.c.t??.optimized"
UNRESOLVED: gcc.dg/tree-ssa/20030824-1.c: error executing dg-final: no files matched glob pattern "20030824-1.c.t??.optimized"
ERROR: gcc.dg/tree-ssa/20030824-2.c: error executing dg-final: no files matched glob pattern "20030824-2.c.t??.optimized"
UNRESOLVED: gcc.dg/tree-ssa/20030824-2.c: error executing dg-final: no files matched glob pattern "20030824-2.c.t??.optimized"
ERROR: gcc.dg/tree-ssa/20030825-1.c: error executing dg-final: no files matched glob pattern "20030825-1.c.t??.optimized"
UNRESOLVED: gcc.dg/tree-ssa/20030825-1.c: error executing dg-final: no files matched glob pattern "20030825-1.c.t??.optimized"
ERROR: gcc.dg/tree-ssa/20030907-1.c: error executing dg-final: no files matched glob pattern "20030907-1.c.t??.optimized"
UNRESOLVED: gcc.dg/tree-ssa/20030907-1.c: error executing dg-final: no files matched glob pattern "20030907-1.c.t??.optimized"
ERROR: gcc.dg/tree-ssa/20030922-2.c: error executing dg-final: no files matched glob pattern "20030922-2.c.t??.dom1"
UNRESOLVED: gcc.dg/tree-ssa/20030922-2.c: error executing dg-final: no files matched glob pattern "20030922-2.c.t??.dom1"
ERROR: gcc.dg/tree-ssa/20031015-1.c: error executing dg-final: no files matched glob pattern "20031015-1.c.t??.alias1"
UNRESOLVED: gcc.dg/tree-ssa/20031015-1.c: error executing dg-final: no files matched glob pattern "20031015-1.c.t??.alias1"
ERROR: gcc.dg/tree-ssa/20031021-1.c: error executing dg-final: no files matched glob pattern "20031021-1.c.t??.optimized"
UNRESOLVED: gcc.dg/tree-ssa/20031021-1.c: error executing dg-final: no files matched glob pattern "20031021-1.c.t??.optimized"
ERROR: gcc.dg/tree-ssa/20031022-1.c: error executing dg-final: no files matched glob pattern "20031022-1.c.t??.dom1"
UNRESOLVED: gcc.dg/tree-ssa/20031022-1.c: error executing dg-final: no files matched glob pattern "20031022-1.c.t??.dom1"
ERROR: gcc.dg/tree-ssa/20031106-1.c: error executing dg-final: no files matched glob pattern "20031106-1.c.t??.optimized"
UNRESOLVED: gcc.dg/tree-ssa/20031106-1.c: error executing dg-final: no files matched glob pattern "20031106-1.c.t??.optimized"
ERROR: gcc.dg/tree-ssa/20031106-2.c: error executing dg-final: no files matched glob pattern "20031106-2.c.t??.optimized"
UNRESOLVED: gcc.dg/tree-ssa/20031106-2.c: error executing dg-final: no files matched glob pattern "20031106-2.c.t??.optimized"
ERROR: gcc.dg/tree-ssa/20031106-3.c: error executing dg-final: no files matched glob pattern "20031106-3.c.t??.optimized"
UNRESOLVED: gcc.dg/tree-ssa/20031106-3.c: error executing dg-final: no files matched glob pattern "20031106-3.c.t??.optimized"
ERROR: gcc.dg/tree-ssa/20031106-4.c: error executing dg-final: no files matched glob pattern "20031106-4.c.t??.optimized"
UNRESOLVED: gcc.dg/tree-ssa/20031106-4.c: error executing dg-final: no files matched glob pattern "20031106-4.c.t??.optimized"
ERROR: gcc.dg/tree-ssa/20031106-5.c: error executing dg-final: no files matched glob pattern "20031106-5.c.t??.optimized"
UNRESOLVED: gcc.dg/tree-ssa/20031106-5.c: error executing dg-final: no files matched glob pattern "20031106-5.c.t??.optimized"
ERROR: gcc.dg/tree-ssa/20031106-6.c: error executing dg-final: no files matched glob pattern "20031106-6.c.t??.optimized"
UNRESOLVED: gcc.dg/tree-ssa/20031106-6.c: error executing dg-final: no files matched glob pattern "20031106-6.c.t??.optimized"
ERROR: gcc.dg/tree-ssa/20031216-1.c: error executing dg-final: no files matched glob pattern "20031216-1.c.t??.optimized"
UNRESOLVED: gcc.dg/tree-ssa/20031216-1.c: error executing dg-final: no files matched glob pattern "20031216-1.c.t??.optimized"
ERROR: gcc.dg/tree-ssa/20040204-1.c: error executing dg-final: no files matched glob pattern "20040204-1.c.t??.optimized"
UNRESOLVED: gcc.dg/tree-ssa/20040204-1.c: error executing dg-final: no files matched glob pattern "20040204-1.c.t??.optimized"
ERROR: gcc.dg/tree-ssa/20040430-1.c: error executing dg-final: no files matched glob pattern "20040430-1.c.t??.optimized"
UNRESOLVED: gcc.dg/tree-ssa/20040430-1.c: error executing dg-final: no files matched glob pattern "20040430-1.c.t??.optimized"
FAIL: gcc.dg/tree-ssa/20040513-2.c scan-tree-dump-times link_error 0
ERROR: gcc.dg/tree-ssa/20040517-1.c: error executing dg-final: no files matched glob pattern "20040517-1.c.t??.alias1"
UNRESOLVED: gcc.dg/tree-ssa/20040517-1.c: error executing dg-final: no files matched glob pattern "20040517-1.c.t??.alias1"
ERROR: gcc.dg/tree-ssa/20040615-1.c: error executing dg-final: no files matched glob pattern "20040615-1.c.t??.dom1"
UNRESOLVED: gcc.dg/tree-ssa/20040615-1.c: error executing dg-final: no files matched glob pattern "20040615-1.c.t??.dom1"
ERROR: gcc.dg/tree-ssa/20040624-1.c: error executing dg-final: no files matched glob pattern "20040624-1.c.t??.dom1"
UNRESOLVED: gcc.dg/tree-ssa/20040624-1.c: error executing dg-final: no files matched glob pattern "20040624-1.c.t??.dom1"
ERROR: gcc.dg/tree-ssa/20041002-1.c: error executing dg-final: no files matched glob pattern "20041002-1.c.t??.ssa"
UNRESOLVED: gcc.dg/tree-ssa/20041002-1.c: error executing dg-final: no files matched glob pattern "20041002-1.c.t??.ssa"
ERROR: gcc.dg/tree-ssa/20050215-1.c: error executing dg-final: no files matched glob pattern "20050215-1.c.t??.optimized"
UNRESOLVED: gcc.dg/tree-ssa/20050215-1.c: error executing dg-final: no files matched glob pattern "20050215-1.c.t??.optimized"
ERROR: gcc.dg/tree-ssa/asm-1.c: error executing dg-final: no files matched glob pattern "asm-1.c.t??.optimized"
UNRESOLVED: gcc.dg/tree-ssa/asm-1.c: error executing dg-final: no files matched glob pattern "asm-1.c.t??.optimized"
ERROR: gcc.dg/tree-ssa/asm-2.c: error executing dg-final: no files matched glob pattern "asm-2.c.t??.optimized"
UNRESOLVED: gcc.dg/tree-ssa/asm-2.c: error executing dg-final: no files matched glob pattern "asm-2.c.t??.optimized"
ERROR: gcc.dg/tree-ssa/asm-3.c: error executing dg-final: no files matched glob pattern "asm-3.c.t??.optimized"
UNRESOLVED: gcc.dg/tree-ssa/asm-3.c: error executing dg-final: no files matched glob pattern "asm-3.c.t??.optimized"
ERROR: gcc.dg/tree-ssa/complex-1.c: error executing dg-final: no files matched glob pattern "complex-1.c.t??.optimized"
UNRESOLVED: gcc.dg/tree-ssa/complex-1.c: error executing dg-final: no files matched glob pattern "complex-1.c.t??.optimized"
ERROR: gcc.dg/tree-ssa/complex-2.c: error executing dg-final: no files matched glob pattern "complex-2.c.t??.optimized"
UNRESOLVED: gcc.dg/tree-ssa/complex-2.c: error executing dg-final: no files matched glob pattern "complex-2.c.t??.optimized"
ERROR: gcc.dg/tree-ssa/inline_asm-1.c: error executing dg-final: no files matched glob pattern "inline_asm-1.c.t??.optimized"
UNRESOLVED: gcc.dg/tree-ssa/inline_asm-1.c: error executing dg-final: no files matched glob pattern "inline_asm-1.c.t??.optimized"
ERROR: gcc.dg/tree-ssa/inline_asm-2.c: error executing dg-final: no files matched glob pattern "inline_asm-2.c.t??.alias1"
UNRESOLVED: gcc.dg/tree-ssa/inline_asm-2.c: error executing dg-final: no files matched glob pattern "inline_asm-2.c.t??.alias1"
ERROR: gcc.dg/tree-ssa/pr16721.c: error executing dg-final: no files matched glob pattern "pr16721.c.t??.optimized"
UNRESOLVED: gcc.dg/tree-ssa/pr16721.c: error executing dg-final: no files matched glob pattern "pr16721.c.t??.optimized"
ERROR: gcc.dg/tree-ssa/pr19633.c: error executing dg-final: no files matched glob pattern "pr19633.c.t??.ssa"
UNRESOLVED: gcc.dg/tree-ssa/pr19633.c: error executing dg-final: no files matched glob pattern "pr19633.c.t??.ssa"
ERROR: gcc.dg/tree-ssa/sra-1.c: error executing dg-final: no files matched glob pattern "sra-1.c.t??.optimized"
UNRESOLVED: gcc.dg/tree-ssa/sra-1.c: error executing dg-final: no files matched glob pattern "sra-1.c.t??.optimized"
ERROR: gcc.dg/tree-ssa/sra-2.c: error executing dg-final: no files matched glob pattern "sra-2.c.t??.optimized"
UNRESOLVED: gcc.dg/tree-ssa/sra-2.c: error executing dg-final: no files matched glob pattern "sra-2.c.t??.optimized"
ERROR: gcc.dg/tree-ssa/sra-3.c: error executing dg-final: no files matched glob pattern "sra-3.c.t??.optimized"
UNRESOLVED: gcc.dg/tree-ssa/sra-3.c: error executing dg-final: no files matched glob pattern "sra-3.c.t??.optimized"
ERROR: gcc.dg/tree-ssa/ssa-ccp-11.c: error executing dg-final: no files matched glob pattern "ssa-ccp-11.c.t??.optimized"
UNRESOLVED: gcc.dg/tree-ssa/ssa-ccp-11.c: error executing dg-final: no files matched glob pattern "ssa-ccp-11.c.t??.optimized"
FAIL: gcc.dg/tree-ssa/ssa-dce-2.c scan-tree-dump-times if 0
ERROR: gcc.dg/tree-ssa/tailrecursion-1.c: error executing dg-final: no files matched glob pattern "tailrecursion-1.c.t??.tailr"
UNRESOLVED: gcc.dg/tree-ssa/tailrecursion-1.c: error executing dg-final: no files matched glob pattern "tailrecursion-1.c.t??.tailr"
ERROR: gcc.dg/tree-ssa/tailrecursion-2.c: error executing dg-final: no files matched glob pattern "tailrecursion-2.c.t??.tailr"
UNRESOLVED: gcc.dg/tree-ssa/tailrecursion-2.c: error executing dg-final: no files matched glob pattern "tailrecursion-2.c.t??.tailr"
ERROR: gcc.dg/tree-ssa/tailrecursion-3.c: error executing dg-final: no files matched glob pattern "tailrecursion-3.c.t??.tailr"
UNRESOLVED: gcc.dg/tree-ssa/tailrecursion-3.c: error executing dg-final: no files matched glob pattern "tailrecursion-3.c.t??.tailr"
ERROR: gcc.dg/tree-ssa/tailrecursion-4.c: error executing dg-final: no files matched glob pattern "tailrecursion-4.c.t??.tailr"
UNRESOLVED: gcc.dg/tree-ssa/tailrecursion-4.c: error executing dg-final: no files matched glob pattern "tailrecursion-4.c.t??.tailr"
ERROR: gcc.dg/tree-ssa/tailrecursion-5.c: error executing dg-final: no files matched glob pattern "tailrecursion-5.c.t??.optimized"
UNRESOLVED: gcc.dg/tree-ssa/tailrecursion-5.c: error executing dg-final: no files matched glob pattern "tailrecursion-5.c.t??.optimized"
=== gcc Summary for unix/-m32 ===
# of expected passes 34486
# of unexpected failures 4
# of expected failures 92
# of unresolved testcases 48
# of untested testcases 28
# of unsupported tests 438
Running target unix/-m64
FAIL: gcc.dg/20040206-1.c (test for warnings, line 11)
FAIL: gcc.dg/always_inline3.c (test for errors, line 7)
ERROR: gcc.dg/builtins-43.c: error executing dg-final: no files matched glob pattern "builtins-43.c.t??.optimized"
UNRESOLVED: gcc.dg/builtins-43.c: error executing dg-final: no files matched glob pattern "builtins-43.c.t??.optimized"
ERROR: gcc.dg/builtins-44.c: error executing dg-final: no files matched glob pattern "builtins-44.c.t??.optimized"
UNRESOLVED: gcc.dg/builtins-44.c: error executing dg-final: no files matched glob pattern "builtins-44.c.t??.optimized"
ERROR: gcc.dg/builtins-45.c: error executing dg-final: no files matched glob pattern "builtins-45.c.t??.optimized"
UNRESOLVED: gcc.dg/builtins-45.c: error executing dg-final: no files matched glob pattern "builtins-45.c.t??.optimized"
ERROR: gcc.dg/tree-ssa/20030709-1.c: error executing dg-final: no files matched glob pattern "20030709-1.c.t??.optimized"
UNRESOLVED: gcc.dg/tree-ssa/20030709-1.c: error executing dg-final: no files matched glob pattern "20030709-1.c.t??.optimized"
ERROR: gcc.dg/tree-ssa/20030728-1.c: error executing dg-final: no files matched glob pattern "20030728-1.c.t??.optimized"
UNRESOLVED: gcc.dg/tree-ssa/20030728-1.c: error executing dg-final: no files matched glob pattern "20030728-1.c.t??.optimized"
ERROR: gcc.dg/tree-ssa/20030814-4.c: error executing dg-final: no files matched glob pattern "20030814-4.c.t??.optimized"
UNRESOLVED: gcc.dg/tree-ssa/20030814-4.c: error executing dg-final: no files matched glob pattern "20030814-4.c.t??.optimized"
ERROR: gcc.dg/tree-ssa/20030814-5.c: error executing dg-final: no files matched glob pattern "20030814-5.c.t??.optimized"
UNRESOLVED: gcc.dg/tree-ssa/20030814-5.c: error executing dg-final: no files matched glob pattern "20030814-5.c.t??.optimized"
ERROR: gcc.dg/tree-ssa/20030821-1.c: error executing dg-final: no files matched glob pattern "20030821-1.c.t??.optimized"
UNRESOLVED: gcc.dg/tree-ssa/20030821-1.c: error executing dg-final: no files matched glob pattern "20030821-1.c.t??.optimized"
ERROR: gcc.dg/tree-ssa/20030824-1.c: error executing dg-final: no files matched glob pattern "20030824-1.c.t??.optimized"
UNRESOLVED: gcc.dg/tree-ssa/20030824-1.c: error executing dg-final: no files matched glob pattern "20030824-1.c.t??.optimized"
ERROR: gcc.dg/tree-ssa/20030824-2.c: error executing dg-final: no files matched glob pattern "20030824-2.c.t??.optimized"
UNRESOLVED: gcc.dg/tree-ssa/20030824-2.c: error executing dg-final: no files matched glob pattern "20030824-2.c.t??.optimized"
ERROR: gcc.dg/tree-ssa/20030825-1.c: error executing dg-final: no files matched glob pattern "20030825-1.c.t??.optimized"
UNRESOLVED: gcc.dg/tree-ssa/20030825-1.c: error executing dg-final: no files matched glob pattern "20030825-1.c.t??.optimized"
ERROR: gcc.dg/tree-ssa/20030907-1.c: error executing dg-final: no files matched glob pattern "20030907-1.c.t??.optimized"
UNRESOLVED: gcc.dg/tree-ssa/20030907-1.c: error executing dg-final: no files matched glob pattern "20030907-1.c.t??.optimized"
ERROR: gcc.dg/tree-ssa/20030922-2.c: error executing dg-final: no files matched glob pattern "20030922-2.c.t??.dom1"
UNRESOLVED: gcc.dg/tree-ssa/20030922-2.c: error executing dg-final: no files matched glob pattern "20030922-2.c.t??.dom1"
ERROR: gcc.dg/tree-ssa/20031015-1.c: error executing dg-final: no files matched glob pattern "20031015-1.c.t??.alias1"
UNRESOLVED: gcc.dg/tree-ssa/20031015-1.c: error executing dg-final: no files matched glob pattern "20031015-1.c.t??.alias1"
ERROR: gcc.dg/tree-ssa/20031021-1.c: error executing dg-final: no files matched glob pattern "20031021-1.c.t??.optimized"
UNRESOLVED: gcc.dg/tree-ssa/20031021-1.c: error executing dg-final: no files matched glob pattern "20031021-1.c.t??.optimized"
ERROR: gcc.dg/tree-ssa/20031022-1.c: error executing dg-final: no files matched glob pattern "20031022-1.c.t??.dom1"
UNRESOLVED: gcc.dg/tree-ssa/20031022-1.c: error executing dg-final: no files matched glob pattern "20031022-1.c.t??.dom1"
ERROR: gcc.dg/tree-ssa/20031106-1.c: error executing dg-final: no files matched glob pattern "20031106-1.c.t??.optimized"
UNRESOLVED: gcc.dg/tree-ssa/20031106-1.c: error executing dg-final: no files matched glob pattern "20031106-1.c.t??.optimized"
ERROR: gcc.dg/tree-ssa/20031106-2.c: error executing dg-final: no files matched glob pattern "20031106-2.c.t??.optimized"
UNRESOLVED: gcc.dg/tree-ssa/20031106-2.c: error executing dg-final: no files matched glob pattern "20031106-2.c.t??.optimized"
ERROR: gcc.dg/tree-ssa/20031106-3.c: error executing dg-final: no files matched glob pattern "20031106-3.c.t??.optimized"
UNRESOLVED: gcc.dg/tree-ssa/20031106-3.c: error executing dg-final: no files matched glob pattern "20031106-3.c.t??.optimized"
ERROR: gcc.dg/tree-ssa/20031106-4.c: error executing dg-final: no files matched glob pattern "20031106-4.c.t??.optimized"
UNRESOLVED: gcc.dg/tree-ssa/20031106-4.c: error executing dg-final: no files matched glob pattern "20031106-4.c.t??.optimized"
ERROR: gcc.dg/tree-ssa/20031106-5.c: error executing dg-final: no files matched glob pattern "20031106-5.c.t??.optimized"
UNRESOLVED: gcc.dg/tree-ssa/20031106-5.c: error executing dg-final: no files matched glob pattern "20031106-5.c.t??.optimized"
ERROR: gcc.dg/tree-ssa/20031106-6.c: error executing dg-final: no files matched glob pattern "20031106-6.c.t??.optimized"
UNRESOLVED: gcc.dg/tree-ssa/20031106-6.c: error executing dg-final: no files matched glob pattern "20031106-6.c.t??.optimized"
ERROR: gcc.dg/tree-ssa/20031216-1.c: error executing dg-final: no files matched glob pattern "20031216-1.c.t??.optimized"
UNRESOLVED: gcc.dg/tree-ssa/20031216-1.c: error executing dg-final: no files matched glob pattern "20031216-1.c.t??.optimized"
ERROR: gcc.dg/tree-ssa/20040204-1.c: error executing dg-final: no files matched glob pattern "20040204-1.c.t??.optimized"
UNRESOLVED: gcc.dg/tree-ssa/20040204-1.c: error executing dg-final: no files matched glob pattern "20040204-1.c.t??.optimized"
ERROR: gcc.dg/tree-ssa/20040430-1.c: error executing dg-final: no files matched glob pattern "20040430-1.c.t??.optimized"
UNRESOLVED: gcc.dg/tree-ssa/20040430-1.c: error executing dg-final: no files matched glob pattern "20040430-1.c.t??.optimized"
FAIL: gcc.dg/tree-ssa/20040513-2.c scan-tree-dump-times link_error 0
ERROR: gcc.dg/tree-ssa/20040517-1.c: error executing dg-final: no files matched glob pattern "20040517-1.c.t??.alias1"
UNRESOLVED: gcc.dg/tree-ssa/20040517-1.c: error executing dg-final: no files matched glob pattern "20040517-1.c.t??.alias1"
ERROR: gcc.dg/tree-ssa/20040615-1.c: error executing dg-final: no files matched glob pattern "20040615-1.c.t??.dom1"
UNRESOLVED: gcc.dg/tree-ssa/20040615-1.c: error executing dg-final: no files matched glob pattern "20040615-1.c.t??.dom1"
ERROR: gcc.dg/tree-ssa/20040624-1.c: error executing dg-final: no files matched glob pattern "20040624-1.c.t??.dom1"
UNRESOLVED: gcc.dg/tree-ssa/20040624-1.c: error executing dg-final: no files matched glob pattern "20040624-1.c.t??.dom1"
ERROR: gcc.dg/tree-ssa/20041002-1.c: error executing dg-final: no files matched glob pattern "20041002-1.c.t??.ssa"
UNRESOLVED: gcc.dg/tree-ssa/20041002-1.c: error executing dg-final: no files matched glob pattern "20041002-1.c.t??.ssa"
ERROR: gcc.dg/tree-ssa/20050215-1.c: error executing dg-final: no files matched glob pattern "20050215-1.c.t??.optimized"
UNRESOLVED: gcc.dg/tree-ssa/20050215-1.c: error executing dg-final: no files matched glob pattern "20050215-1.c.t??.optimized"
ERROR: gcc.dg/tree-ssa/asm-1.c: error executing dg-final: no files matched glob pattern "asm-1.c.t??.optimized"
UNRESOLVED: gcc.dg/tree-ssa/asm-1.c: error executing dg-final: no files matched glob pattern "asm-1.c.t??.optimized"
ERROR: gcc.dg/tree-ssa/asm-2.c: error executing dg-final: no files matched glob pattern "asm-2.c.t??.optimized"
UNRESOLVED: gcc.dg/tree-ssa/asm-2.c: error executing dg-final: no files matched glob pattern "asm-2.c.t??.optimized"
ERROR: gcc.dg/tree-ssa/asm-3.c: error executing dg-final: no files matched glob pattern "asm-3.c.t??.optimized"
UNRESOLVED: gcc.dg/tree-ssa/asm-3.c: error executing dg-final: no files matched glob pattern "asm-3.c.t??.optimized"
ERROR: gcc.dg/tree-ssa/complex-1.c: error executing dg-final: no files matched glob pattern "complex-1.c.t??.optimized"
UNRESOLVED: gcc.dg/tree-ssa/complex-1.c: error executing dg-final: no files matched glob pattern "complex-1.c.t??.optimized"
ERROR: gcc.dg/tree-ssa/complex-2.c: error executing dg-final: no files matched glob pattern "complex-2.c.t??.optimized"
UNRESOLVED: gcc.dg/tree-ssa/complex-2.c: error executing dg-final: no files matched glob pattern "complex-2.c.t??.optimized"
ERROR: gcc.dg/tree-ssa/inline_asm-1.c: error executing dg-final: no files matched glob pattern "inline_asm-1.c.t??.optimized"
UNRESOLVED: gcc.dg/tree-ssa/inline_asm-1.c: error executing dg-final: no files matched glob pattern "inline_asm-1.c.t??.optimized"
ERROR: gcc.dg/tree-ssa/inline_asm-2.c: error executing dg-final: no files matched glob pattern "inline_asm-2.c.t??.alias1"
UNRESOLVED: gcc.dg/tree-ssa/inline_asm-2.c: error executing dg-final: no files matched glob pattern "inline_asm-2.c.t??.alias1"
ERROR: gcc.dg/tree-ssa/pr16721.c: error executing dg-final: no files matched glob pattern "pr16721.c.t??.optimized"
UNRESOLVED: gcc.dg/tree-ssa/pr16721.c: error executing dg-final: no files matched glob pattern "pr16721.c.t??.optimized"
ERROR: gcc.dg/tree-ssa/pr19633.c: error executing dg-final: no files matched glob pattern "pr19633.c.t??.ssa"
UNRESOLVED: gcc.dg/tree-ssa/pr19633.c: error executing dg-final: no files matched glob pattern "pr19633.c.t??.ssa"
ERROR: gcc.dg/tree-ssa/sra-1.c: error executing dg-final: no files matched glob pattern "sra-1.c.t??.optimized"
UNRESOLVED: gcc.dg/tree-ssa/sra-1.c: error executing dg-final: no files matched glob pattern "sra-1.c.t??.optimized"
ERROR: gcc.dg/tree-ssa/sra-2.c: error executing dg-final: no files matched glob pattern "sra-2.c.t??.optimized"
UNRESOLVED: gcc.dg/tree-ssa/sra-2.c: error executing dg-final: no files matched glob pattern "sra-2.c.t??.optimized"
ERROR: gcc.dg/tree-ssa/sra-3.c: error executing dg-final: no files matched glob pattern "sra-3.c.t??.optimized"
UNRESOLVED: gcc.dg/tree-ssa/sra-3.c: error executing dg-final: no files matched glob pattern "sra-3.c.t??.optimized"
ERROR: gcc.dg/tree-ssa/ssa-ccp-11.c: error executing dg-final: no files matched glob pattern "ssa-ccp-11.c.t??.optimized"
UNRESOLVED: gcc.dg/tree-ssa/ssa-ccp-11.c: error executing dg-final: no files matched glob pattern "ssa-ccp-11.c.t??.optimized"
FAIL: gcc.dg/tree-ssa/ssa-dce-2.c scan-tree-dump-times if 0
ERROR: gcc.dg/tree-ssa/tailrecursion-1.c: error executing dg-final: no files matched glob pattern "tailrecursion-1.c.t??.tailr"
UNRESOLVED: gcc.dg/tree-ssa/tailrecursion-1.c: error executing dg-final: no files matched glob pattern "tailrecursion-1.c.t??.tailr"
ERROR: gcc.dg/tree-ssa/tailrecursion-2.c: error executing dg-final: no files matched glob pattern "tailrecursion-2.c.t??.tailr"
UNRESOLVED: gcc.dg/tree-ssa/tailrecursion-2.c: error executing dg-final: no files matched glob pattern "tailrecursion-2.c.t??.tailr"
ERROR: gcc.dg/tree-ssa/tailrecursion-3.c: error executing dg-final: no files matched glob pattern "tailrecursion-3.c.t??.tailr"
UNRESOLVED: gcc.dg/tree-ssa/tailrecursion-3.c: error executing dg-final: no files matched glob pattern "tailrecursion-3.c.t??.tailr"
ERROR: gcc.dg/tree-ssa/tailrecursion-4.c: error executing dg-final: no files matched glob pattern "tailrecursion-4.c.t??.tailr"
UNRESOLVED: gcc.dg/tree-ssa/tailrecursion-4.c: error executing dg-final: no files matched glob pattern "tailrecursion-4.c.t??.tailr"
ERROR: gcc.dg/tree-ssa/tailrecursion-5.c: error executing dg-final: no files matched glob pattern "tailrecursion-5.c.t??.optimized"
UNRESOLVED: gcc.dg/tree-ssa/tailrecursion-5.c: error executing dg-final: no files matched glob pattern "tailrecursion-5.c.t??.optimized"
FAIL: gcc.dg/vect/vect-46.c scan-tree-dump-times vectorized 1 loops 1
FAIL: gcc.dg/vect/vect-50.c scan-tree-dump-times vectorized 1 loops 1
FAIL: gcc.dg/vect/vect-50.c scan-tree-dump-times Vectorizing an unaligned access 2
FAIL: gcc.dg/vect/vect-50.c scan-tree-dump-times Alignment of access forced using peeling 1
FAIL: gcc.dg/vect/vect-52.c scan-tree-dump-times vectorized 1 loops 1
FAIL: gcc.dg/vect/vect-52.c scan-tree-dump-times Vectorizing an unaligned access 2
FAIL: gcc.dg/vect/vect-58.c scan-tree-dump-times vectorized 1 loops 1
FAIL: gcc.dg/vect/vect-58.c scan-tree-dump-times Vectorizing an unaligned access 2
FAIL: gcc.dg/vect/vect-58.c scan-tree-dump-times Alignment of access forced using peeling 1
FAIL: gcc.dg/vect/vect-60.c scan-tree-dump-times vectorized 1 loops 1
FAIL: gcc.dg/vect/vect-60.c scan-tree-dump-times Vectorizing an unaligned access 2
FAIL: gcc.dg/vect/vect-87.c scan-tree-dump-times vectorized 1 loops 1
FAIL: gcc.dg/vect/vect-87.c scan-tree-dump-times Alignment of access forced using peeling 1
FAIL: gcc.dg/vect/vect-88.c scan-tree-dump-times vectorized 1 loops 1
FAIL: gcc.dg/vect/vect-88.c scan-tree-dump-times Alignment of access forced using peeling 1
FAIL: gcc.dg/vmx/varargs-1.c -O3 -fomit-frame-pointer (test for excess errors)
FAIL: gcc.dg/vmx/varargs-1.c -O3 -fomit-frame-pointer -funroll-loops (test for excess errors)
FAIL: gcc.dg/vmx/varargs-1.c -O3 -fomit-frame-pointer -funroll-all-loops -finline-functions (test for excess errors)
FAIL: gcc.dg/vmx/varargs-1.c -O3 -g (test for excess errors)
=== gcc Summary for unix/-m64 ===
# of expected passes 34473
# of unexpected failures 23
# of expected failures 99
# of unresolved testcases 48
# of untested testcases 28
# of unsupported tests 435
=== gcc Summary ===
# of expected passes 68959
# of unexpected failures 27
# of expected failures 191
# of unresolved testcases 96
# of untested testcases 56
# of unsupported tests 873
/home/gccbuild/build/nightly/build-gcc-treeprof/gcc/xgcc version 4.1.0-tree-profiling 20050301 (experimental)
=== objc tests ===
Running target unix/-m32
=== objc Summary for unix/-m32 ===
# of expected passes 1534
# of unsupported tests 10
Running target unix/-m64
=== objc Summary for unix/-m64 ===
# of expected passes 1534
# of unsupported tests 10
=== objc Summary ===
# of expected passes 3068
# of unsupported tests 20
/home/gccbuild/build/nightly/build-gcc-treeprof/gcc/xgcc version 4.1.0-tree-profiling 20050301 (experimental)
=== libmudflap tests ===
Running target unix/-m32
=== libmudflap Summary for unix/-m32 ===
# of expected passes 1288
Running target unix/-m64
FAIL: libmudflap.c/fail27-frag.c output pattern test
FAIL: libmudflap.c/fail27-frag.c (-O2) output pattern test
FAIL: libmudflap.c/fail27-frag.c (-O3) output pattern test
=== libmudflap Summary for unix/-m64 ===
# of expected passes 1285
# of unexpected failures 3
=== libmudflap Summary ===
# of expected passes 2573
# of unexpected failures 3
=== libstdc++-v3 check-abi Summary ===
# of added symbols: 65
# of missing symbols: 0
# of incompatible symbols: 0
using: /home/gccbuild/gcc_treeprof_anoncvs/gcc/libstdc++-v3/config/abi/powerpc-linux-gnu/baseline_symbols.txt
=== libstdc++ tests ===
Running target unix/-m32
XPASS: 22_locale/locale/cons/12658_thread-1.cc execution test
XPASS: 26_numerics/cmath/c99_classification_macros_c.cc (test for excess errors)
=== libstdc++ Summary for unix/-m32 ===
# of expected passes 3440
# of unexpected successes 2
# of expected failures 6
Running target unix/-m64
XPASS: 22_locale/locale/cons/12658_thread-1.cc execution test
FAIL: 22_locale/messages/members/char/1.cc execution test
FAIL: 22_locale/messages/members/char/2.cc execution test
FAIL: 22_locale/messages/members/char/wrapped_env.cc execution test
FAIL: 22_locale/messages/members/char/wrapped_locale.cc execution test
FAIL: 22_locale/messages_byname/named_equivalence.cc execution test
XPASS: 26_numerics/cmath/c99_classification_macros_c.cc (test for excess errors)
XPASS: 27_io/fpos/14320-1.cc execution test
XPASS: ext/array_allocator/2.cc execution test
=== libstdc++ Summary for unix/-m64 ===
# of expected passes 3432
# of unexpected failures 5
# of unexpected successes 4
# of expected failures 7
=== libstdc++ Summary ===
# of expected passes 6872
# of unexpected failures 5
# of unexpected successes 6
# of expected failures 13
Compiler version: 4.1.0-tree-profiling 20050301 (experimental)
Platform: powerpc64-unknown-linux-gnu
configure flags: --prefix=/opt/gcc-nightly/treeprof-20050314 --build=powerpc64-linux --host=powerpc64-linux --target=powerpc64-linux --with-cpu=default32 --with-as=/opt/gcc-nightly/binutils-2.15.94.0.2.2/bin/as --with-ld=/opt/gcc-nightly/binutils-2.15.94.0.2.2/bin/ld --enable-threads=posix --enable-shared --enable-__cxa_atexit --with-mpfr=/opt/gcc-nightly/gmp --enable-languages=c,c++,objc