This is the mail archive of the
gcc-testresults@gcc.gnu.org
mailing list for the GCC project.
Results for 4.1.0 20050312 (experimental) testsuite on i686-pc-linux-gnu
- From: dave at selway dot hia dot nrc dot ca (John David Anglin)
- To: dave at selway dot hia dot nrc dot ca, gcc-testresults at gcc dot gnu dot org
- Date: Sat, 12 Mar 2005 17:50:44 -0500
- Subject: Results for 4.1.0 20050312 (experimental) testsuite on i686-pc-linux-gnu
LAST_UPDATED: Sat Mar 12 20:04:03 UTC 2005
Native configuration is i686-pc-linux-gnu
=== gcc tests ===
Running target unix
WARNING: program timed out.
FAIL: gcc.c-torture/compile/20001226-1.c (test for excess errors)
XPASS: gcc.dg/vect/vect-22.c scan-tree-dump-times vectorized 3 loops 1
=== gcc Summary ===
# of expected passes 33437
# of unexpected failures 1
# of unexpected successes 1
# of expected failures 101
# of untested testcases 28
# of unsupported tests 322
/home/dave/gnu/gcc-4.0/objdir/gcc/xgcc version 4.1.0 20050312 (experimental)
=== gfortran tests ===
Running target unix
XPASS: gfortran.dg/ret_pointer_1.f90 execution test
XPASS: gfortran.dg/ret_pointer_1.f90 execution test
XPASS: gfortran.dg/ret_pointer_1.f90 execution test
XPASS: gfortran.dg/ret_pointer_1.f90 execution test
XPASS: gfortran.dg/ret_pointer_1.f90 execution test
FAIL: gfortran.fortran-torture/execute/forall_3.f90 execution, -O1
=== gfortran Summary ===
# of expected passes 5471
# of unexpected failures 1
# of unexpected successes 5
# of expected failures 21
/home/dave/gnu/gcc-4.0/objdir/gcc/testsuite/../gfortran version 4.1.0 20050312 (experimental)
=== g++ tests ===
Running target unix
XPASS: g++.old-deja/g++.other/init5.C execution test
=== g++ Summary ===
# of expected passes 10796
# of unexpected successes 1
# of expected failures 70
# of unsupported tests 56
/home/dave/gnu/gcc-4.0/objdir/gcc/testsuite/../g++ version 4.1.0 20050312 (experimental)
=== objc tests ===
Running target unix
=== objc Summary ===
# of expected passes 1534
# of unsupported tests 10
/home/dave/gnu/gcc-4.0/objdir/gcc/xgcc version 4.1.0 20050312 (experimental)
=== libffi tests ===
Running target unix
=== libffi Summary ===
# of expected passes 219
# of unsupported tests 2
=== libjava tests ===
Running target unix
=== libjava Summary ===
# of expected passes 3788
# of expected failures 10
# of untested testcases 8
=== libmudflap tests ===
Running target unix
FAIL: libmudflap.cth/pass40-frag.c execution test
FAIL: libmudflap.cth/pass40-frag.c output pattern test
FAIL: libmudflap.cth/pass40-frag.c (-O2) execution test
FAIL: libmudflap.cth/pass40-frag.c (-O2) output pattern test
FAIL: libmudflap.cth/pass40-frag.c (-O3) execution test
FAIL: libmudflap.cth/pass40-frag.c (-O3) output pattern test
=== libmudflap Summary ===
# of expected passes 1282
# of unexpected failures 6
=== libstdc++-v3 check-abi Summary ===
# of added symbols: 56
# of missing symbols: 0
# of incompatible symbols: 0
using: /home/dave/gnu/gcc-4.0/gcc/libstdc++-v3/config/abi/i486-linux-gnu/baseline_symbols.txt
=== libstdc++ tests ===
Running target unix
FAIL: 22_locale/messages/members/char/1.cc execution test
FAIL: 22_locale/messages/members/char/2.cc execution test
FAIL: 22_locale/messages/members/char/wrapped_env.cc execution test
FAIL: 22_locale/messages/members/char/wrapped_locale.cc execution test
FAIL: 22_locale/messages_byname/named_equivalence.cc execution test
XPASS: 26_numerics/cmath/c99_classification_macros_c.cc (test for excess errors)
=== libstdc++ Summary ===
# of expected passes 3613
# of unexpected failures 5
# of unexpected successes 1
# of expected failures 8
Compiler version: 4.1.0 20050312 (experimental)
Platform: i686-pc-linux-gnu
configure flags: --with-gnu-as --with-gnu-ld --disable-nls --enable-shared --prefix=/home/dave/opt/gnu/gcc/gcc-4.1.0 --with-local-prefix=/home/dave/opt/gnu --enable-threads=posix --enable-__cxa_atexit --enable-clocale=gnu --enable-java-gc=boehm --with-jacks --enable-java-awt=xlib --enable-languages=c,c++,f95,java,objc