This is the mail archive of the
gcc-testresults@gcc.gnu.org
mailing list for the GCC project.
Results for 4.1.0 20050311 (experimental) testsuite on hppa2.0w-hp-hpux11.00
- From: John David Anglin <dave at hiauly2 dot hia dot nrc dot ca>
- To: dave at hiauly2 dot hia dot nrc dot ca, gcc-testresults at gcc dot gnu dot org
- Date: Sat, 12 Mar 2005 10:11:02 -0500 (EST)
- Subject: Results for 4.1.0 20050311 (experimental) testsuite on hppa2.0w-hp-hpux11.00
LAST_UPDATED: Fri Mar 11 00:36:22 UTC 2005
Native configuration is hppa2.0w-hp-hpux11.00
=== g++ tests ===
Running target unix
WARNING: program timed out.
FAIL: g++.dg/eh/cleanup1.C (test for excess errors)
=== g++ Summary ===
# of expected passes 10447
# of unexpected failures 1
# of expected failures 71
# of unsupported tests 128
/xxx/gnu/gcc-3.4/objdir/gcc/testsuite/../g++ version 4.1.0 20050311 (experimental)
=== gcc tests ===
Running target unix
XPASS: gcc.dg/const-elim-1.c scan-assembler-not L\\\\\$?C[^A-Z]
FAIL: gcc.dg/pr15784-4.c scan-tree-dump ~x;
FAIL: gcc.dg/pr15784-4.c scan-tree-dump -x;
FAIL: gcc.dg/special/weak-1.c execution test
=== gcc Summary ===
# of expected passes 32111
# of unexpected failures 3
# of unexpected successes 1
# of expected failures 76
# of untested testcases 28
# of unsupported tests 535
/xxx/gnu/gcc-3.4/objdir/gcc/xgcc version 4.1.0 20050311 (experimental)
=== objc tests ===
Running target unix
=== objc Summary ===
# of expected passes 1532
# of unsupported tests 11
/xxx/gnu/gcc-3.4/objdir/gcc/xgcc version 4.1.0 20050311 (experimental)
=== libstdc++ tests ===
Running target unix
=== libstdc++ Summary ===
# of expected passes 2520
# of expected failures 7
Compiler version: 4.1.0 20050311 (experimental)
Platform: hppa2.0w-hp-hpux11.00
configure flags: --with-gnu-as --with-as=/opt/gnu/bin/as --enable-shared --with-local-prefix=/opt/gnu --prefix=/opt/gnu/gcc/gcc-4.1.0 --enable-debug=no --disable-nls --enable-languages=c,c++,java,objc