This is the mail archive of the gcc-testresults@gcc.gnu.org mailing list for the GCC project.
Index Nav: | [Date Index] [Subject Index] [Author Index] [Thread Index] | |
---|---|---|
Message Nav: | [Date Prev] [Date Next] | [Thread Prev] [Thread Next] |
Other format: | [Raw text] |
LAST_UPDATED: Tue Mar 8 00:39:30 UTC 2005 Native configuration is sparc-sun-solaris2.9 === g++ tests === Running target unix/-m64 === g++ Summary for unix/-m64 === # of expected passes 10602 # of expected failures 71 # of unsupported tests 143 Running target unix === g++ Summary for unix === # of expected passes 10634 # of expected failures 71 # of unsupported tests 141 === g++ Summary === # of expected passes 21236 # of expected failures 142 # of unsupported tests 284 /export/users/lucier/programs/gcc/mainline/objdir/gcc/testsuite/../g++ version 4.1.0 20050308 (experimental) === gcc tests === Running target unix/-m64 FAIL: gcc.dg/pr15784-4.c scan-tree-dump ~x; FAIL: gcc.dg/pr15784-4.c scan-tree-dump -x; === gcc Summary for unix/-m64 === # of expected passes 34024 # of unexpected failures 2 # of expected failures 107 # of untested testcases 28 # of unsupported tests 518 Running target unix FAIL: gcc.dg/pr15784-4.c scan-tree-dump ~x; FAIL: gcc.dg/pr15784-4.c scan-tree-dump -x; === gcc Summary for unix === # of expected passes 34029 # of unexpected failures 2 # of expected failures 107 # of untested testcases 28 # of unsupported tests 516 === gcc Summary === # of expected passes 68053 # of unexpected failures 4 # of expected failures 214 # of untested testcases 56 # of unsupported tests 1034 /export/users/lucier/programs/gcc/mainline/objdir/gcc/xgcc version 4.1.0 20050308 (experimental) === gfortran tests === Running target unix/-m64 XPASS: gfortran.dg/ret_pointer_1.f90 execution test XPASS: gfortran.dg/ret_pointer_1.f90 execution test XPASS: gfortran.dg/ret_pointer_1.f90 execution test XPASS: gfortran.dg/ret_pointer_1.f90 execution test XPASS: gfortran.dg/ret_pointer_1.f90 execution test XPASS: gfortran.dg/ret_pointer_1.f90 execution test XPASS: gfortran.dg/ret_pointer_1.f90 execution test XPASS: gfortran.dg/ret_pointer_1.f90 execution test FAIL: gfortran.fortran-torture/execute/forall_3.f90 execution, -O0 FAIL: gfortran.fortran-torture/execute/forall_3.f90 execution, -O1 === gfortran Summary for unix/-m64 === # of expected passes 5438 # of unexpected failures 2 # of unexpected successes 8 # of expected failures 18 # of unsupported tests 8 Running target unix XPASS: gfortran.dg/ret_pointer_1.f90 execution test XPASS: gfortran.dg/ret_pointer_1.f90 execution test XPASS: gfortran.dg/ret_pointer_1.f90 execution test XPASS: gfortran.dg/ret_pointer_1.f90 execution test XPASS: gfortran.dg/ret_pointer_1.f90 execution test XPASS: gfortran.dg/ret_pointer_1.f90 execution test XPASS: gfortran.dg/ret_pointer_1.f90 execution test FAIL: gfortran.fortran-torture/execute/forall_3.f90 execution, -O1 === gfortran Summary for unix === # of expected passes 5439 # of unexpected failures 1 # of unexpected successes 7 # of expected failures 19 # of unsupported tests 8 === gfortran Summary === # of expected passes 10877 # of unexpected failures 3 # of unexpected successes 15 # of expected failures 37 # of unsupported tests 16 /export/users/lucier/programs/gcc/mainline/objdir/gcc/testsuite/../gfortran version 4.1.0 20050308 (experimental) === objc tests === Running target unix/-m64 === objc Summary for unix/-m64 === # of expected passes 1534 # of unsupported tests 10 Running target unix === objc Summary for unix === # of expected passes 1534 # of unsupported tests 10 === objc Summary === # of expected passes 3068 # of unsupported tests 20 /export/users/lucier/programs/gcc/mainline/objdir/gcc/xgcc version 4.1.0 20050308 (experimental) === libffi tests === Running target unix/-m64 === libffi Summary for unix/-m64 === # of expected passes 219 # of unsupported tests 2 Running target unix === libffi Summary for unix === # of expected passes 219 # of unsupported tests 2 === libffi Summary === # of expected passes 438 # of unsupported tests 4 === libjava tests === Running target unix/-m64 FAIL: PR16923.c compilation FAIL: Array_3 execution - gij test FAIL: Array_3 execution - gij test FAIL: FileHandleGcTest execution - source compiled test FAIL: FileHandleGcTest execution - gij test FAIL: FileHandleGcTest execution - bytecode->native test FAIL: FileHandleGcTest -O3 execution - source compiled test FAIL: FileHandleGcTest execution - gij test FAIL: FileHandleGcTest -O3 execution - bytecode->native test FAIL: Throw_2 execution - gij test FAIL: Throw_2 execution - gij test XPASS: pr13107_2 compilation from bytecode XPASS: pr13107_2 -O3 compilation from bytecode XPASS: pr13107_3 compilation from bytecode XPASS: pr13107_3 -O3 compilation from bytecode === libjava Summary for unix/-m64 === # of expected passes 3758 # of unexpected failures 11 # of unexpected successes 4 # of expected failures 10 # of untested testcases 18 Running target unix FAIL: PR16923.c compilation FAIL: Array_3 execution - gij test FAIL: Array_3 execution - gij test FAIL: FileHandleGcTest execution - source compiled test FAIL: FileHandleGcTest execution - gij test FAIL: FileHandleGcTest execution - bytecode->native test FAIL: FileHandleGcTest -O3 execution - source compiled test FAIL: FileHandleGcTest execution - gij test FAIL: FileHandleGcTest -O3 execution - bytecode->native test XPASS: pr13107_2 compilation from bytecode XPASS: pr13107_2 -O3 compilation from bytecode XPASS: pr13107_3 compilation from bytecode XPASS: pr13107_3 -O3 compilation from bytecode === libjava Summary for unix === # of expected passes 3762 # of unexpected failures 9 # of unexpected successes 4 # of expected failures 10 # of untested testcases 16 === libjava Summary === # of expected passes 7520 # of unexpected failures 20 # of unexpected successes 8 # of expected failures 20 # of untested testcases 34 === libstdc++ tests === Running target unix/-m64 FAIL: 22_locale/num_put/put/char/14220.cc execution test FAIL: 22_locale/num_put/put/wchar_t/14220.cc execution test === libstdc++ Summary for unix/-m64 === # of expected passes 3615 # of unexpected failures 2 # of expected failures 10 Running target unix FAIL: 22_locale/num_put/put/wchar_t/14220.cc execution test === libstdc++ Summary for unix === # of expected passes 3616 # of unexpected failures 1 # of expected failures 10 === libstdc++ Summary === # of expected passes 7231 # of unexpected failures 3 # of expected failures 20 Compiler version: 4.1.0 20050308 (experimental) Platform: sparc-sun-solaris2.9 configure flags: --host=sparc-sun-solaris2.9 --build=sparc-sun-solaris2.9 --target=sparc-sun-solaris2.9 --prefix=/export/users/lucier/local/gcc-mainline --with-gmp=/pkgs/gmp-4.1.4 --with-mpfr=/pkgs/gmp-4.1.4 --enable-languages=c,c++,f95,java,objc BOOT_CFLAGS=-g -O2 Counting all warnings, there are 27 warnings in stage3 of this bootstrap. Number of warnings per file: 8 gcc/unwind-dw2.c 5 /pkgs/gnu/share/bison.simple 3 gengtype-lex.c 3 gcc/gcc.c 2 gcc/objc/lang-specs.h 1 gcc/java/parse.y 1 gcc/java/jvspec.c 1 gcc/fortran/trans-common.c 1 gcc/fortran/simplify.c 1 gcc/fortran/resolve.c 1 gcc/fortran/expr.c Number of warning types: 6 old-style function definition 4 missing braces around initializer 4 control may reach end of non-void function '__gmpz_get_ui' being inlined 4 (near initialization for 'once_regsizes.__pthread_once_pad') 2 comparison between signed and unsigned 1 unused variable 'wfl' 1 string length '844' is greater than the length '509' ISO C89 compilers are required to support 1 string length '834' is greater than the length '509' ISO C89 compilers are required to support 1 string length '783' is greater than the length '509' ISO C89 compilers are required to support 1 string length '643' is greater than the length '509' ISO C89 compilers are required to support 1 string length '608' is greater than the length '509' ISO C89 compilers are required to support 1 string length '535' is greater than the length '509' ISO C89 compilers are required to support
Index Nav: | [Date Index] [Subject Index] [Author Index] [Thread Index] | |
---|---|---|
Message Nav: | [Date Prev] [Date Next] | [Thread Prev] [Thread Next] |