This is the mail archive of the
gcc-testresults@gcc.gnu.org
mailing list for the GCC project.
Results for 4.1.0 20050308 (experimental) testsuite on hppa2.0w-hp-hpux11.11
- From: CodeSourcery Automatic Testing System <gcc at codesourcery dot com>
- To: gcc-testresults at gcc dot gnu dot org
- Date: Tue, 8 Mar 2005 07:17:06 -0800
- Subject: Results for 4.1.0 20050308 (experimental) testsuite on hppa2.0w-hp-hpux11.11
LAST_UPDATED: Tue Mar 8 09:06:58 UTC 2005
Native configuration is hppa2.0w-hp-hpux11.11
=== g++ tests ===
Running target unix
=== g++ Summary ===
# of expected passes 10439
# of expected failures 71
# of unsupported tests 152
/scratch/gcc/nightly-2005-03-08-mainline/hppa2.0w-hp-hpux11.11/build_gcc/build/gcc/testsuite/../g++ version 4.1.0 20050308 (experimental)
=== gcc tests ===
Running target unix
XPASS: gcc.dg/const-elim-1.c scan-assembler-not L\\\\\$?C[^A-Z]
FAIL: gcc.dg/pr15784-4.c scan-tree-dump ~x;
FAIL: gcc.dg/pr15784-4.c scan-tree-dump -x;
FAIL: gcc.dg/special/weak-1.c execution test
FAIL: gcc.dg/tree-ssa/20030728-1.c scan-tree-dump-times = 0 3
=== gcc Summary ===
# of expected passes 33317
# of unexpected failures 4
# of unexpected successes 1
# of expected failures 76
# of untested testcases 28
# of unsupported tests 522
/scratch/gcc/nightly-2005-03-08-mainline/hppa2.0w-hp-hpux11.11/build_gcc/build/gcc/xgcc version 4.1.0 20050308 (experimental)
=== libstdc++ tests ===
Running target unix
=== libstdc++ Summary ===
# of expected passes 3581
# of expected failures 8
# of unsupported tests 19
Compiler version: 4.1.0 20050308 (experimental)
Platform: hppa2.0w-hp-hpux11.11
configure flags: --prefix=/scratch/gcc/nightly-2005-03-08-mainline/hppa2.0w-hp-hpux11.11/build_gcc/install --enable-threads --disable-libmudflap --with-libiconv-prefix=/usr/local --with-gnu-as --with-as=/usr/local/tools/gcc-3.3.1/bin/as --enable-languages=c,c++