This is the mail archive of the gcc-testresults@gcc.gnu.org mailing list for the GCC project.
Index Nav: | [Date Index] [Subject Index] [Author Index] [Thread Index] | |
---|---|---|
Message Nav: | [Date Prev] [Date Next] | [Thread Prev] [Thread Next] |
Other format: | [Raw text] |
LAST_UPDATED: Sun Mar 6 00:53:57 UTC 2005 Native configuration is x86_64-unknown-linux-gnu === gcc tests === Running target unix FAIL: gcc.dg/pr15784-4.c scan-tree-dump ~x; FAIL: gcc.dg/pr15784-4.c scan-tree-dump -x; XPASS: gcc.dg/vect/vect-22.c scan-tree-dump-times vectorized 3 loops 1 === gcc Summary === # of expected passes 33069 # of unexpected failures 2 # of unexpected successes 1 # of expected failures 105 # of untested testcases 28 # of unsupported tests 420 /usr/src/GCC/build-4.0/gcc/xgcc version 4.1.0 20050306 (experimental) === gfortran tests === Running target unix XPASS: gfortran.dg/ret_pointer_1.f90 -O0 execution test XPASS: gfortran.dg/ret_pointer_1.f90 -O1 execution test XPASS: gfortran.dg/ret_pointer_1.f90 -O2 execution test XPASS: gfortran.dg/ret_pointer_1.f90 -O3 -fomit-frame-pointer execution test XPASS: gfortran.dg/ret_pointer_1.f90 -O3 -fomit-frame-pointer -funroll-loops execution test XPASS: gfortran.dg/ret_pointer_1.f90 -O3 -fomit-frame-pointer -funroll-all-loops -finline-functions execution test XPASS: gfortran.dg/ret_pointer_1.f90 -O3 -g execution test XPASS: gfortran.dg/ret_pointer_1.f90 -Os execution test FAIL: gfortran.fortran-torture/execute/forall_3.f90 execution, -O2 FAIL: gfortran.fortran-torture/execute/forall_3.f90 execution, -O3 -fomit-frame-pointer FAIL: gfortran.fortran-torture/execute/forall_3.f90 execution, -O3 -fomit-frame-pointer -funroll-loops FAIL: gfortran.fortran-torture/execute/forall_3.f90 execution, -O3 -fomit-frame-pointer -funroll-all-loops -finline-functions FAIL: gfortran.fortran-torture/execute/forall_3.f90 execution, -O3 -g FAIL: gfortran.fortran-torture/execute/forall_3.f90 execution, -Os === gfortran Summary === # of expected passes 5434 # of unexpected failures 6 # of unexpected successes 8 # of expected failures 18 # of unsupported tests 8 /usr/src/GCC/build-4.0/gcc/testsuite/../gfortran version 4.1.0 20050306 (experimental) === g++ tests === Running target unix === g++ Summary === # of expected passes 10687 # of expected failures 71 # of unsupported tests 90 /usr/src/GCC/build-4.0/gcc/testsuite/../g++ version 4.1.0 20050306 (experimental) === objc tests === Running target unix === objc Summary === # of expected passes 1534 # of unsupported tests 10 /usr/src/GCC/build-4.0/gcc/xgcc version 4.1.0 20050306 (experimental) === libffi tests === Running target unix === libffi Summary === # of expected passes 219 # of unsupported tests 2 === libjava tests === Running target unix === libjava Summary === # of expected passes 3772 # of expected failures 14 # of untested testcases 16 === libmudflap tests === Running target unix === libmudflap Summary === # of expected passes 1288 === libstdc++-v3 check-abi Summary === # of added symbols: 56 # of missing symbols: 0 # of incompatible symbols: 0 using: /usr/src/GCC/gcc-4.0/libstdc++-v3/config/abi/x86_64-linux-gnu/baseline_symbols.txt === libstdc++ tests === Running target unix XPASS: 22_locale/locale/cons/12658_thread-1.cc execution test XPASS: 26_numerics/cmath/c99_classification_macros_c.cc (test for excess errors) XPASS: 27_io/fpos/14320-1.cc execution test === libstdc++ Summary === # of expected passes 3617 # of unexpected successes 3 # of expected failures 7 Compiler version: 4.1.0 20050306 (experimental) Platform: x86_64-unknown-linux-gnu configure flags: --with-system-zlib --enable-nls --without-included-gettext --enable-languages=c,c++,f95,java,objc
Index Nav: | [Date Index] [Subject Index] [Author Index] [Thread Index] | |
---|---|---|
Message Nav: | [Date Prev] [Date Next] | [Thread Prev] [Thread Next] |