This is the mail archive of the
gcc-testresults@gcc.gnu.org
mailing list for the GCC project.
Results for 3.4.4 20050304 (prerelease) testsuite on i686-pc-linux-gnu
- From: CodeSourcery Automatic Testing System <gcc at codesourcery dot com>
- To: gcc-testresults at gcc dot gnu dot org
- Date: Fri, 4 Mar 2005 17:24:00 -0800
- Subject: Results for 3.4.4 20050304 (prerelease) testsuite on i686-pc-linux-gnu
LAST_UPDATED: Fri Mar 4 09:15:24 UTC 2005
Native configuration is i686-pc-linux-gnu
=== g++ tests ===
Running target unix
XPASS: g++.dg/rtti/tinfo1.C scan-assembler _ZTIP9CTemplateIhE:
XPASS: g++.dg/rtti/tinfo1.C scan-assembler-not .globl[ \\t]+_ZTIP9CTemplateIhE
WARNING: g++.old-deja/g++.mike/p10769a.C compilation failed to produce executable
WARNING: g++.old-deja/g++.other/enum5.C compilation failed to produce executable
WARNING: g++.old-deja/g++.pt/friend44.C compilation failed to produce executable
=== g++ Summary ===
# of expected passes 9827
# of unexpected successes 2
# of expected failures 72
# of unsupported tests 43
/scratch/gcc/nightly-2005-03-04-3.4/i686-pc-linux-gnu/build_gcc/build/gcc/testsuite/../g++ version 3.4.4 20050304 (prerelease)
=== gcc tests ===
Running target unix
FAIL: gcc.c-torture/execute/va-arg-25.c execution, -Os
=== gcc Summary ===
# of expected passes 25034
# of unexpected failures 1
# of expected failures 69
# of untested testcases 7
# of unsupported tests 201
/scratch/gcc/nightly-2005-03-04-3.4/i686-pc-linux-gnu/build_gcc/build/gcc/xgcc version 3.4.4 20050304 (prerelease)
=== libstdc++ tests ===
Running target unix
XPASS: 26_numerics/c99_classification_macros_c.cc (test for excess errors)
=== libstdc++ Summary ===
# of expected passes 2735
# of unexpected successes 1
# of expected failures 6
Compiler version: 3.4.4 20050304 (prerelease)
Platform: i686-pc-linux-gnu
configure flags: --prefix=/home/gcc/scratch/nightly-2005-03-04-3.4/i686-pc-linux-gnu/build_gcc/install --enable-languages=c,c++ --enable-threads