This is the mail archive of the
gcc-testresults@gcc.gnu.org
mailing list for the GCC project.
Results for 4.1.0-tcb (merged 20050223) testsuite on powerpc64-unknown-linux-gnu
- From: Janis Johnson <janis187 at us dot ibm dot com>
- To: gcc-testresults at gcc dot gnu dot org
- Date: Fri, 4 Mar 2005 08:52:44 -0800
- Subject: Results for 4.1.0-tcb (merged 20050223) testsuite on powerpc64-unknown-linux-gnu
Linux 2.4.21-17.EL ppc64
GNU C Library stable release version 2.3.2
GNU ld version 2.15
GNU assembler 2.15
GNU Make version 3.79.1
DejaGnu:
Expect version is 5.40.0
Tcl version is 8.4
Framework version is 1.4.4
32-bit biarch default32
CVS branch: tree-cleanup-branch
This hardware does not support VMX instructions.
LAST_UPDATED: Fri Mar 4 12:14:03 UTC 2005
Native configuration is powerpc64-unknown-linux-gnu
=== g++ tests ===
Running target unix/-m32
FAIL: g++.dg/opt/static3.C (test for excess errors)
FAIL: g++.dg/parse/constant7.C (test for excess errors)
FAIL: g++.dg/parse/error26.C (test for errors, line 6)
FAIL: g++.dg/parse/error26.C (test for errors, line 11)
FAIL: g++.dg/parse/error26.C (test for excess errors)
FAIL: g++.dg/parse/error27.C (test for excess errors)
FAIL: g++.dg/template/qualttp15.C (test for errors, line 20)
FAIL: g++.dg/template/qualttp15.C (test for excess errors)
FAIL: g++.dg/template/recurse.C (test for excess errors)
FAIL: g++.dg/tree-ssa/pr19952.C (test for excess errors)
FAIL: g++.old-deja/g++.other/struct1.C (test for errors, line 12)
FAIL: g++.old-deja/g++.other/struct1.C (test for errors, line 19)
FAIL: g++.old-deja/g++.other/struct1.C (test for errors, line 26)
FAIL: g++.old-deja/g++.other/struct1.C (test for errors, line 33)
FAIL: g++.old-deja/g++.other/struct1.C (test for errors, line 40)
FAIL: g++.old-deja/g++.other/struct1.C (test for excess errors)
=== g++ Summary for unix/-m32 ===
# of expected passes 10769
# of unexpected failures 16
# of expected failures 70
# of unsupported tests 76
Running target unix/-m64
FAIL: g++.dg/parse/constant7.C (test for excess errors)
FAIL: g++.dg/parse/error26.C (test for errors, line 6)
FAIL: g++.dg/parse/error26.C (test for errors, line 11)
FAIL: g++.dg/parse/error26.C (test for excess errors)
FAIL: g++.dg/parse/error27.C (test for excess errors)
FAIL: g++.dg/template/qualttp15.C (test for errors, line 20)
FAIL: g++.dg/template/qualttp15.C (test for excess errors)
FAIL: g++.dg/template/recurse.C (test for excess errors)
FAIL: g++.dg/tree-ssa/pr19952.C (test for excess errors)
FAIL: g++.old-deja/g++.other/struct1.C (test for errors, line 12)
FAIL: g++.old-deja/g++.other/struct1.C (test for errors, line 19)
FAIL: g++.old-deja/g++.other/struct1.C (test for errors, line 26)
FAIL: g++.old-deja/g++.other/struct1.C (test for errors, line 33)
FAIL: g++.old-deja/g++.other/struct1.C (test for errors, line 40)
FAIL: g++.old-deja/g++.other/struct1.C (test for excess errors)
=== g++ Summary for unix/-m64 ===
# of expected passes 10732
# of unexpected failures 15
# of expected failures 70
# of unsupported tests 79
=== g++ Summary ===
# of expected passes 21501
# of unexpected failures 31
# of expected failures 140
# of unsupported tests 155
/home/gccbuild/build/nightly/build-gcc-treecleanup/gcc/testsuite/../g++ version 4.1.0-tcb (merged 20050223)
=== gcc tests ===
Running target unix/-m32
FAIL: gcc.c-torture/execute/20030216-1.c compilation, -O1
UNRESOLVED: gcc.c-torture/execute/20030216-1.c execution, -O1
FAIL: gcc.c-torture/execute/20030216-1.c compilation, -O2
UNRESOLVED: gcc.c-torture/execute/20030216-1.c execution, -O2
FAIL: gcc.c-torture/execute/20030216-1.c compilation, -O3 -fomit-frame-pointer
UNRESOLVED: gcc.c-torture/execute/20030216-1.c execution, -O3 -fomit-frame-pointer
FAIL: gcc.c-torture/execute/20030216-1.c compilation, -O3 -g
UNRESOLVED: gcc.c-torture/execute/20030216-1.c execution, -O3 -g
FAIL: gcc.c-torture/execute/20030216-1.c compilation, -Os
UNRESOLVED: gcc.c-torture/execute/20030216-1.c execution, -Os
FAIL: gcc.dg/pr17635.c (test for excess errors)
FAIL: gcc.dg/pr18501.c conditional in loop (test for warnings, line 12)
XPASS: gcc.dg/uninit-5.c uninitialized variable warning (test for bogus messages, line 12)
XPASS: gcc.dg/uninit-5.c uninitialized variable warning (test for bogus messages, line 26)
XPASS: gcc.dg/uninit-9.c uninitialized variable warning (test for bogus messages, line 26)
XPASS: gcc.dg/vect/vect-67.c scan-tree-dump-times vectorized 1 loops 1
=== gcc Summary for unix/-m32 ===
# of expected passes 34478
# of unexpected failures 7
# of unexpected successes 4
# of expected failures 97
# of unresolved testcases 5
# of untested testcases 28
# of unsupported tests 436
Running target unix/-m64
FAIL: gcc.c-torture/execute/20030216-1.c compilation, -O1
UNRESOLVED: gcc.c-torture/execute/20030216-1.c execution, -O1
FAIL: gcc.c-torture/execute/20030216-1.c compilation, -O2
UNRESOLVED: gcc.c-torture/execute/20030216-1.c execution, -O2
FAIL: gcc.c-torture/execute/20030216-1.c compilation, -O3 -fomit-frame-pointer
UNRESOLVED: gcc.c-torture/execute/20030216-1.c execution, -O3 -fomit-frame-pointer
FAIL: gcc.c-torture/execute/20030216-1.c compilation, -O3 -g
UNRESOLVED: gcc.c-torture/execute/20030216-1.c execution, -O3 -g
FAIL: gcc.c-torture/execute/20030216-1.c compilation, -Os
UNRESOLVED: gcc.c-torture/execute/20030216-1.c execution, -Os
FAIL: gcc.dg/pr17635.c (test for excess errors)
FAIL: gcc.dg/pr18501.c conditional in loop (test for warnings, line 12)
XPASS: gcc.dg/uninit-4.c uninitialized variable warning PR19833 (test for bogus messages, line 26)
XPASS: gcc.dg/uninit-5.c uninitialized variable warning (test for bogus messages, line 12)
XPASS: gcc.dg/uninit-5.c uninitialized variable warning (test for bogus messages, line 26)
XPASS: gcc.dg/uninit-9.c uninitialized variable warning (test for bogus messages, line 26)
XPASS: gcc.dg/vect/vect-67.c scan-tree-dump-times vectorized 1 loops 1
=== gcc Summary for unix/-m64 ===
# of expected passes 34484
# of unexpected failures 7
# of unexpected successes 5
# of expected failures 103
# of unresolved testcases 5
# of untested testcases 28
# of unsupported tests 433
=== gcc Summary ===
# of expected passes 68962
# of unexpected failures 14
# of unexpected successes 9
# of expected failures 200
# of unresolved testcases 10
# of untested testcases 56
# of unsupported tests 869
/home/gccbuild/build/nightly/build-gcc-treecleanup/gcc/xgcc version 4.1.0-tcb (merged 20050223)
=== gfortran tests ===
Running target unix/-m32
FAIL: gfortran.dg/list_read_4.f90 -O0 (test for excess errors)
WARNING: gfortran.dg/list_read_4.f90 -O0 compilation failed to produce executable
FAIL: gfortran.dg/list_read_4.f90 -O1 (test for excess errors)
WARNING: gfortran.dg/list_read_4.f90 -O1 compilation failed to produce executable
FAIL: gfortran.dg/list_read_4.f90 -O2 (test for excess errors)
WARNING: gfortran.dg/list_read_4.f90 -O2 compilation failed to produce executable
FAIL: gfortran.dg/list_read_4.f90 -O3 -fomit-frame-pointer (test for excess errors)
WARNING: gfortran.dg/list_read_4.f90 -O3 -fomit-frame-pointer compilation failed to produce executable
FAIL: gfortran.dg/list_read_4.f90 -O3 -fomit-frame-pointer -funroll-loops (test for excess errors)
WARNING: gfortran.dg/list_read_4.f90 -O3 -fomit-frame-pointer -funroll-loops compilation failed to produce executable
FAIL: gfortran.dg/list_read_4.f90 -O3 -fomit-frame-pointer -funroll-all-loops -finline-functions (test for excess errors)
WARNING: gfortran.dg/list_read_4.f90 -O3 -fomit-frame-pointer -funroll-all-loops -finline-functions compilation failed to produce executable
FAIL: gfortran.dg/list_read_4.f90 -O3 -g (test for excess errors)
WARNING: gfortran.dg/list_read_4.f90 -O3 -g compilation failed to produce executable
FAIL: gfortran.dg/list_read_4.f90 -Os (test for excess errors)
WARNING: gfortran.dg/list_read_4.f90 -Os compilation failed to produce executable
XPASS: gfortran.dg/ret_pointer_1.f90 -O0 execution test
XPASS: gfortran.dg/ret_pointer_1.f90 -O1 execution test
FAIL: gfortran.dg/g77/dnrm2.f -O1 execution test
FAIL: gfortran.dg/g77/dnrm2.f -O2 execution test
FAIL: gfortran.dg/g77/dnrm2.f -O3 -fomit-frame-pointer execution test
FAIL: gfortran.dg/g77/dnrm2.f -O3 -fomit-frame-pointer -funroll-loops execution test
FAIL: gfortran.dg/g77/dnrm2.f -O3 -fomit-frame-pointer -funroll-all-loops -finline-functions execution test
FAIL: gfortran.dg/g77/dnrm2.f -O3 -g execution test
FAIL: gfortran.dg/g77/dnrm2.f -Os execution test
FAIL: gfortran.fortran-torture/execute/forall_3.f90 execution, -O1
FAIL: gfortran.fortran-torture/execute/forall_3.f90 execution, -O2
FAIL: gfortran.fortran-torture/execute/forall_3.f90 execution, -O3 -fomit-frame-pointer
FAIL: gfortran.fortran-torture/execute/forall_3.f90 execution, -O3 -g
FAIL: gfortran.fortran-torture/execute/forall_3.f90 execution, -Os
=== gfortran Summary for unix/-m32 ===
# of expected passes 5287
# of unexpected failures 20
# of unexpected successes 2
# of expected failures 24
# of unsupported tests 8
Running target unix/-m64
FAIL: gfortran.dg/list_read_4.f90 -O0 (test for excess errors)
WARNING: gfortran.dg/list_read_4.f90 -O0 compilation failed to produce executable
FAIL: gfortran.dg/list_read_4.f90 -O1 (test for excess errors)
WARNING: gfortran.dg/list_read_4.f90 -O1 compilation failed to produce executable
FAIL: gfortran.dg/list_read_4.f90 -O2 (test for excess errors)
WARNING: gfortran.dg/list_read_4.f90 -O2 compilation failed to produce executable
FAIL: gfortran.dg/list_read_4.f90 -O3 -fomit-frame-pointer (test for excess errors)
WARNING: gfortran.dg/list_read_4.f90 -O3 -fomit-frame-pointer compilation failed to produce executable
FAIL: gfortran.dg/list_read_4.f90 -O3 -fomit-frame-pointer -funroll-loops (test for excess errors)
WARNING: gfortran.dg/list_read_4.f90 -O3 -fomit-frame-pointer -funroll-loops compilation failed to produce executable
FAIL: gfortran.dg/list_read_4.f90 -O3 -fomit-frame-pointer -funroll-all-loops -finline-functions (test for excess errors)
WARNING: gfortran.dg/list_read_4.f90 -O3 -fomit-frame-pointer -funroll-all-loops -finline-functions compilation failed to produce executable
FAIL: gfortran.dg/list_read_4.f90 -O3 -g (test for excess errors)
WARNING: gfortran.dg/list_read_4.f90 -O3 -g compilation failed to produce executable
FAIL: gfortran.dg/list_read_4.f90 -Os (test for excess errors)
WARNING: gfortran.dg/list_read_4.f90 -Os compilation failed to produce executable
XPASS: gfortran.dg/ret_pointer_1.f90 -O0 execution test
XPASS: gfortran.dg/ret_pointer_1.f90 -O1 execution test
XPASS: gfortran.dg/ret_pointer_1.f90 -O2 execution test
XPASS: gfortran.dg/ret_pointer_1.f90 -O3 -fomit-frame-pointer execution test
XPASS: gfortran.dg/ret_pointer_1.f90 -O3 -fomit-frame-pointer -funroll-loops execution test
XPASS: gfortran.dg/ret_pointer_1.f90 -O3 -fomit-frame-pointer -funroll-all-loops -finline-functions execution test
XPASS: gfortran.dg/ret_pointer_1.f90 -O3 -g execution test
XPASS: gfortran.dg/ret_pointer_1.f90 -Os execution test
FAIL: gfortran.dg/g77/cabs.f -O0 execution test
FAIL: gfortran.dg/g77/cabs.f -O1 execution test
FAIL: gfortran.dg/g77/cabs.f -O2 execution test
FAIL: gfortran.dg/g77/cabs.f -O3 -fomit-frame-pointer execution test
FAIL: gfortran.dg/g77/cabs.f -O3 -fomit-frame-pointer -funroll-loops execution test
FAIL: gfortran.dg/g77/cabs.f -O3 -fomit-frame-pointer -funroll-all-loops -finline-functions execution test
FAIL: gfortran.dg/g77/cabs.f -O3 -g execution test
FAIL: gfortran.dg/g77/cabs.f -Os execution test
FAIL: gfortran.dg/g77/dnrm2.f -O1 execution test
FAIL: gfortran.dg/g77/dnrm2.f -O2 execution test
FAIL: gfortran.dg/g77/dnrm2.f -O3 -fomit-frame-pointer execution test
FAIL: gfortran.dg/g77/dnrm2.f -O3 -fomit-frame-pointer -funroll-loops execution test
FAIL: gfortran.dg/g77/dnrm2.f -O3 -fomit-frame-pointer -funroll-all-loops -finline-functions execution test
FAIL: gfortran.dg/g77/dnrm2.f -O3 -g execution test
FAIL: gfortran.dg/g77/dnrm2.f -Os execution test
FAIL: gfortran.fortran-torture/execute/forall_3.f90 execution, -O0
FAIL: gfortran.fortran-torture/execute/forall_3.f90 execution, -O1
FAIL: gfortran.fortran-torture/execute/forall_3.f90 execution, -O2
FAIL: gfortran.fortran-torture/execute/forall_3.f90 execution, -O3 -fomit-frame-pointer
FAIL: gfortran.fortran-torture/execute/forall_3.f90 execution, -O3 -fomit-frame-pointer -funroll-loops
FAIL: gfortran.fortran-torture/execute/forall_3.f90 execution, -O3 -fomit-frame-pointer -funroll-all-loops -finline-functions
FAIL: gfortran.fortran-torture/execute/forall_3.f90 execution, -O3 -g
FAIL: gfortran.fortran-torture/execute/forall_3.f90 execution, -Os
FAIL: gfortran.fortran-torture/execute/intrinsic_abs.f90 execution, -O0
FAIL: gfortran.fortran-torture/execute/intrinsic_abs.f90 execution, -O1
FAIL: gfortran.fortran-torture/execute/intrinsic_abs.f90 execution, -O2
FAIL: gfortran.fortran-torture/execute/intrinsic_abs.f90 execution, -O3 -fomit-frame-pointer
FAIL: gfortran.fortran-torture/execute/intrinsic_abs.f90 execution, -O3 -fomit-frame-pointer -funroll-loops
FAIL: gfortran.fortran-torture/execute/intrinsic_abs.f90 execution, -O3 -fomit-frame-pointer -funroll-all-loops -finline-functions
FAIL: gfortran.fortran-torture/execute/intrinsic_abs.f90 execution, -O3 -g
FAIL: gfortran.fortran-torture/execute/intrinsic_abs.f90 execution, -Os
FAIL: gfortran.fortran-torture/execute/power.f90 execution, -O0
FAIL: gfortran.fortran-torture/execute/power.f90 execution, -O1
FAIL: gfortran.fortran-torture/execute/power.f90 execution, -O2
FAIL: gfortran.fortran-torture/execute/power.f90 execution, -O3 -fomit-frame-pointer
FAIL: gfortran.fortran-torture/execute/power.f90 execution, -O3 -fomit-frame-pointer -funroll-loops
FAIL: gfortran.fortran-torture/execute/power.f90 execution, -O3 -fomit-frame-pointer -funroll-all-loops -finline-functions
FAIL: gfortran.fortran-torture/execute/power.f90 execution, -O3 -g
FAIL: gfortran.fortran-torture/execute/power.f90 execution, -Os
=== gfortran Summary for unix/-m64 ===
# of expected passes 5260
# of unexpected failures 47
# of unexpected successes 8
# of expected failures 18
# of unsupported tests 8
=== gfortran Summary ===
# of expected passes 10547
# of unexpected failures 67
# of unexpected successes 10
# of expected failures 42
# of unsupported tests 16
/home/gccbuild/build/nightly/build-gcc-treecleanup/gcc/testsuite/../gfortran version 4.1.0-tcb (merged 20050223)
=== objc tests ===
Running target unix/-m32
=== objc Summary for unix/-m32 ===
# of expected passes 1534
# of unsupported tests 10
Running target unix/-m64
=== objc Summary for unix/-m64 ===
# of expected passes 1534
# of unsupported tests 10
=== objc Summary ===
# of expected passes 3068
# of unsupported tests 20
/home/gccbuild/build/nightly/build-gcc-treecleanup/gcc/xgcc version 4.1.0-tcb (merged 20050223)
=== libffi tests ===
Running target unix/-m32
=== libffi Summary for unix/-m32 ===
# of expected passes 216
# of unsupported tests 2
Running target unix/-m64
FAIL: libffi.call/float3.c execution test
=== libffi Summary for unix/-m64 ===
# of expected passes 215
# of unexpected failures 1
# of unsupported tests 2
=== libffi Summary ===
# of expected passes 431
# of unexpected failures 1
# of unsupported tests 4
=== libjava tests ===
Running target unix/-m32
=== libjava Summary for unix/-m32 ===
# of expected passes 3769
# of expected failures 14
# of untested testcases 16
Running target unix/-m64
WARNING: program timed out.
FAIL: FileHandleGcTest execution - source compiled test
WARNING: program timed out.
FAIL: FileHandleGcTest execution - bytecode->native test
WARNING: program timed out.
FAIL: FileHandleGcTest -O3 execution - source compiled test
WARNING: program timed out.
FAIL: FileHandleGcTest -O3 execution - bytecode->native test
WARNING: program timed out.
FAIL: PR18699 execution - source compiled test
WARNING: program timed out.
FAIL: PR18699 execution - bytecode->native test
WARNING: program timed out.
FAIL: PR18699 -O3 execution - source compiled test
WARNING: program timed out.
FAIL: PR18699 -O3 execution - bytecode->native test
WARNING: program timed out.
FAIL: Process_3 execution - source compiled test
WARNING: program timed out.
FAIL: /home/gccbuild/build/nightly/build-gcc-treecleanup/powerpc64-linux/libjava/testsuite/TestEarlyGC.exe execution - /home/gccbuild/build/nightly/build-gcc-treecleanup/powerpc64-linux/libjava/testsuite/TestEarlyGC.exe
WARNING: program timed out.
FAIL: /home/gccbuild/build/nightly/build-gcc-treecleanup/powerpc64-linux/libjava/testsuite/TestLeak.exe execution - /home/gccbuild/build/nightly/build-gcc-treecleanup/powerpc64-linux/libjava/testsuite/TestLeak.exe
=== libjava Summary for unix/-m64 ===
# of expected passes 3747
# of unexpected failures 11
# of expected failures 14
# of untested testcases 27
=== libjava Summary ===
# of expected passes 7516
# of unexpected failures 11
# of expected failures 28
# of untested testcases 43
=== libmudflap tests ===
Running target unix/-m32
=== libmudflap Summary for unix/-m32 ===
# of expected passes 1288
Running target unix/-m64
FAIL: libmudflap.c/fail27-frag.c output pattern test
FAIL: libmudflap.c/fail27-frag.c (-O2) output pattern test
FAIL: libmudflap.c/fail27-frag.c (-O3) output pattern test
=== libmudflap Summary for unix/-m64 ===
# of expected passes 1285
# of unexpected failures 3
=== libmudflap Summary ===
# of expected passes 2573
# of unexpected failures 3
=== libstdc++-v3 check-abi Summary ===
# of added symbols: 65
# of missing symbols: 0
# of incompatible symbols: 2
using: /home/gccbuild/gcc_treecleanup_anoncvs/gcc/libstdc++-v3/config/abi/powerpc-linux-gnu/baseline_symbols.txt
=== libstdc++ tests ===
Running target unix/-m32
XPASS: 26_numerics/cmath/c99_classification_macros_c.cc (test for excess errors)
=== libstdc++ Summary for unix/-m32 ===
# of expected passes 3578
# of unexpected successes 1
# of expected failures 10
Running target unix/-m64
XPASS: 22_locale/locale/cons/12658_thread-1.cc execution test
FAIL: 22_locale/messages/members/char/1.cc execution test
FAIL: 22_locale/messages/members/char/2.cc execution test
FAIL: 22_locale/messages/members/char/wrapped_env.cc execution test
FAIL: 22_locale/messages/members/char/wrapped_locale.cc execution test
FAIL: 22_locale/messages_byname/named_equivalence.cc execution test
XPASS: 26_numerics/cmath/c99_classification_macros_c.cc (test for excess errors)
XPASS: 27_io/fpos/14320-1.cc execution test
=== libstdc++ Summary for unix/-m64 ===
# of expected passes 3570
# of unexpected failures 5
# of unexpected successes 3
# of expected failures 11
=== libstdc++ Summary ===
# of expected passes 7148
# of unexpected failures 5
# of unexpected successes 4
# of expected failures 21
Compiler version: 4.1.0-tcb (merged 20050223)
Platform: powerpc64-unknown-linux-gnu
configure flags: --prefix=/opt/gcc-nightly/treecleanup-20050304 --build=powerpc64-linux --host=powerpc64-linux --target=powerpc64-linux --with-cpu=default32 --with-as=/opt/gcc-nightly/binutils/bin/as --with-ld=/opt/gcc-nightly/binutils/bin/ld --enable-threads=posix --enable-shared --enable-__cxa_atexit --with-mpfr=/opt/gcc-nightly/gmp --enable-languages=c,c++,f95,java,objc