This is the mail archive of the
gcc-testresults@gcc.gnu.org
mailing list for the GCC project.
Results for 4.1.0 20050303 (experimental) testsuite on powerpc64-unknown-linux-gnu
- From: Jon Grimm <jgrimm at jupiter dot ltc dot austin dot ibm dot com>
- To: gcc-testresults at gcc dot gnu dot org
- Date: Thu, 3 Mar 2005 17:10:51 -0600
- Subject: Results for 4.1.0 20050303 (experimental) testsuite on powerpc64-unknown-linux-gnu
Linux 2.6.9-1.849_EL ppc64
GNU C Library stable release version 2.3.3
GNU ld version 2.15.94 20050124
GNU assembler 2.15.94 20050124
GNU Make 3.80
DejaGnu:
Expect version is 5.40.0
Tcl version is 8.4
Framework version is 1.4.4
64-bit biarch default64
Linux 2.6.9-1.849_EL ppc64
GNU C Library stable release version 2.3.3
GNU ld version 2.15.92
GNU assembler 2.15.92
GNU Make 3.80
DejaGnu:
Expect version is 5.42.1
Tcl version is 8.4.7
Framework version is 1.4.4
64-bit biarch default64
LAST_UPDATED: Thu Mar 3 19:26:39 UTC 2005
Native configuration is powerpc64-unknown-linux-gnu
=== gcc tests ===
Running target unix/-m32
=== gcc Summary for unix/-m32 ===
# of expected passes 35025
# of expected failures 101
# of untested testcases 28
# of unsupported tests 438
Running target unix/-m64
WARNING: program timed out.
FAIL: gcc.c-torture/compile/20001226-1.c -O1 (test for excess errors)
=== gcc Summary ===
# of expected passes 49258
# of unexpected failures 1
# of expected failures 101
# of untested testcases 28
# of unsupported tests 468
/home/jgrimm/build/nightly/build-gcc-mline64/gcc/xgcc version 4.1.0 20050303 (experimental)
=== g++ tests ===
Running target unix/-m32
=== g++ Summary for unix/-m32 ===
# of expected passes 10813
# of expected failures 70
# of unsupported tests 76
Running target unix/-m64
WARNING: program timed out.
FAIL: g++.dg/parse/attr1.C (test for excess errors)
=== g++ Summary ===
# of expected passes 14812
# of unexpected failures 1
# of expected failures 105
# of unsupported tests 131
/home/jgrimm/build/nightly/build-gcc-mline64/gcc/testsuite/../g++ version 4.1.0 20050303 (experimental)
=== libstdc++-v3 check-abi Summary ===
# of added symbols: 551
# of missing symbols: 486
# of incompatible symbols: 486
using: /home/jgrimm/src/gcc_mline64_anoncvs/gcc/libstdc++-v3/config/abi/powerpc-linux-gnu/baseline_symbols.txt
=== libstdc++ tests ===
Running target unix/-m32
XPASS: 22_locale/locale/cons/12658_thread-1.cc execution test
FAIL: 22_locale/messages/members/char/1.cc execution test
FAIL: 22_locale/messages/members/char/2.cc execution test
FAIL: 22_locale/messages/members/char/wrapped_env.cc execution test
FAIL: 22_locale/messages/members/char/wrapped_locale.cc execution test
FAIL: 22_locale/messages_byname/named_equivalence.cc execution test
XPASS: 26_numerics/cmath/c99_classification_macros_c.cc (test for excess errors)
=== libstdc++ Summary for unix/-m32 ===
# of expected passes 3608
# of unexpected failures 5
# of unexpected successes 2
# of expected failures 9
Running target unix/-m64
XPASS: 22_locale/locale/cons/12658_thread-1.cc execution test
XPASS: 26_numerics/cmath/c99_classification_macros_c.cc (test for excess errors)
XPASS: 27_io/fpos/14320-1.cc execution test
WARNING: program timed out.
FAIL: tr1/4_metaprogramming/composite_type_traits/is_scalar/typedefs.cc (test for excess errors)
=== libstdc++ Summary for unix/-m64 ===
# of expected passes 3612
# of unexpected failures 1
# of unexpected successes 3
# of expected failures 8
=== libstdc++ Summary ===
# of expected passes 7220
# of unexpected failures 6
# of unexpected successes 5
# of expected failures 17
Compiler version: 4.1.0 20050303 (experimental)
Platform: powerpc64-unknown-linux-gnu
configure flags: --prefix=/home/jgrimm/opt/gcc-nightly/mline64-20050303 --build=powerpc64-linux --host=powerpc64-linux --target=powerpc64-linux --with-cpu=default64 --with-as=/home/jgrimm/tools/binutils/bin/as --with-ld=/home/jgrimm/tools/binutils/bin/ld --enable-threads=posix --enable-shared --enable-__cxa_atexit --with-mpfr=/home/jgrimm/opt/gcc-nightly/gmp64 --enable-languages=c,c++,objc