This is the mail archive of the
gcc-testresults@gcc.gnu.org
mailing list for the GCC project.
Results for 4.1.0 20050301 (experimental) testsuite on i686-pc-linux-gnu
- From: "Kaveh R. Ghazi" <ghazi at caip dot rutgers dot edu>
- To: gcc-testresults at gcc dot gnu dot org
- Date: Tue, 1 Mar 2005 08:57:27 -0500 (EST)
- Subject: Results for 4.1.0 20050301 (experimental) testsuite on i686-pc-linux-gnu
LAST_UPDATED:
Native configuration is i686-pc-linux-gnu
=== gcc tests ===
Running target unix/-fPIC
FAIL: gcc.c-torture/compile/20000804-1.c -O0 (test for excess errors)
WARNING: program timed out.
FAIL: gcc.c-torture/compile/20001226-1.c -O0 (test for excess errors)
FAIL: gcc.c-torture/execute/builtins/strlen-3.c execution, -O2
FAIL: gcc.c-torture/execute/builtins/strlen-3.c execution, -O3 -fomit-frame-pointer
FAIL: gcc.c-torture/execute/builtins/strlen-3.c execution, -O3 -fomit-frame-pointer -funroll-loops
FAIL: gcc.c-torture/execute/builtins/strlen-3.c execution, -O3 -fomit-frame-pointer -funroll-all-loops -finline-functions
FAIL: gcc.c-torture/execute/builtins/strlen-3.c execution, -O3 -g
FAIL: gcc.dg/20020919-1.c (test for errors, line 132)
FAIL: gcc.dg/20020919-1.c (test for errors, line 177)
FAIL: gcc.dg/20020919-1.c (test for errors, line 231)
FAIL: gcc.dg/20020919-1.c (test for errors, line 244)
FAIL: gcc.dg/20020919-1.c (test for excess errors)
FAIL: gcc.dg/assign-warn-3.c (test for warnings, line 9)
FAIL: gcc.dg/assign-warn-3.c (test for warnings, line 13)
FAIL: gcc.dg/clobbers.c (test for excess errors)
WARNING: gcc.dg/clobbers.c compilation failed to produce executable
FAIL: gcc.dg/i386-387-3.c scan-assembler fldpi
FAIL: gcc.dg/i386-387-4.c scan-assembler fldpi
FAIL: gcc.dg/i386-asm-3.c (test for excess errors)
WARNING: gcc.dg/i386-asm-3.c compilation failed to produce executable
FAIL: gcc.dg/i386-cmov1.c scan-assembler sar[^\\\\n]*magic_namea
FAIL: gcc.dg/i386-cmov1.c scan-assembler sar[^\\\\n]*magic_nameb
FAIL: gcc.dg/i386-cmov1.c scan-assembler sar[^\\\\n]*magic_namec
FAIL: gcc.dg/i386-cmov1.c scan-assembler shr[^\\\\n]*magic_named
FAIL: gcc.dg/i386-cmov1.c scan-assembler shr[^\\\\n]*magic_namee
FAIL: gcc.dg/i386-cmov1.c scan-assembler shr[^\\\\n]*magic_namef
FAIL: gcc.dg/i386-local2.c scan-assembler-not sub[^\\\\n]*sp
FAIL: gcc.dg/i386-mul.c scan-assembler and[^\\\\n]*magic
FAIL: gcc.dg/i386-ssetype-1.c scan-assembler andpd[^\\\\n]*magic
FAIL: gcc.dg/i386-ssetype-1.c scan-assembler andnpd[^\\\\n]*magic
FAIL: gcc.dg/i386-ssetype-1.c scan-assembler xorpd[^\\\\n]*magic
FAIL: gcc.dg/i386-ssetype-1.c scan-assembler orpd[^\\\\n]*magic
FAIL: gcc.dg/i386-ssetype-1.c scan-assembler movapd[^\\\\n]*magic
FAIL: gcc.dg/i386-ssetype-3.c scan-assembler andps[^\\\\n]*magic
FAIL: gcc.dg/i386-ssetype-3.c scan-assembler andnps[^\\\\n]*magic
FAIL: gcc.dg/i386-ssetype-3.c scan-assembler xorps[^\\\\n]*magic
FAIL: gcc.dg/i386-ssetype-3.c scan-assembler orps[^\\\\n]*magic
FAIL: gcc.dg/i386-ssetype-3.c scan-assembler movaps[^\\\\n]*magic
FAIL: gcc.dg/i386-ssetype-5.c scan-assembler pand[^\\\\n]*magic
FAIL: gcc.dg/i386-ssetype-5.c scan-assembler pandn[^\\\\n]*magic
FAIL: gcc.dg/i386-ssetype-5.c scan-assembler pxor[^\\\\n]*magic
FAIL: gcc.dg/i386-ssetype-5.c scan-assembler por[^\\\\n]*magic
FAIL: gcc.dg/overflow-warn-3.c (test for warnings, line 99)
FAIL: gcc.dg/overflow-warn-3.c (test for excess errors)
FAIL: gcc.dg/sibcall-6.c execution test
FAIL: gcc.dg/tree-ssa/ssa-dce-2.c scan-tree-dump-times if 0
XPASS: gcc.dg/vect/vect-22.c scan-tree-dump-times vectorized 3 loops 1
=== gcc Summary for unix/-fPIC ===
# of expected passes 33291
# of unexpected failures 44
# of unexpected successes 1
# of expected failures 101
# of untested testcases 28
# of unsupported tests 310
Running target unix/-fpic
FAIL: gcc.c-torture/compile/20000804-1.c -O0 (test for excess errors)
WARNING: program timed out.
FAIL: gcc.c-torture/compile/20001226-1.c -O0 (test for excess errors)
FAIL: gcc.c-torture/execute/builtins/strlen-3.c execution, -O2
FAIL: gcc.c-torture/execute/builtins/strlen-3.c execution, -O3 -fomit-frame-pointer
FAIL: gcc.c-torture/execute/builtins/strlen-3.c execution, -O3 -fomit-frame-pointer -funroll-loops
FAIL: gcc.c-torture/execute/builtins/strlen-3.c execution, -O3 -fomit-frame-pointer -funroll-all-loops -finline-functions
FAIL: gcc.c-torture/execute/builtins/strlen-3.c execution, -O3 -g
FAIL: gcc.dg/20020919-1.c (test for errors, line 132)
FAIL: gcc.dg/20020919-1.c (test for errors, line 177)
FAIL: gcc.dg/20020919-1.c (test for errors, line 231)
FAIL: gcc.dg/20020919-1.c (test for errors, line 244)
FAIL: gcc.dg/20020919-1.c (test for excess errors)
FAIL: gcc.dg/assign-warn-3.c (test for warnings, line 9)
FAIL: gcc.dg/assign-warn-3.c (test for warnings, line 13)
FAIL: gcc.dg/clobbers.c (test for excess errors)
WARNING: gcc.dg/clobbers.c compilation failed to produce executable
FAIL: gcc.dg/i386-387-3.c scan-assembler fldpi
FAIL: gcc.dg/i386-387-4.c scan-assembler fldpi
FAIL: gcc.dg/i386-asm-3.c (test for excess errors)
WARNING: gcc.dg/i386-asm-3.c compilation failed to produce executable
FAIL: gcc.dg/i386-cmov1.c scan-assembler sar[^\\\\n]*magic_namea
FAIL: gcc.dg/i386-cmov1.c scan-assembler sar[^\\\\n]*magic_nameb
FAIL: gcc.dg/i386-cmov1.c scan-assembler sar[^\\\\n]*magic_namec
FAIL: gcc.dg/i386-cmov1.c scan-assembler shr[^\\\\n]*magic_named
FAIL: gcc.dg/i386-cmov1.c scan-assembler shr[^\\\\n]*magic_namee
FAIL: gcc.dg/i386-cmov1.c scan-assembler shr[^\\\\n]*magic_namef
FAIL: gcc.dg/i386-local2.c scan-assembler-not sub[^\\\\n]*sp
FAIL: gcc.dg/i386-mul.c scan-assembler and[^\\\\n]*magic
FAIL: gcc.dg/i386-ssetype-1.c scan-assembler andpd[^\\\\n]*magic
FAIL: gcc.dg/i386-ssetype-1.c scan-assembler andnpd[^\\\\n]*magic
FAIL: gcc.dg/i386-ssetype-1.c scan-assembler xorpd[^\\\\n]*magic
FAIL: gcc.dg/i386-ssetype-1.c scan-assembler orpd[^\\\\n]*magic
FAIL: gcc.dg/i386-ssetype-1.c scan-assembler movapd[^\\\\n]*magic
FAIL: gcc.dg/i386-ssetype-3.c scan-assembler andps[^\\\\n]*magic
FAIL: gcc.dg/i386-ssetype-3.c scan-assembler andnps[^\\\\n]*magic
FAIL: gcc.dg/i386-ssetype-3.c scan-assembler xorps[^\\\\n]*magic
FAIL: gcc.dg/i386-ssetype-3.c scan-assembler orps[^\\\\n]*magic
FAIL: gcc.dg/i386-ssetype-3.c scan-assembler movaps[^\\\\n]*magic
FAIL: gcc.dg/i386-ssetype-5.c scan-assembler pand[^\\\\n]*magic
FAIL: gcc.dg/i386-ssetype-5.c scan-assembler pandn[^\\\\n]*magic
FAIL: gcc.dg/i386-ssetype-5.c scan-assembler pxor[^\\\\n]*magic
FAIL: gcc.dg/i386-ssetype-5.c scan-assembler por[^\\\\n]*magic
FAIL: gcc.dg/sibcall-6.c execution test
FAIL: gcc.dg/tree-ssa/ssa-dce-2.c scan-tree-dump-times if 0
XPASS: gcc.dg/vect/vect-22.c scan-tree-dump-times vectorized 3 loops 1
=== gcc Summary for unix/-fpic ===
# of expected passes 33293
# of unexpected failures 42
# of unexpected successes 1
# of expected failures 101
# of untested testcases 28
# of unsupported tests 310
Running target unix
WARNING: program timed out.
FAIL: gcc.c-torture/compile/20001226-1.c -O0 (test for excess errors)
XPASS: gcc.dg/vect/vect-22.c scan-tree-dump-times vectorized 3 loops 1
=== gcc Summary for unix ===
# of expected passes 33338
# of unexpected failures 1
# of unexpected successes 1
# of expected failures 101
# of untested testcases 28
# of unsupported tests 309
=== gcc Summary ===
# of expected passes 99922
# of unexpected failures 87
# of unexpected successes 3
# of expected failures 303
# of untested testcases 84
# of unsupported tests 929
/tmp/kg/41/build/gcc/xgcc version 4.1.0 20050301 (experimental)
=== gfortran tests ===
Running target unix/-fPIC
XPASS: gfortran.dg/ret_pointer_1.f90 -O0 execution test
XPASS: gfortran.dg/ret_pointer_1.f90 -O1 execution test
XPASS: gfortran.dg/ret_pointer_1.f90 -O3 -fomit-frame-pointer execution test
XPASS: gfortran.dg/ret_pointer_1.f90 -O3 -fomit-frame-pointer -funroll-loops execution test
XPASS: gfortran.dg/ret_pointer_1.f90 -O3 -fomit-frame-pointer -funroll-all-loops -finline-functions execution test
FAIL: gfortran.fortran-torture/execute/forall_3.f90 execution, -O1
=== gfortran Summary for unix/-fPIC ===
# of expected passes 5415
# of unexpected failures 1
# of unexpected successes 5
# of expected failures 21
Running target unix/-fpic
XPASS: gfortran.dg/ret_pointer_1.f90 -O0 execution test
XPASS: gfortran.dg/ret_pointer_1.f90 -O1 execution test
XPASS: gfortran.dg/ret_pointer_1.f90 -O3 -fomit-frame-pointer execution test
XPASS: gfortran.dg/ret_pointer_1.f90 -O3 -fomit-frame-pointer -funroll-loops execution test
XPASS: gfortran.dg/ret_pointer_1.f90 -O3 -fomit-frame-pointer -funroll-all-loops -finline-functions execution test
FAIL: gfortran.fortran-torture/execute/forall_3.f90 execution, -O1
=== gfortran Summary for unix/-fpic ===
# of expected passes 5415
# of unexpected failures 1
# of unexpected successes 5
# of expected failures 21
Running target unix
XPASS: gfortran.dg/ret_pointer_1.f90 -O0 execution test
XPASS: gfortran.dg/ret_pointer_1.f90 -O1 execution test
XPASS: gfortran.dg/ret_pointer_1.f90 -O3 -fomit-frame-pointer execution test
XPASS: gfortran.dg/ret_pointer_1.f90 -O3 -fomit-frame-pointer -funroll-loops execution test
XPASS: gfortran.dg/ret_pointer_1.f90 -O3 -fomit-frame-pointer -funroll-all-loops -finline-functions execution test
FAIL: gfortran.fortran-torture/execute/forall_3.f90 execution, -O1
=== gfortran Summary for unix ===
# of expected passes 5415
# of unexpected failures 1
# of unexpected successes 5
# of expected failures 21
=== gfortran Summary ===
# of expected passes 16245
# of unexpected failures 3
# of unexpected successes 15
# of expected failures 63
/tmp/kg/41/build/gcc/testsuite/../gfortran version 4.1.0 20050301 (experimental)
=== g++ tests ===
Running target unix/-fPIC
FAIL: g++.dg/eh/omit-frame-pointer2.C execution test
=== g++ Summary for unix/-fPIC ===
# of expected passes 10764
# of unexpected failures 1
# of expected failures 71
# of unsupported tests 58
Running target unix/-fpic
FAIL: g++.dg/eh/omit-frame-pointer2.C execution test
FAIL: g++.dg/other/abstract2.C (test for excess errors)
=== g++ Summary for unix/-fpic ===
# of expected passes 10763
# of unexpected failures 2
# of expected failures 71
# of unsupported tests 58
Running target unix
=== g++ Summary for unix ===
# of expected passes 10767
# of expected failures 71
# of unsupported tests 56
=== g++ Summary ===
# of expected passes 32294
# of unexpected failures 3
# of expected failures 213
# of unsupported tests 172
/tmp/kg/41/build/gcc/testsuite/../g++ version 4.1.0 20050301 (experimental)
=== objc tests ===
Running target unix/-fPIC
=== objc Summary for unix/-fPIC ===
# of expected passes 1534
# of unsupported tests 10
Running target unix/-fpic
=== objc Summary for unix/-fpic ===
# of expected passes 1534
# of unsupported tests 10
Running target unix
=== objc Summary for unix ===
# of expected passes 1534
# of unsupported tests 10
=== objc Summary ===
# of expected passes 4602
# of unsupported tests 30
/tmp/kg/41/build/gcc/xgcc version 4.1.0 20050301 (experimental)
=== libmudflap tests ===
Running target unix/-fPIC
FAIL: libmudflap.cth/pass40-frag.c execution test
FAIL: libmudflap.cth/pass40-frag.c output pattern test
FAIL: libmudflap.cth/pass40-frag.c (-O2) execution test
FAIL: libmudflap.cth/pass40-frag.c (-O2) output pattern test
FAIL: libmudflap.cth/pass40-frag.c (-O3) execution test
FAIL: libmudflap.cth/pass40-frag.c (-O3) output pattern test
=== libmudflap Summary for unix/-fPIC ===
# of expected passes 1282
# of unexpected failures 6
Running target unix/-fpic
FAIL: libmudflap.cth/pass40-frag.c execution test
FAIL: libmudflap.cth/pass40-frag.c output pattern test
FAIL: libmudflap.cth/pass40-frag.c (-O2) execution test
FAIL: libmudflap.cth/pass40-frag.c (-O2) output pattern test
FAIL: libmudflap.cth/pass40-frag.c (-O3) execution test
FAIL: libmudflap.cth/pass40-frag.c (-O3) output pattern test
=== libmudflap Summary for unix/-fpic ===
# of expected passes 1282
# of unexpected failures 6
Running target unix
FAIL: libmudflap.cth/pass40-frag.c execution test
FAIL: libmudflap.cth/pass40-frag.c output pattern test
FAIL: libmudflap.cth/pass40-frag.c (-O2) execution test
FAIL: libmudflap.cth/pass40-frag.c (-O2) output pattern test
FAIL: libmudflap.cth/pass40-frag.c (-O3) execution test
FAIL: libmudflap.cth/pass40-frag.c (-O3) output pattern test
=== libmudflap Summary for unix ===
# of expected passes 1282
# of unexpected failures 6
=== libmudflap Summary ===
# of expected passes 3846
# of unexpected failures 18
=== libstdc++-v3 check-abi Summary ===
# of added symbols: 56
# of missing symbols: 0
# of incompatible symbols: 0
using: /tmp/kg/41/egcc-CVS20050301/libstdc++-v3/config/abi/i486-linux-gnu/baseline_symbols.txt
=== libstdc++ tests ===
Running target unix/-fPIC
XPASS: 22_locale/locale/cons/12658_thread-1.cc execution test
=== libstdc++ Summary for unix/-fPIC ===
# of expected passes 3605
# of unexpected successes 1
# of expected failures 9
Running target unix/-fpic
XPASS: 22_locale/locale/cons/12658_thread-1.cc execution test
=== libstdc++ Summary for unix/-fpic ===
# of expected passes 3605
# of unexpected successes 1
# of expected failures 9
Running target unix
XPASS: 22_locale/locale/cons/12658_thread-1.cc execution test
XPASS: 26_numerics/cmath/c99_classification_macros_c.cc (test for excess errors)
=== libstdc++ Summary for unix ===
# of expected passes 3605
# of unexpected successes 2
# of expected failures 8
=== libstdc++ Summary ===
# of expected passes 10815
# of unexpected successes 4
# of expected failures 26
Compiler version: 4.1.0 20050301 (experimental)
Platform: i686-pc-linux-gnu
configure flags: --verbose --disable-libgcj --enable-languages=c,c++,f95,java,objc