This is the mail archive of the
gcc-testresults@gcc.gnu.org
mailing list for the GCC project.
Results for 4.1.0 20050227 (experimental) testsuite onx86_64-unknown-linux-gnu
- From: Laurent GUERBY <laurent at guerby dot net>
- To: gcc-testresults at gcc dot gnu dot org
- Date: Mon, 28 Feb 2005 12:53:34 +0100
- Subject: Results for 4.1.0 20050227 (experimental) testsuite onx86_64-unknown-linux-gnu
ACATS with -O2 -fno-tree-sra
LAST_UPDATED: Sun Feb 27 22:22:15 UTC 2005
=== acats tests ===
FAIL: c37402a
FAIL: c391002
FAIL: c432002
FAIL: c43214c
FAIL: cxa4006
FAIL: cxa4017
FAIL: cxa5012
=== acats Summary ===
# of expected passes 2313
# of unexpected failures 7
Native configuration is x86_64-unknown-linux-gnu
=== gcc tests ===
Running target unix
XPASS: gcc.dg/vect/vect-22.c scan-tree-dump-times vectorized 3 loops 1
=== gcc Summary ===
# of expected passes 33017
# of unexpected successes 1
# of expected failures 105
# of untested testcases 28
# of unsupported tests 420
/home/guerby/work/gcc/build/build-20050227T232940/gcc/xgcc version 4.1.0 20050227 (experimental)
Compiler version: 4.1.0 20050227 (experimental)
Platform: x86_64-unknown-linux-gnu
configure flags: --prefix=/home/guerby/work/gcc/install/install-20050227T232940 --enable-__cxa_atexit --disable-nls --enable-threads=posix --enable-checking --enable-languages=c,ada