This is the mail archive of the
gcc-testresults@gcc.gnu.org
mailing list for the GCC project.
Results for 4.0.0 20050227 (prerelease) testsuite oni686-pc-linux-gnu
- From: Laurent GUERBY <laurent at guerby dot net>
- To: gcc-testresults at gcc dot gnu dot org
- Date: Mon, 28 Feb 2005 12:51:06 +0100
- Subject: Results for 4.0.0 20050227 (prerelease) testsuite oni686-pc-linux-gnu
ACATS with -O2 -fno-tree-sra
LAST_UPDATED: Sun Feb 27 22:27:53 UTC 2005
=== acats tests ===
FAIL: c391002
FAIL: c432002
FAIL: c43214c
FAIL: c99004a
FAIL: cxa4006
FAIL: cxa4017
=== acats Summary ===
# of expected passes 2314
# of unexpected failures 6
Native configuration is i686-pc-linux-gnu
=== gcc tests ===
Running target unix
XPASS: gcc.dg/vect/vect-22.c scan-tree-dump-times vectorized 3 loops 1
=== gcc Summary ===
# of expected passes 33314
# of unexpected successes 1
# of expected failures 101
# of untested testcases 28
# of unsupported tests 309
/home/guerby/work/gcc/build/build-20050227T233025/gcc/xgcc version 4.0.0 20050227 (prerelease)
Compiler version: 4.0.0 20050227 (prerelease)
Platform: i686-pc-linux-gnu
configure flags: --prefix=/home/guerby/work/gcc/install/install-20050227T233025 --enable-__cxa_atexit --disable-nls --enable-threads=posix --enable-checking --enable-languages=c,ada