This is the mail archive of the
gcc-testresults@gcc.gnu.org
mailing list for the GCC project.
Results for 4.1.0 20050228 (experimental) testsuite on powerpc-unknown-linux-gnu
- From: Aldy Hernandez <aldyh at cure81 dot build dot redhat dot com>
- To: aldyh at redhat dot com, gcc-testresults at gcc dot gnu dot org
- Date: Mon, 28 Feb 2005 05:27:28 -0500
- Subject: Results for 4.1.0 20050228 (experimental) testsuite on powerpc-unknown-linux-gnu
LAST_UPDATED:
Native configuration is powerpc-unknown-linux-gnu
=== g++ tests ===
Running target unix
FAIL: g++.old-deja/g++.other/init5.C execution test
=== g++ Summary ===
# of expected passes 10837
# of unexpected failures 1
# of expected failures 70
# of unsupported tests 80
/tmp/aldyh/nightly-builds/powerpc-linux-gnu/cure81.build.redhat.com/gcc/testsuite/../g++ version 4.1.0 20050228 (experimental)
=== gcc tests ===
Running target unix
FAIL: gcc.dg/20020103-1.c scan-assembler-not LC
FAIL: gcc.dg/cleanup-10.c execution test
FAIL: gcc.dg/cleanup-11.c execution test
FAIL: gcc.dg/cleanup-9.c execution test
=== gcc Summary ===
# of expected passes 34945
# of unexpected failures 4
# of expected failures 101
# of untested testcases 28
# of unsupported tests 420
/tmp/aldyh/nightly-builds/powerpc-linux-gnu/cure81.build.redhat.com/gcc/xgcc version 4.1.0 20050228 (experimental)
=== libmudflap tests ===
Running target unix
=== libmudflap Summary ===
# of expected passes 1288
=== libstdc++-v3 check-abi Summary ===
# of added symbols: 65
# of missing symbols: 0
# of incompatible symbols: 2
using: /tmp/aldyh/untainted-sources/gcc/libstdc++-v3/config/abi/powerpc-linux-gnu/baseline_symbols.txt
=== libstdc++ tests ===
Running target unix
XPASS: 22_locale/locale/cons/12658_thread-1.cc execution test
XPASS: 26_numerics/cmath/c99_classification_macros_c.cc (test for excess errors)
=== libstdc++ Summary ===
# of expected passes 3604
# of unexpected successes 2
# of expected failures 9
Compiler version: 4.1.0 20050228 (experimental)
Platform: powerpc-unknown-linux-gnu
configure flags: --host=powerpc-linux-gnu --enable-languages=c,c++