This is the mail archive of the
gcc-testresults@gcc.gnu.org
mailing list for the GCC project.
Results for 4.1.0 20050226 (experimental) testsuite on sparc-sun-solaris2.9
- From: Bradley J Lucier <lucier at math dot purdue dot edu>
- To: gcc-testresults at gcc dot gnu dot org
- Date: Sat, 26 Feb 2005 21:54:45 -0500 (EST)
- Subject: Results for 4.1.0 20050226 (experimental) testsuite on sparc-sun-solaris2.9
LAST_UPDATED: Sat Feb 26 05:34:32 UTC 2005
Native configuration is sparc-sun-solaris2.9
=== g++ tests ===
Running target unix/-m64
=== g++ Summary for unix/-m64 ===
# of expected passes 10580
# of expected failures 71
# of unsupported tests 143
Running target unix
=== g++ Summary for unix ===
# of expected passes 10612
# of expected failures 71
# of unsupported tests 141
=== g++ Summary ===
# of expected passes 21192
# of expected failures 142
# of unsupported tests 284
/export/users/lucier/programs/gcc/mainline/objdir/gcc/testsuite/../g++ version 4.1.0 20050226 (experimental)
=== gcc tests ===
Running target unix/-m64
=== gcc Summary for unix/-m64 ===
# of expected passes 33965
# of expected failures 107
# of untested testcases 28
# of unsupported tests 511
Running target unix
=== gcc Summary for unix ===
# of expected passes 33970
# of expected failures 107
# of untested testcases 28
# of unsupported tests 509
=== gcc Summary ===
# of expected passes 67935
# of expected failures 214
# of untested testcases 56
# of unsupported tests 1020
/export/users/lucier/programs/gcc/mainline/objdir/gcc/xgcc version 4.1.0 20050226 (experimental)
=== gfortran tests ===
Running target unix/-m64
XPASS: gfortran.dg/ret_pointer_1.f90 execution test
XPASS: gfortran.dg/ret_pointer_1.f90 execution test
XPASS: gfortran.dg/ret_pointer_1.f90 execution test
XPASS: gfortran.dg/ret_pointer_1.f90 execution test
XPASS: gfortran.dg/ret_pointer_1.f90 execution test
XPASS: gfortran.dg/ret_pointer_1.f90 execution test
XPASS: gfortran.dg/ret_pointer_1.f90 execution test
XPASS: gfortran.dg/ret_pointer_1.f90 execution test
FAIL: gfortran.fortran-torture/execute/forall_3.f90 execution, -O0
FAIL: gfortran.fortran-torture/execute/forall_3.f90 execution, -O1
=== gfortran Summary for unix/-m64 ===
# of expected passes 5316
# of unexpected failures 2
# of unexpected successes 8
# of expected failures 18
# of unsupported tests 8
Running target unix
XPASS: gfortran.dg/ret_pointer_1.f90 execution test
XPASS: gfortran.dg/ret_pointer_1.f90 execution test
XPASS: gfortran.dg/ret_pointer_1.f90 execution test
XPASS: gfortran.dg/ret_pointer_1.f90 execution test
XPASS: gfortran.dg/ret_pointer_1.f90 execution test
XPASS: gfortran.dg/ret_pointer_1.f90 execution test
XPASS: gfortran.dg/ret_pointer_1.f90 execution test
FAIL: gfortran.fortran-torture/execute/forall_3.f90 execution, -O1
=== gfortran Summary for unix ===
# of expected passes 5317
# of unexpected failures 1
# of unexpected successes 7
# of expected failures 19
# of unsupported tests 8
=== gfortran Summary ===
# of expected passes 10633
# of unexpected failures 3
# of unexpected successes 15
# of expected failures 37
# of unsupported tests 16
/export/users/lucier/programs/gcc/mainline/objdir/gcc/testsuite/../gfortran version 4.1.0 20050226 (experimental)
=== objc tests ===
Running target unix/-m64
=== objc Summary for unix/-m64 ===
# of expected passes 1534
# of unsupported tests 10
Running target unix
=== objc Summary for unix ===
# of expected passes 1534
# of unsupported tests 10
=== objc Summary ===
# of expected passes 3068
# of unsupported tests 20
/export/users/lucier/programs/gcc/mainline/objdir/gcc/xgcc version 4.1.0 20050226 (experimental)
=== libffi tests ===
Running target unix/-m64
=== libffi Summary for unix/-m64 ===
# of expected passes 219
# of unsupported tests 2
Running target unix
=== libffi Summary for unix ===
# of expected passes 219
# of unsupported tests 2
=== libffi Summary ===
# of expected passes 438
# of unsupported tests 4
=== libjava tests ===
Running target unix/-m64
FAIL: PR16923.c compilation
FAIL: Array_3 execution - gij test
FAIL: Array_3 execution - gij test
FAIL: FileHandleGcTest execution - source compiled test
FAIL: FileHandleGcTest execution - gij test
FAIL: FileHandleGcTest execution - bytecode->native test
FAIL: FileHandleGcTest -O3 execution - source compiled test
FAIL: FileHandleGcTest execution - gij test
FAIL: FileHandleGcTest -O3 execution - bytecode->native test
FAIL: Throw_2 execution - gij test
FAIL: Throw_2 execution - gij test
=== libjava Summary for unix/-m64 ===
# of expected passes 3750
# of unexpected failures 11
# of expected failures 14
# of untested testcases 26
Running target unix
FAIL: PR16923.c compilation
FAIL: Array_3 execution - gij test
FAIL: Array_3 execution - gij test
FAIL: FileHandleGcTest execution - source compiled test
FAIL: FileHandleGcTest execution - gij test
FAIL: FileHandleGcTest execution - bytecode->native test
FAIL: FileHandleGcTest -O3 execution - source compiled test
FAIL: FileHandleGcTest execution - gij test
FAIL: FileHandleGcTest -O3 execution - bytecode->native test
=== libjava Summary for unix ===
# of expected passes 3754
# of unexpected failures 9
# of expected failures 14
# of untested testcases 24
=== libjava Summary ===
# of expected passes 7504
# of unexpected failures 20
# of expected failures 28
# of untested testcases 50
=== libstdc++ tests ===
Running target unix/-m64
FAIL: 22_locale/locale/cons/12658_thread-1.cc execution test
FAIL: 22_locale/num_put/put/char/14220.cc execution test
FAIL: 22_locale/num_put/put/wchar_t/14220.cc execution test
=== libstdc++ Summary for unix/-m64 ===
# of expected passes 3602
# of unexpected failures 3
# of expected failures 10
Running target unix
=== libstdc++ Summary for unix ===
# of expected passes 3605
# of expected failures 10
=== libstdc++ Summary ===
# of expected passes 7207
# of unexpected failures 3
# of expected failures 20
Compiler version: 4.1.0 20050226 (experimental)
Platform: sparc-sun-solaris2.9
configure flags: --host=sparc-sun-solaris2.9 --build=sparc-sun-solaris2.9 --target=sparc-sun-solaris2.9 --prefix=/export/users/lucier/local/gcc-mainline --with-gmp=/pkgs/gmp-4.1.4 --with-mpfr=/pkgs/gmp-4.1.4 --enable-languages=c,c++,f95,java,objc
BOOT_CFLAGS=-g -O2
Counting all warnings,
there are 25 warnings in stage3 of this bootstrap.
Number of warnings per file:
8 gcc/unwind-dw2.c
5 /pkgs/gnu/share/bison.simple
3 gengtype-lex.c
2 gcc/objc/lang-specs.h
2 gcc/gcc.c
1 gcc/java/jvspec.c
1 gcc/fortran/trans-common.c
1 gcc/fortran/simplify.c
1 gcc/fortran/resolve.c
1 gcc/fortran/expr.c
Number of warning types:
6 old-style function definition
4 missing braces around initializer
4 control may reach end of non-void function '__gmpz_get_ui' being inlined
4 (near initialization for 'once_regsizes.__pthread_once_pad')
2 comparison between signed and unsigned
1 string length '844' is greater than the length '509' ISO C89 compilers are required to support
1 string length '834' is greater than the length '509' ISO C89 compilers are required to support
1 string length '783' is greater than the length '509' ISO C89 compilers are required to support
1 string length '643' is greater than the length '509' ISO C89 compilers are required to support
1 string length '608' is greater than the length '509' ISO C89 compilers are required to support