This is the mail archive of the gcc-testresults@gcc.gnu.org mailing list for the GCC project.
Index Nav: | [Date Index] [Subject Index] [Author Index] [Thread Index] | |
---|---|---|
Message Nav: | [Date Prev] [Date Next] | [Thread Prev] [Thread Next] |
Other format: | [Raw text] |
LAST_UPDATED: Fri Feb 25 09:07:28 UTC 2005 Native configuration is i686-pc-linux-gnu === g++ tests === Running target unix XPASS: g++.dg/rtti/tinfo1.C scan-assembler _ZTIP9CTemplateIhE: XPASS: g++.dg/rtti/tinfo1.C scan-assembler-not .globl[ \\t]+_ZTIP9CTemplateIhE WARNING: g++.old-deja/g++.mike/p10769a.C compilation failed to produce executable WARNING: g++.old-deja/g++.other/enum5.C compilation failed to produce executable WARNING: g++.old-deja/g++.pt/friend44.C compilation failed to produce executable === g++ Summary === # of expected passes 9806 # of unexpected successes 2 # of expected failures 72 # of unsupported tests 43 /scratch/gcc/nightly-2005-02-25-3.4/i686-pc-linux-gnu/build_gcc/build/gcc/testsuite/../g++ version 3.4.4 20050225 (prerelease) === gcc tests === Running target unix FAIL: gcc.c-torture/execute/va-arg-25.c execution, -Os FAIL: gcc.dg/cpp/_Pragma3.c (test for excess errors) === gcc Summary === # of expected passes 25033 # of unexpected failures 2 # of expected failures 69 # of untested testcases 7 # of unsupported tests 201 /scratch/gcc/nightly-2005-02-25-3.4/i686-pc-linux-gnu/build_gcc/build/gcc/xgcc version 3.4.4 20050225 (prerelease) === libstdc++ tests === Running target unix XPASS: 22_locale/locale/cons/12658_thread.cc execution test XPASS: 26_numerics/c99_classification_macros_c.cc (test for excess errors) === libstdc++ Summary === # of expected passes 2735 # of unexpected successes 2 # of expected failures 5 Compiler version: 3.4.4 20050225 (prerelease) Platform: i686-pc-linux-gnu configure flags: --prefix=/home/gcc/scratch/nightly-2005-02-25-3.4/i686-pc-linux-gnu/build_gcc/install --enable-languages=c,c++ --enable-threads
Index Nav: | [Date Index] [Subject Index] [Author Index] [Thread Index] | |
---|---|---|
Message Nav: | [Date Prev] [Date Next] | [Thread Prev] [Thread Next] |