This is the mail archive of the
gcc-testresults@gcc.gnu.org
mailing list for the GCC project.
Results for 4.0.0 20050225 (experimental) gfortran testsuite on sparc-sun-solaris2.9
- From: Francois-Xavier Coudert <coudert at lcp dot u-psud dot fr>
- To: gcc-testresults at gcc dot gnu dot org
- Date: Fri, 25 Feb 2005 09:52:34 +0100
- Subject: Results for 4.0.0 20050225 (experimental) gfortran testsuite on sparc-sun-solaris2.9
LAST_UPDATED:
Native configuration is sparc-sun-solaris2.9
=== gfortran tests ===
Running target unix
XPASS: gfortran.dg/ret_pointer_1.f90 -O0 execution test
XPASS: gfortran.dg/ret_pointer_1.f90 -O1 execution test
XPASS: gfortran.dg/ret_pointer_1.f90 -O2 execution test
XPASS: gfortran.dg/ret_pointer_1.f90 -O3 -fomit-frame-pointer execution test
XPASS: gfortran.dg/ret_pointer_1.f90 -O3 -fomit-frame-pointer -funroll-loops execution test
XPASS: gfortran.dg/ret_pointer_1.f90 -O3 -fomit-frame-pointer -funroll-all-loops -finline-functions execution test
XPASS: gfortran.dg/ret_pointer_1.f90 -O3 -g execution test
FAIL: gfortran.dg/g77/20030326-1.f -O (test for warnings, line 7)
FAIL: gfortran.fortran-torture/execute/forall_3.f90 execution, -O1
=== gfortran Summary for unix ===
# of expected passes5316
# of unexpected failures2
# of unexpected successes7
# of expected failures19
# of unsupported tests8
Running target unix/-m64
XPASS: gfortran.dg/ret_pointer_1.f90 -O0 execution test
XPASS: gfortran.dg/ret_pointer_1.f90 -O1 execution test
XPASS: gfortran.dg/ret_pointer_1.f90 -O2 execution test
XPASS: gfortran.dg/ret_pointer_1.f90 -O3 -fomit-frame-pointer execution test
XPASS: gfortran.dg/ret_pointer_1.f90 -O3 -fomit-frame-pointer -funroll-loops execution test
XPASS: gfortran.dg/ret_pointer_1.f90 -O3 -fomit-frame-pointer -funroll-all-loops -finline-functions execution test
XPASS: gfortran.dg/ret_pointer_1.f90 -O3 -g execution test
XPASS: gfortran.dg/ret_pointer_1.f90 -Os execution test
FAIL: gfortran.fortran-torture/execute/forall_3.f90 execution, -O0
FAIL: gfortran.fortran-torture/execute/forall_3.f90 execution, -O1
=== gfortran Summary for unix/-m64 ===
# of expected passes5316
# of unexpected failures2
# of unexpected successes8
# of expected failures18
# of unsupported tests8
=== gfortran Summary ===
# of expected passes10632
# of unexpected failures4
# of unexpected successes15
# of expected failures37
# of unsupported tests16
/tmp/gfortran-20050225/ibin/gcc/testsuite/../gfortran version 4.0.0 20050225 (experimental)
Compiler version: 4.0.0 20050225 (experimental) gfortran
Platform: sparc-sun-solaris2.9
configure flags: --prefix=/tmp/gfortran-20050225/irun --enable-languages=c,f95,;t t