This is the mail archive of the
gcc-testresults@gcc.gnu.org
mailing list for the GCC project.
Results for 4.0.0 20050218 (experimental) testsuite onx86_64-unknown-linux-gnu
- From: Laurent GUERBY <laurent at guerby dot net>
- To: gcc-testresults at gcc dot gnu dot org
- Date: Fri, 18 Feb 2005 23:58:49 +0100
- Subject: Results for 4.0.0 20050218 (experimental) testsuite onx86_64-unknown-linux-gnu
LAST_UPDATED: Fri Feb 18 20:22:38 UTC 2005
=== acats tests ===
FAIL: c37402a
FAIL: c391002
FAIL: c432002
FAIL: c43214c
FAIL: c85006e
FAIL: cc1221d
FAIL: cdd2a02
FAIL: cxa3004
FAIL: cxa4006
FAIL: cxa4017
FAIL: cxb3006
=== acats Summary ===
# of expected passes 2311
# of unexpected failures 11
Native configuration is x86_64-unknown-linux-gnu
=== gcc tests ===
Running target unix
XPASS: gcc.dg/vect/vect-22.c scan-tree-dump-times vectorized 3 loops 1
=== gcc Summary ===
# of expected passes 32897
# of unexpected successes 1
# of expected failures 104
# of untested testcases 28
# of unsupported tests 418
/home/guerby/work/gcc/build/build-20050218T213408/gcc/xgcc version 4.0.0 20050218 (experimental)
Compiler version: 4.0.0 20050218 (experimental)
Platform: x86_64-unknown-linux-gnu
configure flags: --prefix=/home/guerby/work/gcc/install/install-20050218T213408 --enable-__cxa_atexit --disable-nls --enable-threads=posix --enable-checking --enable-languages=c,ada