This is the mail archive of the
gcc-testresults@gcc.gnu.org
mailing list for the GCC project.
Results for 4.0.0 20050218 (experimental) testsuite on i686-pc-linux-gnu
- From: Joe Buck <Joe dot Buck at synopsys dot com>
- To: gcc-testresults at gcc dot gnu dot org
- Date: Fri, 18 Feb 2005 04:04:20 -0800
- Subject: Results for 4.0.0 20050218 (experimental) testsuite on i686-pc-linux-gnu
This is a Red Hat Enterprise (GNU/)Linux WS release 3 system,
running on a dual 2.2 GHz Intel Xeon system.
kernel: 2.4.21-4.EL (from Red Hat)
glibc: 2.3.2-95.3 (from Red Hat)
binutils: 2.14.90.0.4-26 (from Red Hat)
Only C, C++, ObjC are tested (no Java).
LAST_UPDATED: Fri Feb 18 09:21:56 UTC 2005
Native configuration is i686-pc-linux-gnu
=== g++ tests ===
Running target unix
FAIL: g++.dg/conversion/simd1.C (test for excess errors)
FAIL: g++.dg/ext/attribute-test-1.C (test for excess errors)
WARNING: g++.dg/ext/attribute-test-1.C compilation failed to produce executable
FAIL: g++.dg/ext/attribute-test-2.C (test for excess errors)
WARNING: g++.dg/ext/attribute-test-2.C compilation failed to produce executable
FAIL: g++.dg/ext/attribute-test-3.C (test for excess errors)
WARNING: g++.dg/ext/attribute-test-3.C compilation failed to produce executable
FAIL: g++.dg/ext/attribute-test-4.C (test for excess errors)
WARNING: g++.dg/ext/attribute-test-4.C compilation failed to produce executable
FAIL: g++.dg/lookup/koenig1.C (test for errors, line 12)
FAIL: g++.dg/lookup/koenig1.C (test for excess errors)
FAIL: g++.dg/other/mmintrin.C (test for excess errors)
FAIL: g++.dg/template/error1.C (test for errors, line 12)
FAIL: g++.dg/template/error1.C (test for excess errors)
FAIL: g++.old-deja/g++.other/crash24.C (test for errors, line 10)
FAIL: g++.old-deja/g++.other/vaarg3.C (test for errors, line 12)
FAIL: g++.old-deja/g++.other/vaarg3.C (test for errors, line 21)
FAIL: g++.old-deja/g++.other/vaarg3.C (test for errors, line 23)
FAIL: g++.old-deja/g++.other/vaarg3.C (test for errors, line 24)
FAIL: g++.old-deja/g++.other/vaarg3.C (test for errors, line 25)
FAIL: g++.old-deja/g++.other/vaarg3.C (test for errors, line 26)
FAIL: g++.old-deja/g++.pt/instantiate8.C (test for errors, line 28)
FAIL: g++.old-deja/g++.pt/instantiate8.C (test for errors, line 36)
FAIL: g++.old-deja/g++.pt/partial2.C (test for errors, line 11)
FAIL: g++.old-deja/g++.pt/partial2.C (test for errors, line 17)
FAIL: g++.old-deja/g++.pt/partial2.C (test for errors, line 23)
FAIL: g++.old-deja/g++.robertl/eb4.C (test for errors, line 47)
=== g++ Summary ===
# of expected passes 10693
# of unexpected failures 23
# of expected failures 70
# of unsupported tests 56
/var/tmp/gccbuild/trunk/gcc/testsuite/../g++ version 4.0.0 20050218 (experimental)
=== gcc tests ===
Running target unix
WARNING: program timed out.
FAIL: gcc.c-torture/compile/20001226-1.c (test for excess errors)
FAIL: gcc.c-torture/execute/20050121-1.c execution, -O0
FAIL: gcc.c-torture/execute/20050121-1.c execution, -O1
FAIL: gcc.c-torture/execute/20050121-1.c execution, -O2
FAIL: gcc.c-torture/execute/20050121-1.c execution, -O3 -fomit-frame-pointer
FAIL: gcc.c-torture/execute/20050121-1.c execution, -O3 -g
FAIL: gcc.c-torture/execute/20050121-1.c execution, -Os
FAIL: gcc.c-torture/execute/complex-1.c execution, -O0
FAIL: gcc.c-torture/execute/complex-1.c execution, -O1
FAIL: gcc.c-torture/execute/complex-1.c execution, -O2
FAIL: gcc.c-torture/execute/complex-1.c execution, -O3 -fomit-frame-pointer
FAIL: gcc.c-torture/execute/complex-1.c execution, -O3 -g
FAIL: gcc.c-torture/execute/complex-1.c execution, -Os
FAIL: gcc.dg/20020531-1.c (test for excess errors)
FAIL: gcc.dg/i386-3dnow-1.c (test for excess errors)
FAIL: gcc.dg/i386-3dnow-2.c (test for excess errors)
FAIL: gcc.dg/i386-3dnowA-1.c (test for excess errors)
FAIL: gcc.dg/i386-3dnowA-2.c (test for excess errors)
FAIL: gcc.dg/i386-mmx-1.c (test for excess errors)
FAIL: gcc.dg/i386-mmx-2.c (test for excess errors)
FAIL: gcc.dg/i386-mmx-4.c (test for excess errors)
WARNING: gcc.dg/i386-mmx-4.c compilation failed to produce executable
FAIL: gcc.dg/i386-mmx-5.c (test for excess errors)
FAIL: gcc.dg/i386-mmx-6.c (test for excess errors)
FAIL: gcc.dg/i386-sse-1.c (test for excess errors)
FAIL: gcc.dg/i386-sse-2.c (test for excess errors)
FAIL: gcc.dg/i386-sse-3.c (test for excess errors)
FAIL: gcc.dg/i386-sse-6.c (test for excess errors)
WARNING: gcc.dg/i386-sse-6.c compilation failed to produce executable
FAIL: gcc.dg/i386-sse-7.c (test for excess errors)
WARNING: gcc.dg/i386-sse-7.c compilation failed to produce executable
FAIL: gcc.dg/i386-sse-9.c (test for excess errors)
WARNING: gcc.dg/i386-sse-9.c compilation failed to produce executable
FAIL: gcc.dg/i386-ssetype-1.c (test for excess errors)
ERROR: gcc.dg/i386-ssetype-1.c: error executing dg-final: couldn't open "i386-ssetype-1.s": no such file or directory
UNRESOLVED: gcc.dg/i386-ssetype-1.c: error executing dg-final: couldn't open "i386-ssetype-1.s": no such file or directory
FAIL: gcc.dg/i386-ssetype-2.c (test for excess errors)
ERROR: gcc.dg/i386-ssetype-2.c: error executing dg-final: couldn't open "i386-ssetype-2.s": no such file or directory
UNRESOLVED: gcc.dg/i386-ssetype-2.c: error executing dg-final: couldn't open "i386-ssetype-2.s": no such file or directory
FAIL: gcc.dg/i386-ssetype-3.c (test for excess errors)
ERROR: gcc.dg/i386-ssetype-3.c: error executing dg-final: couldn't open "i386-ssetype-3.s": no such file or directory
UNRESOLVED: gcc.dg/i386-ssetype-3.c: error executing dg-final: couldn't open "i386-ssetype-3.s": no such file or directory
FAIL: gcc.dg/i386-ssetype-4.c (test for excess errors)
ERROR: gcc.dg/i386-ssetype-4.c: error executing dg-final: couldn't open "i386-ssetype-4.s": no such file or directory
UNRESOLVED: gcc.dg/i386-ssetype-4.c: error executing dg-final: couldn't open "i386-ssetype-4.s": no such file or directory
FAIL: gcc.dg/i386-ssetype-5.c (test for excess errors)
ERROR: gcc.dg/i386-ssetype-5.c: error executing dg-final: couldn't open "i386-ssetype-5.s": no such file or directory
UNRESOLVED: gcc.dg/i386-ssetype-5.c: error executing dg-final: couldn't open "i386-ssetype-5.s": no such file or directory
FAIL: gcc.dg/pr19633-1.c (test for excess errors)
WARNING: gcc.dg/pr19633-1.c compilation failed to produce executable
FAIL: gcc.dg/struct-ret-libc.c execution test
XPASS: gcc.dg/vect/vect-22.c scan-tree-dump-times vectorized 3 loops 1
FAIL: gcc.target/i386/pr13366.c (test for excess errors)
FAIL: gcc.target/i386/sse-1.c (test for excess errors)
ERROR: gcc.target/i386/sse-1.c: error executing dg-final: couldn't open "sse-1.s": no such file or directory
UNRESOLVED: gcc.target/i386/sse-1.c: error executing dg-final: couldn't open "sse-1.s": no such file or directory
=== gcc Summary ===
# of expected passes 33133
# of unexpected failures 38
# of unexpected successes 1
# of expected failures 100
# of unresolved testcases 6
# of untested testcases 28
# of unsupported tests 307
/var/tmp/gccbuild/trunk/gcc/xgcc version 4.0.0 20050218 (experimental)
=== objc tests ===
Running target unix
=== objc Summary ===
# of expected passes 1534
# of unsupported tests 10
/var/tmp/gccbuild/trunk/gcc/xgcc version 4.0.0 20050218 (experimental)
=== libmudflap tests ===
Running target unix
=== libmudflap Summary ===
# of expected passes 1288
=== libstdc++-v3 check-abi Summary ===
# of added symbols: 54
# of missing symbols: 0
# of incompatible symbols: 0
using: /u/jbuck/gnu/src/cvs/trunk/gcc/libstdc++-v3/config/abi/i486-linux-gnu/baseline_symbols.txt
=== libstdc++ tests ===
Running target unix
XPASS: 22_locale/locale/cons/12658_thread-1.cc execution test
XPASS: 26_numerics/cmath/c99_classification_macros_c.cc (test for excess errors)
FAIL: 26_numerics/complex/13450.cc execution test
FAIL: tr1/6_containers/unordered/insert/array_syntax.cc execution test
=== libstdc++ Summary ===
# of expected passes 3495
# of unexpected failures 2
# of unexpected successes 2
# of expected failures 5
Compiler version: 4.0.0 20050218 (experimental)
Platform: i686-pc-linux-gnu
configure flags: --prefix=/usr/localdisk/gcc-cvs/trunk --enable-languages=c,c++,objc