This is the mail archive of the
gcc-testresults@gcc.gnu.org
mailing list for the GCC project.
Results for 4.0.0 20050215 (experimental) testsuite on sparc-unknown-linux-gnu
- From: Christian Joensson <chj at j-son dot org>
- To: gcc-testresults at gcc dot gnu dot org
- Date: Wed, 16 Feb 2005 09:23:16 +0100
- Subject: Results for 4.0.0 20050215 (experimental) testsuite on sparc-unknown-linux-gnu
Aurora SPARC Linux release 2.0 (Kashmir FC3) UltraSparc IIi (Sabre) sun4u:
binutils-2.15.92.0.2-5 - sparc
bison-1.875c-2 - sparc
dejagnu-1.4.4-2 - noarch
expect-5.42.1-1 - sparc
gcc-3.4.2-6.fc3 - sparc
gcc4-4.0.0-0.8sparc - sparc
glibc-2.3.3-99 - sparc64
glibc-2.3.3-99 - sparcv9
glibc-headers-2.3.3-99 - sparc64
glibc-kernheaders-2.6-20sparc - sparc
kernel-2.6.10-1.1110sparc18 - sparc64
package kernel-smp is not installed
make-3.80-5 - sparc
nptl-devel-2.3.3-99 - sparcv9
tcl-8.4.7-2 - sparc
LAST_UPDATED: Tue Feb 15 21:18:06 UTC 2005
Native configuration is sparc-unknown-linux-gnu
=== gcc tests ===
Running target unix
FAIL: gcc.c-torture/execute/builtins/strspn.c compilation, -Os
UNRESOLVED: gcc.c-torture/execute/builtins/strspn.c execution, -Os
FAIL: gcc.dg/ftrapv-2.c (test for excess errors)
WARNING: gcc.dg/ftrapv-2.c compilation failed to produce executable
=== gcc Summary ===
# of expected passes 32668
# of unexpected failures 2
# of expected failures 100
# of unresolved testcases 1
# of untested testcases 28
# of unsupported tests 484
/usr/local/src/trunk/objdir32/gcc/xgcc version 4.0.0 20050215 (experimental)
=== g++ tests ===
Running target unix
ERROR: g++.dg/abi/rtti1.C: error executing dg-final: couldn't execute "c++filt": no such file or directory
UNRESOLVED: g++.dg/abi/rtti1.C: error executing dg-final: couldn't execute "c++filt": no such file or directory
XPASS: g++.old-deja/g++.other/init5.C execution test
=== g++ Summary ===
# of expected passes 10650
# of unexpected successes 1
# of expected failures 69
# of unresolved testcases 1
# of unsupported tests 89
/usr/local/src/trunk/objdir32/gcc/testsuite/../g++ version 4.0.0 20050215 (experimental)
=== libmudflap tests ===
Running target unix
FAIL: libmudflap.c/pass54-frag.c execution test
FAIL: libmudflap.c/pass54-frag.c (-static) execution test
=== libmudflap Summary ===
# of expected passes 1286
# of unexpected failures 2
=== libstdc++-v3 check-abi Summary ===
# of added symbols: 63
# of missing symbols: 0
# of incompatible symbols: 0
using: /usr/local/src/trunk/gcc/libstdc++-v3/config/abi/sparc-linux-gnu/baseline_symbols.txt
=== libstdc++ tests ===
Running target unix
XPASS: 22_locale/locale/cons/12658_thread-1.cc execution test
XPASS: 26_numerics/cmath/c99_classification_macros_c.cc (test for excess errors)
FAIL: ext/array_allocator/2.cc execution test
=== libstdc++ Summary ===
# of expected passes 3479
# of unexpected failures 1
# of unexpected successes 2
# of expected failures 5
Compiler version: 4.0.0 20050215 (experimental)
Platform: sparc-unknown-linux-gnu
configure flags: sparc-linux --enable-__cxa_atexit --enable-shared --enable-languages=c,c++
Counting all warnings,
there are 88 warnings in stage0 of this bootstrap.
Number of warnings per file:
28 libmudflap/mf-hooks1.c
25 libiberty/concat.c
15 libiberty/regex.c
6 libmudflap/mf-runtime.c
6 libmudflap/mf-hooks3.c
5 include/xregex2.h
2 libiberty/pex-unix.c
1 libmath/stubs.c
Number of warning types:
25 traditional C rejects ISO C style function definitions
15 signed and unsigned type in conditional expression
3 ISO C90 does not support \`static' or type qualifiers in parameter array declarators
2 '__wrap_realloc' aliased to undefined symbol 'realloc'
2 '__wrap_munmap' aliased to undefined symbol 'munmap'
2 '__wrap_mmap' aliased to undefined symbol 'mmap'
2 '__wrap_malloc' aliased to undefined symbol 'malloc'
2 '__wrap_free' aliased to undefined symbol 'free'
2 '__wrap_calloc' aliased to undefined symbol 'calloc'
2 '__wrap_alloca' aliased to undefined symbol 'alloca'
2 variable 'out' might be clobbered by 'longjmp' or 'vfork'
2 '__real_realloc' aliased to undefined symbol 'realloc'
2 '__real_munmap' aliased to undefined symbol 'munmap'
2 '__real_mmap' aliased to undefined symbol 'mmap'
2 '__real_malloc' aliased to undefined symbol 'malloc'
2 '__real_free' aliased to undefined symbol 'free'
2 '__real_calloc' aliased to undefined symbol 'calloc'
2 '__real_alloca' aliased to undefined symbol 'alloca'
2 ISO C90 does not support 'static' or type qualifiers in parameter array declarators
2 format '%06lu' expects type 'long unsigned int', but argument 6 has type '__suseconds_t'
2 format '%06lu' expects type 'long unsigned int', but argument 4 has type '__suseconds_t'
2 format '%06lu' expects type 'long unsigned int', but argument 15 has type '__suseconds_t'
1 '__wrap_pthread_join' aliased to undefined symbol 'pthread_join'
1 '__wrap_pthread_exit' aliased to undefined symbol 'pthread_exit'
1 '__wrap_pthread_create' aliased to undefined symbol 'pthread_create'
1 '__real_pthread_join' aliased to undefined symbol 'pthread_join'
1 '__real_pthread_exit' aliased to undefined symbol 'pthread_exit'
1 '__real_pthread_create' aliased to undefined symbol 'pthread_create'
1 incompatible implicit declaration of built-in function 'fabsl'
Counting all warnings,
there are 6 warnings in stage3 of this bootstrap.
Number of warnings per file:
3 gengtype-lex.c
3 gcc/gcc.c
Number of warning types:
3 old-style function definition
1 string length '844' is greater than the length '509' ISO C89 compilers are required to support
1 string length '709' is greater than the length '509' ISO C89 compilers are required to support
1 string length '608' is greater than the length '509' ISO C89 compilers are required to support