This is the mail archive of the
gcc-testresults@gcc.gnu.org
mailing list for the GCC project.
Results for 4.0.0 20050213 (experimental) testsuite on ia64-suse-linux-gnu
- From: Andreas Schwab <schwab at suse dot de>
- To: gcc-testresults at gcc dot gnu dot org
- Date: Sun, 13 Feb 2005 13:33:32 +0100
- Subject: Results for 4.0.0 20050213 (experimental) testsuite on ia64-suse-linux-gnu
LAST_UPDATED: Sun Feb 13 09:12:51 UTC 2005
=== acats tests ===
FAIL: c37213h
FAIL: c37215h
FAIL: c37305a
FAIL: c391002
FAIL: c392004
FAIL: c432002
FAIL: c9a009a
FAIL: c9a009c
FAIL: c9a009h
FAIL: c9a010a
FAIL: cc3016b
FAIL: cxa3004
FAIL: cxb3006
FAIL: cxf3a01
FAIL: cxf3a02
=== acats Summary ===
# of expected passes 2307
# of unexpected failures 15
Native configuration is ia64-suse-linux-gnu
=== g++ tests ===
Running target unix
FAIL: g++.dg/opt/longbranch1.C (test for excess errors)
XPASS: g++.old-deja/g++.other/init5.C execution test
=== g++ Summary ===
# of expected passes 10244
# of unexpected failures 1
# of unexpected successes 1
# of expected failures 69
# of unsupported tests 90
/tmp/cvs/gcc-20050213/Build/gcc/testsuite/../g++ version 4.0.0 20050213 (experimental)
=== gcc tests ===
Running target unix
XPASS: gcc.dg/tree-ssa/loop-1.c scan-assembler-times foo 5
XPASS: gcc.dg/vect/vect-22.c scan-tree-dump-times vectorized 3 loops 1
XPASS: gcc.dg/vect/vect-44.c scan-tree-dump-times Alignment of access forced using peeling 1
XPASS: gcc.dg/vect/vect-50.c scan-tree-dump-times Alignment of access forced using peeling 1
XPASS: gcc.dg/vect/vect-54.c scan-tree-dump-times Alignment of access forced using peeling 1
XPASS: gcc.dg/vect/vect-58.c scan-tree-dump-times Alignment of access forced using peeling 1
=== gcc Summary ===
# of expected passes 32048
# of unexpected successes 6
# of expected failures 120
# of untested testcases 28
# of unsupported tests 452
/tmp/cvs/gcc-20050213/Build/gcc/xgcc version 4.0.0 20050213 (experimental)
=== gfortran tests ===
Running target unix
XPASS: gfortran.dg/ret_pointer_1.f90 execution test
XPASS: gfortran.dg/ret_pointer_1.f90 execution test
XPASS: gfortran.dg/ret_pointer_1.f90 execution test
XPASS: gfortran.dg/ret_pointer_1.f90 execution test
XPASS: gfortran.dg/ret_pointer_1.f90 execution test
XPASS: gfortran.dg/ret_pointer_1.f90 execution test
XPASS: gfortran.dg/ret_pointer_1.f90 execution test
XPASS: gfortran.dg/ret_pointer_1.f90 execution test
FAIL: gfortran.fortran-torture/execute/forall_3.f90 execution, -O0
FAIL: gfortran.fortran-torture/execute/forall_3.f90 execution, -O1
FAIL: gfortran.fortran-torture/execute/forall_3.f90 execution, -O2
FAIL: gfortran.fortran-torture/execute/forall_3.f90 execution, -O3 -fomit-frame-pointer
FAIL: gfortran.fortran-torture/execute/forall_3.f90 execution, -O3 -fomit-frame-pointer -funroll-loops
FAIL: gfortran.fortran-torture/execute/forall_3.f90 execution, -O3 -fomit-frame-pointer -funroll-all-loops -finline-functions
FAIL: gfortran.fortran-torture/execute/forall_3.f90 execution, -O3 -g
FAIL: gfortran.fortran-torture/execute/forall_3.f90 execution, -Os
=== gfortran Summary ===
# of expected passes 5213
# of unexpected failures 8
# of unexpected successes 8
# of expected failures 18
# of unsupported tests 8
/tmp/cvs/gcc-20050213/Build/gcc/testsuite/../gfortran version 4.0.0 20050213 (experimental)
=== objc tests ===
Running target unix
=== objc Summary ===
# of expected passes 1532
# of unsupported tests 11
/tmp/cvs/gcc-20050213/Build/gcc/xgcc version 4.0.0 20050213 (experimental)
=== libffi tests ===
Running target unix
=== libffi Summary ===
# of expected passes 216
# of unsupported tests 2
=== libjava tests ===
Running target unix
=== libjava Summary ===
# of expected passes 3726
# of expected failures 14
# of untested testcases 16
=== libmudflap tests ===
Running target unix
=== libmudflap Summary ===
# of expected passes 1280
=== libstdc++-v3 check-abi Summary ===
# of added symbols: 54
# of missing symbols: 0
# of incompatible symbols: 0
using: /tmp/cvs/gcc-20050213/libstdc++-v3/config/abi/ia64-linux-gnu/baseline_symbols.txt
=== libstdc++ tests ===
Running target unix
XPASS: 22_locale/locale/cons/12658_thread-1.cc execution test
FAIL: 23_containers/vector/capacity/8230.cc execution test
XPASS: 26_numerics/cmath/c99_classification_macros_c.cc (test for excess errors)
XPASS: 27_io/fpos/14320-1.cc execution test
FAIL: demangle/abi_examples/01.cc execution test
FAIL: demangle/abi_examples/02.cc execution test
=== libstdc++ Summary ===
# of expected passes 3475
# of unexpected failures 3
# of unexpected successes 3
# of expected failures 4
Compiler version: 4.0.0 20050213 (experimental)
Platform: ia64-suse-linux-gnu
configure flags: --host=ia64-suse-linux --enable-shared --enable-threads --enable-__cxa_atexit --with-system-zlib --with-system-libunwind --enable-languages=c,ada,c++,f95,java,objc