This is the mail archive of the gcc-testresults@gcc.gnu.org mailing list for the GCC project.


Index Nav: [Date Index] [Subject Index] [Author Index] [Thread Index]
Message Nav: [Date Prev] [Date Next] [Thread Prev] [Thread Next]
Other format: [Raw text]

Results for 4.0.0 20050211 (experimental) testsuite on sparc-unknown-linux-gnu


Aurora SPARC Linux release 2.0 (Kashmir FC3) UltraSparc IIi (Sabre) sun4u:

binutils-2.15.92.0.2-5 - sparc
bison-1.875c-2 - sparc
dejagnu-1.4.4-2 - noarch
expect-5.42.1-1 - sparc
gcc-3.4.2-6.fc3 - sparc
gcc4-4.0.0-0.8sparc - sparc
glibc-2.3.3-99 - sparcv9
glibc-2.3.3-99 - sparc64
glibc-headers-2.3.3-99 - sparc64
glibc-kernheaders-2.6-20sparc - sparc
kernel-2.6.10-1.1063sp2 - sparc64
package kernel-smp is not installed
make-3.80-5 - sparc
nptl-devel-2.3.3-99 - sparcv9
tcl-8.4.7-2 - sparc

LAST_UPDATED: Fri Feb 11 13:36:22 UTC 2005

Native configuration is sparc-unknown-linux-gnu

		=== gcc tests ===


Running target unix
FAIL: gcc.dg/20030323-1.c (test for excess errors)
WARNING: gcc.dg/20030323-1.c compilation failed to produce executable

		=== gcc Summary ===

# of expected passes		32517
# of unexpected failures	1
# of expected failures		88
# of untested testcases		28
# of unsupported tests		484
/usr/local/src/trunk/objdir32/gcc/xgcc  version 4.0.0 20050211 (experimental)

		=== g++ tests ===


Running target unix
FAIL: g++.dg/pch/empty.C -g (test for excess errors)
FAIL: g++.dg/pch/empty.C -O2 -g (test for excess errors)
FAIL: g++.dg/pch/empty.C -O2 (test for excess errors)
FAIL: g++.dg/pch/externc-1.C -g (test for excess errors)
FAIL: g++.dg/pch/externc-1.C -O2 -g (test for excess errors)
FAIL: g++.dg/pch/externc-1.C -O2 (test for excess errors)
FAIL: g++.dg/pch/pch.C -g (test for excess errors)
FAIL: g++.dg/pch/pch.C -O2 -g (test for excess errors)
FAIL: g++.dg/pch/pch.C -O2 (test for excess errors)
FAIL: g++.dg/pch/static-1.C -g (test for excess errors)
FAIL: g++.dg/pch/static-1.C -O2 -g (test for excess errors)
FAIL: g++.dg/pch/static-1.C -O2 (test for excess errors)
FAIL: g++.dg/pch/system-1.C -g (test for excess errors)
FAIL: g++.dg/pch/system-1.C -O2 -g (test for excess errors)
FAIL: g++.dg/pch/system-1.C -O2 (test for excess errors)
FAIL: g++.dg/pch/system-2.C -g (test for excess errors)
FAIL: g++.dg/pch/system-2.C -O2 -g (test for excess errors)
FAIL: g++.dg/pch/system-2.C -O2 (test for excess errors)
FAIL: g++.dg/pch/uninst.C -g (test for excess errors)
FAIL: g++.dg/pch/uninst.C -O2 -g (test for excess errors)
FAIL: g++.dg/pch/uninst.C -O2 (test for excess errors)
FAIL: g++.dg/pch/wchar-1.C -g (test for excess errors)
FAIL: g++.dg/pch/wchar-1.C -O2 -g (test for excess errors)
FAIL: g++.dg/pch/wchar-1.C -O2 (test for excess errors)
XPASS: g++.old-deja/g++.other/init5.C execution test

		=== g++ Summary ===

# of expected passes		10559
# of unexpected failures	24
# of unexpected successes	1
# of expected failures		69
# of untested testcases		24
# of unsupported tests		89
/usr/local/src/trunk/objdir32/gcc/testsuite/../g++  version 4.0.0 20050211 (experimental)

		=== libmudflap tests ===


Running target unix
FAIL: libmudflap.c/pass54-frag.c execution test
FAIL: libmudflap.c/pass54-frag.c (-static) execution test

		=== libmudflap Summary ===

# of expected passes		1278
# of unexpected failures	2

		=== libstdc++-v3 check-abi Summary ===

# of added symbols:		 63
# of missing symbols:		 0
# of incompatible symbols:	 0

using: /usr/local/src/trunk/gcc/libstdc++-v3/config/abi/sparc-linux-gnu/baseline_symbols.txt

		=== libstdc++ tests ===


Running target unix
XPASS: 22_locale/locale/cons/12658_thread-1.cc execution test
FAIL: ext/array_allocator/2.cc execution test

		=== libstdc++ Summary ===

# of expected passes		3477
# of unexpected failures	1
# of unexpected successes	1
# of expected failures		6

Compiler version: 4.0.0 20050211 (experimental) 
Platform: sparc-unknown-linux-gnu
configure flags: --enable-__cxa_atexit --enable-shared --enable-languages=c,c++
Counting all warnings,
there are 91 warnings in stage0 of this bootstrap.

Number of warnings per file:
     28 libmudflap/mf-hooks1.c
     25 libiberty/concat.c
     15 libiberty/regex.c
      6 libmudflap/mf-runtime.c
      6 libmudflap/mf-hooks3.c
      5 include/xregex2.h
      2 libiberty/pex-unix.c
      2 libcpp/macro.c
      1 libmath/stubs.c
      1 libcpp/pch.c

Number of warning types:
     25 traditional C rejects ISO C style function definitions
     15 signed and unsigned type in conditional expression
      3 ISO C90 does not support \`static' or type qualifiers in parameter array declarators
      2 '__wrap_realloc' aliased to undefined symbol 'realloc'
      2 '__wrap_munmap' aliased to undefined symbol 'munmap'
      2 '__wrap_mmap' aliased to undefined symbol 'mmap'
      2 '__wrap_malloc' aliased to undefined symbol 'malloc'
      2 '__wrap_free' aliased to undefined symbol 'free'
      2 '__wrap_calloc' aliased to undefined symbol 'calloc'
      2 '__wrap_alloca' aliased to undefined symbol 'alloca'
      2 variable 'out' might be clobbered by 'longjmp' or 'vfork'
      2 '__real_realloc' aliased to undefined symbol 'realloc'
      2 '__real_munmap' aliased to undefined symbol 'munmap'
      2 '__real_mmap' aliased to undefined symbol 'mmap'
      2 '__real_malloc' aliased to undefined symbol 'malloc'
      2 '__real_free' aliased to undefined symbol 'free'
      2 '__real_calloc' aliased to undefined symbol 'calloc'
      2 '__real_alloca' aliased to undefined symbol 'alloca'
      2 ISO C90 does not support 'static' or type qualifiers in parameter array declarators
      2 format '%06lu' expects type 'long unsigned int', but argument 6 has type '__suseconds_t'
      2 format '%06lu' expects type 'long unsigned int', but argument 4 has type '__suseconds_t'
      2 format '%06lu' expects type 'long unsigned int', but argument 15 has type '__suseconds_t'
      1 '__wrap_pthread_join' aliased to undefined symbol 'pthread_join'
      1 '__wrap_pthread_exit' aliased to undefined symbol 'pthread_exit'
      1 '__wrap_pthread_create' aliased to undefined symbol 'pthread_create'
      1 '__real_pthread_join' aliased to undefined symbol 'pthread_join'
      1 '__real_pthread_exit' aliased to undefined symbol 'pthread_exit'
      1 '__real_pthread_create' aliased to undefined symbol 'pthread_create'
      1 pointer targets in passing arg ??? of \`???' differ in signedness
      1 incompatible implicit declaration of built-in function 'fabsl'
      1 assignment from incompatible pointer type
      1 assignment discards qualifiers from pointer target type
Counting all warnings,
there are 6 warnings in stage3 of this bootstrap.

Number of warnings per file:
      3 gengtype-lex.c
      3 gcc/gcc.c

Number of warning types:
      3 old-style function definition
      1 string length '844' is greater than the length '509' ISO C89 compilers are required to support
      1 string length '709' is greater than the length '509' ISO C89 compilers are required to support
      1 string length '608' is greater than the length '509' ISO C89 compilers are required to support


Index Nav: [Date Index] [Subject Index] [Author Index] [Thread Index]
Message Nav: [Date Prev] [Date Next] [Thread Prev] [Thread Next]